
CREATE TABLE `zw_m_video_channel_setting` (
  `id` varchar(64) NOT NULL COMMENT '音视频通道设置主键id',
  `vehicle_id` varchar(64) DEFAULT NULL COMMENT '车辆id',
  `physics_channel` int(6) DEFAULT NULL COMMENT '物理逻辑通道号',
  `logic_channel` int(6) DEFAULT NULL COMMENT '逻辑通道号',
  `channel_type` int(6) DEFAULT NULL COMMENT '通道类型: 0:音视频;1:音频;2:视频',
  `connection_flag` int(6) DEFAULT NULL COMMENT '是否连接云台；通道类型为0和2时，此字段有效；0:未连接;1:连接',
  `sort` int(6) DEFAULT NULL COMMENT '排序',
  `stream_type` smallint(6) DEFAULT NULL COMMENT '码流类型 0：主码流 1：子码流',
  `flag` smallint(6) DEFAULT '1',
  `create_data_time` datetime DEFAULT NULL,
  `create_data_username` varchar(45) DEFAULT NULL,
  `update_data_time` datetime DEFAULT NULL,
  `update_data_username` varchar(45) DEFAULT NULL,
  PRIMARY KEY (`id`)
) ENGINE=InnoDB DEFAULT CHARSET=utf8;

/*Data for the table `zw_m_video_channel_setting` */

/*Table structure for table `zw_m_video_flow` */


CREATE TABLE `zw_m_video_flow` (
  `id` varchar(64) NOT NULL COMMENT '流量统计表主键id',
  `vehicle_id` varchar(64) DEFAULT NULL COMMENT '车辆id',
  `channel` int(6) DEFAULT NULL COMMENT '通道号',
  `flow_value` double DEFAULT NULL COMMENT '流量值',
  `start_time` datetime DEFAULT NULL COMMENT '开始时间',
  `end_time` datetime DEFAULT NULL COMMENT '结束时间',
  `stop_flag` smallint(6) DEFAULT NULL COMMENT '视频停止 0:不是停止的 1：点击停止后',
  `flag` smallint(6) DEFAULT '1',
  `create_data_time` datetime DEFAULT NULL,
  `create_data_username` varchar(45) DEFAULT NULL,
  `update_data_time` datetime DEFAULT NULL,
  `update_data_username` varchar(45) DEFAULT NULL,
  PRIMARY KEY (`id`)
) ENGINE=InnoDB DEFAULT CHARSET=utf8;

/*Data for the table `zw_m_video_flow` */

/*Table structure for table `zw_m_video_ftp` */


CREATE TABLE `zw_m_video_ftp` (
  `id` varchar(64) NOT NULL COMMENT 'ftp记录表主键id',
  `vehicle_id` varchar(64) DEFAULT NULL COMMENT '车id',
  `name` varchar(45) DEFAULT NULL COMMENT '文件名称',
  `url` varchar(500) DEFAULT NULL COMMENT '文件路径',
  `start_time` datetime DEFAULT NULL COMMENT '开始时间',
  `end_time` datetime DEFAULT NULL COMMENT '结束时间',
  `alarm_type` bigint(20) DEFAULT NULL COMMENT '报警类型',
  `channel_number` int(11) DEFAULT NULL COMMENT '通道号',
  `type` smallint(6) DEFAULT NULL COMMENT '存储类型  0：文件上传；1：视频服务器存储',
  `flag` smallint(6) DEFAULT '1',
  `create_data_time` datetime DEFAULT NULL,
  `create_data_username` varchar(45) DEFAULT NULL,
  `update_data_time` datetime DEFAULT NULL,
  `update_data_username` varchar(45) DEFAULT NULL,
  PRIMARY KEY (`id`)
) ENGINE=InnoDB DEFAULT CHARSET=utf8;

/*Data for the table `zw_m_video_ftp` */

/*Table structure for table `zw_m_video_setting` */


CREATE TABLE `zw_m_video_setting` (
  `id` varchar(64) NOT NULL COMMENT '音视频参数设置主键id',
  `vehicle_id` varchar(64) DEFAULT NULL COMMENT '车辆id',
  `all_channel` int(6) DEFAULT NULL COMMENT '是否设置了全部通道号  0：否  1：是',
  `logic_channel` int(6) DEFAULT NULL COMMENT '逻辑通道号。0：全部',
  `real_code_schema` int(6) DEFAULT NULL COMMENT '实时码流格式: 0:OCR(固定码率);1:VBR(可变码率);2:ABR(平均码率)',
  `real_resolution_ratio` int(6) DEFAULT NULL COMMENT '实时流分辨率:0:QCIF;1:CIF;2:WCIF;3:D1;4:WD1;5:720P;6:1080P',
  `real_keyframe_every` int(6) DEFAULT NULL COMMENT '实时流关键帧间隔（范围:1~1000帧）',
  `real_frame_rate` int(6) DEFAULT NULL COMMENT '实时流目标帧率(范围1~120(帧/s))',
  `real_code_rate` bigint(11) DEFAULT NULL COMMENT '实时流目标码率；单位为千位每秒(kbps)',
  `save_code_schema` int(6) DEFAULT NULL COMMENT '存储流编码模式:0:OCR(固定码率);1:VBR(可变码率);2:ABR(平均码率)',
  `save_resolution_ratio` int(6) DEFAULT NULL COMMENT '存储流分辨率:0:QCIF;1:CIF;2:WCIF;3:D1;4:WD1;5:720P;6:1080P',
  `save_keyframe_every` int(6) DEFAULT NULL COMMENT '存储流关键帧间隔（范围:1~1000帧）',
  `save_frame_rate` int(6) DEFAULT NULL COMMENT '存储流目标帧率(范围1~120(帧/s))',
  `save_code_rate` bigint(11) DEFAULT NULL COMMENT '存储流目标码率；单位为千位每秒(kbps)',
  `osd` int(6) DEFAULT NULL COMMENT 'OSD字幕叠加设置(按位设置:0表示不叠加 1表示叠加):Bit0:日期和时间;Bit1:车牌号码;Bit2:逻辑通道号;Bit3:经纬度;Bit4:行驶记录速度;Bit5:卫星定位速度;Bit6:连续驾驶时间;',
  `audio_settings` int(6) DEFAULT NULL COMMENT '当逻辑通道号为全部（0）时有效。是否启用音视频输出(0:不启用 1:启用)',
  `flag` smallint(6) DEFAULT '1' COMMENT '逻辑删除标识 0：已删除  1：未删除',
  `create_data_time` datetime DEFAULT NULL,
  `create_data_username` varchar(45) DEFAULT NULL,
  `update_data_time` datetime DEFAULT NULL,
  `update_data_username` varchar(45) DEFAULT NULL,
  PRIMARY KEY (`id`)
) ENGINE=InnoDB DEFAULT CHARSET=utf8;

/*Data for the table `zw_m_video_setting` */

/*Table structure for table `zw_m_video_sleep_setting` */


CREATE TABLE `zw_m_video_sleep_setting` (
  `id` varchar(64) NOT NULL COMMENT '音视频休眠参数设置主键id',
  `vehicle_id` varchar(64) DEFAULT NULL COMMENT '车辆id',
  `wakeup_hand_sign` int(6) DEFAULT NULL COMMENT '手动唤醒  0 禁用  1启用',
  `wakeup_condition_sign` int(6) DEFAULT NULL COMMENT '条件唤醒模式  0 禁用  1启用',
  `wakeup_condition` int(6) DEFAULT NULL COMMENT '唤醒条件类型;休眠唤醒模式中bit0为1时此字段有效，否则置0；按位设置: 0表示不设置  1表示设置:Bit0:紧急报警;Bit1:碰撞侧翻报警;Bit2:车辆开门',
  `wakeup_time_sign` int(6) DEFAULT NULL COMMENT '定时唤醒   0 禁用  1启用',
  `wakeup_time` int(6) DEFAULT NULL COMMENT '定时唤醒日设置;按位设置: 0表示不设置  1表示设置: Bit0:周一;Bit1:周二;Bit2:周三;Bit3:周四;Bit4:周五;Bit5:周六;Bit6:周日',
  `wakeup_time_flag` int(6) DEFAULT NULL COMMENT '定时唤醒启用标志;按位设置: 0表示不设置  1表示设置: Bit0:时间段1唤醒时间启用;Bit1:时间段2唤醒时间启用;Bit2:时间段3唤醒时间启用;Bit3:时间段4唤醒时间启用',
  `wakeup_time1` varchar(45) DEFAULT NULL COMMENT '时间段1唤醒时间HHMM，取值时间00:00-23:59',
  `wakeup_close1` varchar(45) DEFAULT NULL COMMENT '时间段1关闭时间HHMM，取值时间00:00-23:59',
  `wakeup_time2` varchar(45) DEFAULT NULL COMMENT '时间段2唤醒时间HHMM，取值时间00:00-23:59',
  `wakeup_close2` varchar(45) DEFAULT NULL COMMENT '时间段2关闭时间HHMM，取值时间00:00-23:59',
  `wakeup_time3` varchar(45) DEFAULT NULL COMMENT '时间段3唤醒时间HHMM，取值时间00:00-23:59',
  `wakeup_close3` varchar(45) DEFAULT NULL COMMENT '时间段3关闭时间HHMM，取值时间00:00-23:59',
  `wakeup_time4` varchar(45) DEFAULT NULL COMMENT '时间段4唤醒时间HHMM，取值时间00:00-23:59',
  `wakeup_close4` varchar(45) DEFAULT NULL COMMENT '时间段4关闭时间HHMM，取值时间00:00-23:59',
  `flag` smallint(6) DEFAULT '1',
  `create_data_time` datetime DEFAULT NULL,
  `create_data_username` varchar(45) DEFAULT NULL,
  `update_data_time` datetime DEFAULT NULL,
  `update_data_username` varchar(45) DEFAULT NULL,
  PRIMARY KEY (`id`)
) ENGINE=InnoDB DEFAULT CHARSET=utf8;

/*Data for the table `zw_m_video_sleep_setting` */

/*Table structure for table `zw_m_video_special_setting` */


CREATE TABLE `zw_m_video_special_setting` (
  `id` varchar(64) NOT NULL COMMENT '音视频特殊参数设置',
  `video_play_time` int(11) DEFAULT NULL COMMENT '视频播放缺省时间（s）',
  `video_request_time` int(11) DEFAULT NULL COMMENT '视频空闲断开时间（s）',
  `ftp_storage` int(11) DEFAULT NULL COMMENT 'ftp存储容量（GB）',
  `type` smallint(6) DEFAULT NULL COMMENT '存储控件满时处理方式：0 空间满自动覆盖，1 空间满停止录制',
  `flag` smallint(6) DEFAULT '1',
  `create_data_time` datetime DEFAULT NULL,
  `create_data_username` varchar(45) DEFAULT NULL,
  `update_data_time` datetime DEFAULT NULL,
  `update_data_username` varchar(45) DEFAULT NULL,
  PRIMARY KEY (`id`)
) ENGINE=InnoDB DEFAULT CHARSET=utf8;

/*Data for the table `zw_m_video_special_setting` */

/*Table structure for table `zw_m_wireless_update` */


CREATE TABLE `zw_m_wireless_update` (
  `id` varchar(64) NOT NULL COMMENT '无线升级表',
  `w_access_control` int(11) DEFAULT NULL COMMENT '连接控制',
  `w_dail_name` varchar(20) DEFAULT NULL COMMENT '拨号点名称',
  `w_dail_user_name` varchar(20) DEFAULT NULL COMMENT '拨号用户名',
  `w_dail_pwd` varchar(64) DEFAULT NULL COMMENT '拨号密码',
  `w_address` varchar(50) DEFAULT NULL COMMENT '地址',
  `w_tcp_port` int(11) DEFAULT NULL COMMENT 'TCP端口',
  `w_udp_port` int(11) DEFAULT NULL COMMENT 'UDP端口',
  `manufactor_id` varchar(64) DEFAULT NULL COMMENT '制造商ID',
  `hardware_version` varchar(100) DEFAULT NULL COMMENT '硬件版本',
  `firmware_version` varchar(100) DEFAULT NULL COMMENT '固件版本',
  `url` varchar(50) DEFAULT NULL COMMENT 'URL地址',
  `w_time_limit` int(11) DEFAULT NULL COMMENT '连接到指定服务器时限',
  `flag` smallint(6) NOT NULL DEFAULT '1',
  `create_data_time` datetime DEFAULT NULL,
  `create_data_username` varchar(64) DEFAULT NULL,
  `update_data_time` datetime DEFAULT NULL,
  `update_data_username` varchar(64) DEFAULT NULL,
  PRIMARY KEY (`id`)
) ENGINE=InnoDB DEFAULT CHARSET=utf8;

/*Data for the table `zw_m_wireless_update` */

/*Table structure for table `zw_o_euipment` */


CREATE TABLE `zw_o_euipment` (
  `id` varchar(64) NOT NULL COMMENT '油耗设备录入',
  `vehicle_id` varchar(64) DEFAULT NULL COMMENT '车辆ID',
  `time_benchmark` varchar(255) DEFAULT NULL COMMENT '时间基准油耗',
  `idle_benchmark` varchar(255) DEFAULT NULL COMMENT '怠速基准油耗',
  `work_hours_benchmark` varchar(255) DEFAULT NULL COMMENT '工时基准油耗',
  `flag` smallint(6) NOT NULL DEFAULT '1',
  `create_data_time` datetime DEFAULT NULL,
  `create_data_username` varchar(64) DEFAULT NULL,
  `update_data_time` datetime DEFAULT NULL,
  `update_data_username` varchar(64) DEFAULT NULL,
  `mileage_benchmark` varchar(255) DEFAULT NULL,
  PRIMARY KEY (`id`)
) ENGINE=InnoDB DEFAULT CHARSET=utf8;

/*Data for the table `zw_o_euipment` */

/*Table structure for table `zw_o_oil_wear` */


CREATE TABLE `zw_o_oil_wear` (
  `id` varchar(64) NOT NULL COMMENT '油耗传感器',
  `oil_wear_number` varchar(255) DEFAULT NULL COMMENT '传感器编号',
  `device_number` int(255) DEFAULT NULL COMMENT '外设ID',
  `parameter_length` varchar(255) DEFAULT NULL COMMENT '参数长度',
  `baud_rate` varchar(255) DEFAULT NULL COMMENT '波特率',
  `parity` varchar(255) DEFAULT NULL COMMENT '奇偶校验',
  `inertia_comp_en` smallint(6) DEFAULT NULL COMMENT '补偿使能',
  `filter_factor` smallint(6) DEFAULT NULL COMMENT '滤波系数',
  `ranges` int(255) DEFAULT NULL COMMENT '量程',
  `fuel_select` smallint(6) DEFAULT NULL COMMENT '燃料选择',
  `metering_schemes` smallint(6) DEFAULT NULL COMMENT '测量方案',
  `remark` varchar(40) DEFAULT NULL COMMENT '备注',
  `flag` smallint(6) NOT NULL DEFAULT '1',
  `create_data_time` datetime DEFAULT NULL,
  `create_data_username` varchar(64) DEFAULT NULL,
  `update_data_time` datetime DEFAULT NULL,
  `update_data_username` varchar(64) DEFAULT NULL,
  PRIMARY KEY (`id`)
) ENGINE=InnoDB DEFAULT CHARSET=utf8;

/*Data for the table `zw_o_oil_wear` */

/*Table structure for table `zw_o_oil_wear_vehicle` */


CREATE TABLE `zw_o_oil_wear_vehicle` (
  `id` varchar(64) NOT NULL COMMENT '油耗传感器与车辆关联',
  `oil_wear_id` varchar(64) DEFAULT NULL COMMENT '油耗传感器ID',
  `vehicle_id` varchar(64) DEFAULT NULL COMMENT '车辆ID',
  `output_correction_b` varchar(255) DEFAULT NULL COMMENT '输出修正系数B',
  `auto_upload_time` varchar(64) DEFAULT NULL COMMENT '自动上传时间',
  `output_correction_k` varchar(255) DEFAULT NULL COMMENT '输出修正系数K',
  `flag` smallint(6) NOT NULL DEFAULT '1',
  `create_data_time` datetime DEFAULT NULL,
  `create_data_username` varchar(64) DEFAULT NULL,
  `update_data_time` datetime DEFAULT NULL,
  `update_data_username` varchar(64) DEFAULT NULL,
  PRIMARY KEY (`id`),
  KEY `zw_o_oil_wear_vehicle_index` (`vehicle_id`)
) ENGINE=InnoDB DEFAULT CHARSET=utf8;

/*Data for the table `zw_o_oil_wear_vehicle` */

/*Table structure for table `zw_w_shock_sensor` */


CREATE TABLE `zw_w_shock_sensor` (
  `id` varchar(64) NOT NULL COMMENT '震动传感器',
  `sensor_type` varchar(255) DEFAULT NULL COMMENT '传感器型号',
  `manufacturers` varchar(255) DEFAULT NULL COMMENT '厂家',
  `parity` varchar(255) DEFAULT NULL COMMENT '奇偶效验',
  `filter_factor` smallint(6) DEFAULT NULL COMMENT '滤波系数',
  `baud_rate` varchar(255) DEFAULT NULL COMMENT '波特率',
  `inertia_comp_en` smallint(6) DEFAULT NULL COMMENT '补偿使能',
  `remark` varchar(40) DEFAULT NULL COMMENT '备注',
  `flag` smallint(6) NOT NULL DEFAULT '1',
  `create_data_time` datetime DEFAULT NULL,
  `create_data_username` varchar(64) DEFAULT NULL,
  `update_data_time` datetime DEFAULT NULL,
  `update_data_username` varchar(64) DEFAULT NULL,
  PRIMARY KEY (`id`)
) ENGINE=InnoDB DEFAULT CHARSET=utf8;

/*Data for the table `zw_w_shock_sensor` */

/*Table structure for table `zw_w_shock_sensor_vehicle` */


CREATE TABLE `zw_w_shock_sensor_vehicle` (
  `id` varchar(64) NOT NULL COMMENT '震动传感器与车辆关联',
  `vehicle_id` varchar(64) DEFAULT NULL COMMENT '车辆ID',
  `shock_sensor_id` varchar(64) DEFAULT NULL COMMENT '震动传感器ID',
  `collect_number` int(11) DEFAULT NULL COMMENT '每秒采集个数',
  `upload_number` int(11) DEFAULT NULL COMMENT '上传个数',
  `upload_time` varchar(64) DEFAULT NULL COMMENT '自动上传时间',
  `output_correction_b` varchar(255) DEFAULT NULL COMMENT '输出修正系数B',
  `output_correction_k` varchar(255) DEFAULT NULL COMMENT '输出修正系数K',
  `outage_frequency_threshold` varchar(255) DEFAULT NULL COMMENT '停机频率阈值',
  `idle_frequency_threshold` varchar(255) DEFAULT NULL COMMENT '怠速频率阈值',
  `continue_outage_time_threshold` varchar(255) DEFAULT NULL COMMENT '持续停机时间阈值',
  `continue_idle_time_threshold` varchar(255) DEFAULT NULL COMMENT '持续怠速时间阈值',
  `alarm_frequency_threshold` varchar(255) DEFAULT NULL COMMENT '报警频率阈值',
  `work_frequency_threshold` varchar(255) DEFAULT NULL COMMENT '工作频率阈值',
  `continue_alarm_time_threshold` varchar(255) DEFAULT NULL COMMENT '持续报警时间阈值',
  `continue_work_time_threshold` varchar(255) DEFAULT NULL COMMENT '持续工作时间阈值',
  `flag` smallint(6) NOT NULL DEFAULT '1',
  `create_data_time` datetime DEFAULT NULL,
  `create_data_username` varchar(64) DEFAULT NULL,
  `update_data_time` datetime DEFAULT NULL,
  `update_data_username` varchar(64) DEFAULT NULL,
  PRIMARY KEY (`id`)
) ENGINE=InnoDB DEFAULT CHARSET=utf8;

CREATE TABLE `zw_m_oversee` (
  `id` varchar(255) NOT NULL,
  `oversee_people` varchar(255) DEFAULT NULL COMMENT '督办人',
  `oversee_level` varchar(255) DEFAULT NULL COMMENT '督办级别',
  `valid_response_time` int(11) DEFAULT NULL COMMENT '有效应答时长',
  `oversee_interval_time` int(11) DEFAULT NULL COMMENT 'oversee_interval_time',
  `oversee_phone` varchar(255) DEFAULT NULL COMMENT '督办联系电话',
  `oversee_mail` varchar(255) DEFAULT NULL,
  `group_id` varchar(255) DEFAULT NULL,
  `on_off` smallint(1) DEFAULT '0' COMMENT '督办的开关',
  `auto` smallint(1) DEFAULT NULL COMMENT '是否为自动督办',
  `flag` smallint(1) DEFAULT NULL,
  PRIMARY KEY (`id`)
) ENGINE=InnoDB DEFAULT CHARSET=utf8;

CREATE TABLE `zw_m_sensor_upgrade` (
  `id` varchar(64) NOT NULL COMMENT 'id',
  `vehicle_id` varchar(64) DEFAULT NULL COMMENT '车辆id',
  `sensor_id` varchar(64) DEFAULT NULL COMMENT '传感器id',
  `sensor_upgrade_date` date DEFAULT NULL COMMENT '最新升级日期',
  `sensor_upgrade_status` smallint(6) DEFAULT NULL COMMENT '最新升级日期下的升级状态,0: 进行中;1: 升级成功;2: 升级失败, 3: 终端存储区擦出失败; 4: 数据校验失败; 5: 下发升级指令失败; 6: 外设升级超时',
  `flag` smallint(6) DEFAULT NULL,
  `create_data_time` datetime DEFAULT NULL,
  `create_data_username` varchar(64) DEFAULT NULL,
  `update_data_time` datetime DEFAULT NULL,
  `update_data_username` varchar(64) DEFAULT NULL,
  PRIMARY KEY (`id`)
) ENGINE=InnoDB DEFAULT CHARSET=utf8 COMMENT='传感器升级状态表';

CREATE TABLE `zw_m_sensor_type` (
  `id` varchar(64)  NOT NULL COMMENT 'id',
  `model_id` varchar(64)  DEFAULT NULL COMMENT '传感器型号id',
  `sensor_name` varchar(64)  DEFAULT NULL COMMENT '外设名称',
  `sensor_id` varchar(64)  DEFAULT NULL COMMENT '外设id(eg:0x41)',
  `flag` smallint(6) DEFAULT NULL,
  PRIMARY KEY (`id`)
) ENGINE=InnoDB DEFAULT CHARSET=utf8 COMMENT='传感器类型存储表';

CREATE TABLE `zw_m_sensor_model` (
  `id` varchar(64)  NOT NULL COMMENT 'id',
  `model_name` varchar(64)  DEFAULT NULL COMMENT '传感器型号',
  `flag` smallint(6) DEFAULT NULL,
  PRIMARY KEY (`id`)
) ENGINE=InnoDB DEFAULT CHARSET=utf8 COMMENT='传感器型号存储表';

-- 监控对象与外设传感器绑定关系表字段修改sql
ALTER TABLE zw_m_sensor_vehicle MODIFY sensor_out_id VARCHAR(11) COMMENT '外设id';

-- 添加载重传感器外设id
UPDATE zw_m_sensor_vehicle sv INNER JOIN zw_m_sensor_info si ON si.id = sv.sensor_id AND si.flag = 1 SET sv.sensor_out_id = '70' WHERE si.sensor_type = 6 AND sv.sensor_sequence = 0 AND sv.flag = 1;

UPDATE zw_m_sensor_vehicle sv INNER JOIN zw_m_sensor_info si ON si.id = sv.sensor_id AND si.flag = 1 SET sv.sensor_out_id = '71' WHERE si.sensor_type = 6 AND sv.sensor_sequence = 1 AND sv.flag = 1;

-- 添加载重传感器外设id
UPDATE zw_m_sensor_vehicle sv INNER JOIN zw_m_sensor_info si ON si.id = sv.sensor_id AND si.flag = 1 SET sv.sensor_out_id = '80' WHERE si.sensor_type = 4 AND sv.sensor_sequence = 0 AND sv.flag = 1;

UPDATE zw_m_sensor_vehicle sv INNER JOIN zw_m_sensor_info si ON si.id = sv.sensor_id AND si.flag = 1 SET sv.sensor_out_id = '81' WHERE si.sensor_type = 4 AND sv.sensor_sequence = 1 AND sv.flag = 1;

-- 添加液位传感器外设id
UPDATE zw_m_sensor_vehicle sv INNER JOIN zw_m_sensor_info si ON si.id = sv.sensor_id AND si.flag = 1 SET sv.sensor_out_id = '47' WHERE si.sensor_type = 5 AND sv.sensor_sequence = 0 AND sv.flag = 1;

UPDATE zw_m_sensor_vehicle sv INNER JOIN zw_m_sensor_info si ON si.id = sv.sensor_id AND si.flag = 1 SET sv.sensor_out_id = '48' WHERE si.sensor_type = 5 AND sv.sensor_sequence = 1 AND sv.flag = 1;

UPDATE zw_m_sensor_vehicle sv INNER JOIN zw_m_sensor_info si ON si.id = sv.sensor_id AND si.flag = 1 SET sv.sensor_out_id = '49' WHERE si.sensor_type = 5 AND sv.sensor_sequence = 2 AND sv.flag = 1;

UPDATE zw_m_sensor_vehicle sv INNER JOIN zw_m_sensor_info si ON si.id = sv.sensor_id AND si.flag = 1 SET sv.sensor_out_id = '4A' WHERE si.sensor_type = 5 AND sv.sensor_sequence = 3 AND sv.flag = 1;

UPDATE zw_m_sensor_vehicle sv INNER JOIN zw_m_sensor_info si ON si.id = sv.sensor_id AND si.flag = 1 SET sv.sensor_out_id = '4B' WHERE si.sensor_type = 5 AND sv.sensor_sequence = 4 AND sv.flag = 1;

UPDATE zw_m_sensor_vehicle sv INNER JOIN zw_m_sensor_info si ON si.id = sv.sensor_id AND si.flag = 1 SET sv.sensor_out_id = '4C' WHERE si.sensor_type = 5 AND sv.sensor_sequence = 5 AND sv.flag = 1;

UPDATE zw_m_sensor_vehicle sv INNER JOIN zw_m_sensor_info si ON si.id = sv.sensor_id AND si.flag = 1 SET sv.sensor_out_id = '4D' WHERE si.sensor_type = 5 AND sv.sensor_sequence = 6 AND sv.flag = 1;

UPDATE zw_m_sensor_vehicle sv INNER JOIN zw_m_sensor_info si ON si.id = sv.sensor_id AND si.flag = 1 SET sv.sensor_out_id = '4E' WHERE si.sensor_type = 5 AND sv.sensor_sequence = 7 AND sv.flag = 1;

alter table zw_m_sensor_info modify column sensor_type smallint(2) DEFAULT NULL COMMENT '1: 温度传感器;2: 湿度传感器;3: 正反转传感器;4: 工时传感器;5：液位传感器；6：载重传感器;7:胎压传感器';

CREATE TABLE `zw_m_serial_port_param` (
  `id` varchar(64) NOT NULL,
  `serial_port_number` smallint(6) DEFAULT NULL COMMENT '串口序号;',
  `baud_rate` smallint(6) DEFAULT NULL COMMENT '波特率; 1:2400; 2:4800; 3:9600; 4:19200; 5:38400; 6:57600; 7:115200',
  `data_bits` smallint(6) DEFAULT NULL COMMENT '数据位; 5、6、7、8',
  `stop_bit` smallint(6) DEFAULT NULL COMMENT '停止位; 1、2',
  `parity_bit` smallint(6) DEFAULT NULL COMMENT '校验位; 1:奇校验; 2:偶校验; 3:无校验;',
  `flow_control` smallint(6) DEFAULT NULL COMMENT '流控;  1:无流控; 2:硬件流控; 3:软件流控;',
  `data_acceptance_timeout_time` smallint(6) DEFAULT NULL COMMENT '数据接收超时(毫秒)',
  `type` smallint(6) DEFAULT NULL COMMENT ' 串口类型; 1:RS232串口参数; 2:RS485串口参数; 3:CAN总线参数',
  `flag` smallint(6) DEFAULT '1',
  `create_data_time` datetime DEFAULT NULL,
  `create_data_username` varchar(64) DEFAULT NULL,
  `update_data_time` datetime DEFAULT NULL,
  `update_data_username` varchar(64) DEFAULT NULL,
  PRIMARY KEY (`id`)
) ENGINE=InnoDB DEFAULT CHARSET=utf8 COMMENT='RS232串口参数;RS485串口参数;CAN总线参数';

alter table zw_m_communication_param modify column main_server_apn varchar(30);
alter table zw_m_communication_param modify column backup_server_address varchar(50) DEFAULT NULL COMMENT '备份服务器地址';
alter table zw_m_camera_param add column video_tactics smallint(2) DEFAULT NULL COMMENT '拍照策略 0、定时拍照 1、定距拍照 2、定时和定距拍照'; 

INSERT INTO zw_m_sensor_model (id,model_name,flag) VALUES ('001b6e1f-9c38-4e06-ad1a-aa0d40bb5500','温度传感器',1);
INSERT INTO zw_m_sensor_type (id,model_id,sensor_name,sensor_id,flag)
VALUES ('dbc16123-a6c4-41c2-a58d-aa864e9cac21','001b6e1f-9c38-4e06-ad1a-aa0d40bb5500','21温度传感器','0x21',1);
INSERT INTO zw_m_sensor_type (id,model_id,sensor_name,sensor_id,flag) 
VALUES ('dbc16123-a6c4-41c2-a58d-aa864e9cac22','001b6e1f-9c38-4e06-ad1a-aa0d40bb5500','22温度传感器','0x22',1);
INSERT INTO zw_m_sensor_type (id,model_id,sensor_name,sensor_id,flag) 
VALUES ('dbc16123-a6c4-41c2-a58d-aa864e9cac23','001b6e1f-9c38-4e06-ad1a-aa0d40bb5500','23温度传感器','0x23',1);
INSERT INTO zw_m_sensor_type (id,model_id,sensor_name,sensor_id,flag) 
VALUES ('dbc16123-a6c4-41c2-a58d-aa864e9cac24','001b6e1f-9c38-4e06-ad1a-aa0d40bb5500','24温度传感器','0x24',1);
INSERT INTO zw_m_sensor_type (id,model_id,sensor_name,sensor_id,flag) 
VALUES ('dbc16123-a6c4-41c2-a58d-aa864e9cac25','001b6e1f-9c38-4e06-ad1a-aa0d40bb5500','25温度传感器','0x25',1);

INSERT INTO zw_m_sensor_model (id,model_name,flag) VALUES ('001b6e1f-9c38-4e06-ad1a-aa0d40bb5501','湿度传感器',1);
INSERT INTO zw_m_sensor_type (id,model_id,sensor_name,sensor_id,flag) 
VALUES ('dbc16123-a6c4-41c2-a58d-aa864e9cac26','001b6e1f-9c38-4e06-ad1a-aa0d40bb5501','26湿度传感器','0x26',1);

INSERT INTO zw_m_sensor_type (id,model_id,sensor_name,sensor_id,flag) 
VALUES ('dbc16123-a6c4-41c2-a58d-aa864e9cac27','001b6e1f-9c38-4e06-ad1a-aa0d40bb5501','27湿度传感器','0x27',1);

INSERT INTO zw_m_sensor_type (id,model_id,sensor_name,sensor_id,flag) 
VALUES ('dbc16123-a6c4-41c2-a58d-aa864e9cac28','001b6e1f-9c38-4e06-ad1a-aa0d40bb5501','28湿度传感器','0x28',1);

INSERT INTO zw_m_sensor_type (id,model_id,sensor_name,sensor_id,flag) 
VALUES ('dbc16123-a6c4-41c2-a58d-aa864e9cac29','001b6e1f-9c38-4e06-ad1a-aa0d40bb5501','29湿度传感器','0x29',1);

INSERT INTO zw_m_sensor_type (id,model_id,sensor_name,sensor_id,flag) 
VALUES ('dbc16123-a6c4-41c2-a58d-aa864e9cac2a','001b6e1f-9c38-4e06-ad1a-aa0d40bb5501','2A湿度传感器','0x2A',1);

INSERT INTO zw_m_sensor_model (id,model_name,flag) VALUES ('001b6e1f-9c38-4e06-ad1a-aa0d40bb5502','液位传感器',1);
INSERT INTO zw_m_sensor_type (id,model_id,sensor_name,sensor_id,flag) 
VALUES ('dbc16123-a6c4-41c2-a58d-aa864e9cac41','001b6e1f-9c38-4e06-ad1a-aa0d40bb5502','41液位传感器','0x41',1);
INSERT INTO zw_m_sensor_type (id,model_id,sensor_name,sensor_id,flag) 
VALUES ('dbc16123-a6c4-41c2-a58d-aa864e9cac42','001b6e1f-9c38-4e06-ad1a-aa0d40bb5502','42液位传感器','0x42',1);
INSERT INTO zw_m_sensor_type (id,model_id,sensor_name,sensor_id,flag) 
VALUES ('dbc16123-a6c4-41c2-a58d-aa864e9cac43','001b6e1f-9c38-4e06-ad1a-aa0d40bb5502','43液位传感器','0x43',1);
INSERT INTO zw_m_sensor_type (id,model_id,sensor_name,sensor_id,flag) 
VALUES ('dbc16123-a6c4-41c2-a58d-aa864e9cac44','001b6e1f-9c38-4e06-ad1a-aa0d40bb5502','44液位传感器','0x44',1);
INSERT INTO zw_m_sensor_type (id,model_id,sensor_name,sensor_id,flag) 
VALUES ('dbc16123-a6c4-41c2-a58d-aa864e9cac47','001b6e1f-9c38-4e06-ad1a-aa0d40bb5502','47液位传感器','0x47',1);
INSERT INTO zw_m_sensor_type (id,model_id,sensor_name,sensor_id,flag) 
VALUES ('dbc16123-a6c4-41c2-a58d-aa864e9cac48','001b6e1f-9c38-4e06-ad1a-aa0d40bb5502','48液位传感器','0x48',1);
INSERT INTO zw_m_sensor_type (id,model_id,sensor_name,sensor_id,flag) 
VALUES ('dbc16123-a6c4-41c2-a58d-aa864e9cac49','001b6e1f-9c38-4e06-ad1a-aa0d40bb5502','49液位传感器','0x49',1);
INSERT INTO zw_m_sensor_type (id,model_id,sensor_name,sensor_id,flag) 
VALUES ('dbc16123-a6c4-41c2-a58d-aa864e9cac4a','001b6e1f-9c38-4e06-ad1a-aa0d40bb5502','4A液位传感器','0x4A',1);
INSERT INTO zw_m_sensor_type (id,model_id,sensor_name,sensor_id,flag) 
VALUES ('dbc16123-a6c4-41c2-a58d-aa864e9cac4b','001b6e1f-9c38-4e06-ad1a-aa0d40bb5502','4B液位传感器','0x4B',1);
INSERT INTO zw_m_sensor_type (id,model_id,sensor_name,sensor_id,flag) 
VALUES ('dbc16123-a6c4-41c2-a58d-aa864e9cac4c','001b6e1f-9c38-4e06-ad1a-aa0d40bb5502','4C液位传感器','0x4C',1);
INSERT INTO zw_m_sensor_type (id,model_id,sensor_name,sensor_id,flag) 
VALUES ('dbc16123-a6c4-41c2-a58d-aa864e9cac4d','001b6e1f-9c38-4e06-ad1a-aa0d40bb5502','4D液位传感器','0x4D',1);
INSERT INTO zw_m_sensor_type (id,model_id,sensor_name,sensor_id,flag) 
VALUES ('dbc16123-a6c4-41c2-a58d-aa864e9cac4e','001b6e1f-9c38-4e06-ad1a-aa0d40bb5502','4E液位传感器','0x4E',1);

INSERT INTO zw_m_sensor_model (id,model_name,flag) VALUES ('001b6e1f-9c38-4e06-ad1a-aa0d40bb5503','油耗传感器',1);
INSERT INTO zw_m_sensor_type (id,model_id,sensor_name,sensor_id,flag) 
VALUES ('dbc16123-a6c4-41c2-a58d-aa864e9cac45','001b6e1f-9c38-4e06-ad1a-aa0d40bb5503','45油耗传感器','0x45',1);
INSERT INTO zw_m_sensor_type (id,model_id,sensor_name,sensor_id,flag) 
VALUES ('dbc16123-a6c4-41c2-a58d-aa864e9cac46','001b6e1f-9c38-4e06-ad1a-aa0d40bb5503','46油耗传感器','0x46',1);

INSERT INTO zw_m_sensor_model (id,model_name,flag) VALUES ('001b6e1f-9c38-4e06-ad1a-aa0d40bb5504','正反转传感器',1);
INSERT INTO zw_m_sensor_type (id,model_id,sensor_name,sensor_id,flag) 
VALUES ('dbc16123-a6c4-41c2-a58d-aa864e9cac51','001b6e1f-9c38-4e06-ad1a-aa0d40bb5504','51正反转传感器','0x51',1);


INSERT INTO zw_m_sensor_model (id,model_name,flag) VALUES ('001b6e1f-9c38-4e06-ad1a-aa0d40bb5505','里程车速传感器',1);
INSERT INTO zw_m_sensor_type (id,model_id,sensor_name,sensor_id,flag) 
VALUES ('dbc16123-a6c4-41c2-a58d-aa864e9cac53','001b6e1f-9c38-4e06-ad1a-aa0d40bb5505','53里程车速传感器','0x53',1);

INSERT INTO zw_m_sensor_model (id,model_name,flag) VALUES ('001b6e1f-9c38-4e06-ad1a-aa0d40bb5506','胎压传感器',1);
INSERT INTO zw_m_sensor_type (id,model_id,sensor_name,sensor_id,flag) 
VALUES ('dbc16123-a6c4-41c2-a58d-aa864e9cace3','001b6e1f-9c38-4e06-ad1a-aa0d40bb5506','E3胎压传感器','0xE3',1);

INSERT INTO zw_m_sensor_model (id,model_name,flag) VALUES ('001b6e1f-9c38-4e06-ad1a-aa0d40bb5507','载重传感器',1);
INSERT INTO zw_m_sensor_type (id,model_id,sensor_name,sensor_id,flag) 
VALUES ('dbc16123-a6c4-41c2-a58d-aa864e9cac71','001b6e1f-9c38-4e06-ad1a-aa0d40bb5507','71载重传感器','0x71',1);
INSERT INTO zw_m_sensor_type (id,model_id,sensor_name,sensor_id,flag) 
VALUES ('dbc16123-a6c4-41c2-a58d-aa864e9cac72','001b6e1f-9c38-4e06-ad1a-aa0d40bb5507','72载重传感器','0x72',1);

INSERT INTO zw_m_sensor_model (id,model_name,flag) VALUES ('001b6e1f-9c38-4e06-ad1a-aa0d40bb5508','工时传感器',1);
INSERT INTO zw_m_sensor_type (id,model_id,sensor_name,sensor_id,flag) 
VALUES ('dbc16123-a6c4-41c2-a58d-aa864e9cac80','001b6e1f-9c38-4e06-ad1a-aa0d40bb5508','80工时传感器','0x80',1);
INSERT INTO zw_m_sensor_type (id,model_id,sensor_name,sensor_id,flag) 
VALUES ('dbc16123-a6c4-41c2-a58d-aa864e9cac81','001b6e1f-9c38-4e06-ad1a-aa0d40bb5508','81工时传感器','0x81',1);

INSERT INTO zw_m_sensor_model (id,model_name,flag) VALUES ('001b6e1f-9c38-4e06-ad1a-aa0d40bb5509','外接IO控制器',1);
INSERT INTO zw_m_sensor_type (id,model_id,sensor_name,sensor_id,flag) 
VALUES ('dbc16123-a6c4-41c2-a58d-aa864e9cac91','001b6e1f-9c38-4e06-ad1a-aa0d40bb5509','91外接IO控制器','0x91',1);
INSERT INTO zw_m_sensor_type (id,model_id,sensor_name,sensor_id,flag) 
VALUES ('dbc16123-a6c4-41c2-a58d-aa864e9cac92','001b6e1f-9c38-4e06-ad1a-aa0d40bb5509','92外接IO控制器','0x92',1);

-- 菜单
INSERT INTO `zw_c_resource` (`id`, `icon_cls`, `resource_name`, `type`, `code`, `permission`, `perm_value`, `description`, `parent_id`, `sort_order`, `editable`, `enabled`, `create_data_time`, `create_data_username`, `update_data_time`, `update_data_username`, `domain`, `code_num`, `flag`) VALUES ('447537cb-1ad0-11e9-a562-782bcb5cf35e', NULL, '传感器升级', '0', NULL, 'sensorUpgrade', '/v/sensorConfig/sensorUpgrade/list', NULL, 'b296585a-339c-11e7-a919-92ebcb67fe33', '943', '1', '1', NULL, NULL, NULL, NULL, NULL, '90043', '1');
INSERT INTO `zw_c_resource` (`id`, `icon_cls`, `resource_name`, `type`, `code`, `permission`, `perm_value`, `description`, `parent_id`, `sort_order`, `editable`, `enabled`, `create_data_time`, `create_data_username`, `update_data_time`, `update_data_username`, `domain`, `code_num`, `flag`) VALUES ('8c0a6dbf-3e59-11e9-b238-00163e11b128', NULL, '指令参数', '0', NULL, 'commandParam', '/v/monitoring/commandParam/list', NULL, '84113afa-df07-4247-8666-f164a7acbefa', '1102', '1', '1', NULL, NULL, NULL, NULL, NULL, '1100002', '1');
INSERT INTO `zw_c_resource` (`id`, `icon_cls`, `resource_name`, `type`, `code`, `permission`, `perm_value`, `description`, `parent_id`, `sort_order`, `editable`, `enabled`, `create_data_time`, `create_data_username`, `update_data_time`, `update_data_username`, `domain`, `code_num`, `flag`) VALUES ('293213ba-4ddb-11e8-9c2d-fa7ae01baaaa', NULL, '车辆抽查统计', '0', NULL, '', '/cb/cbReportManagement/spotCheckReport/list', NULL, 'd41f83a4-4dd9-11e8-9c2d-fa7ae01bbebc', '1407', '1', '1', NULL, NULL, NULL, NULL, NULL, '14007', '1');
INSERT INTO `zw_c_resource` (`id`, `icon_cls`, `resource_name`, `type`, `code`, `permission`, `perm_value`, `description`, `parent_id`, `sort_order`, `editable`, `enabled`, `create_data_time`, `create_data_username`, `update_data_time`, `update_data_username`, `domain`, `code_num`, `flag`) VALUES ('c0172f52-ff48-11e8-9eea-968bcb5cf2tr', NULL, '胎压报表', '0', NULL, 'tirePressureReport', '/v/statistic/tirePressureReport/list', NULL, 'f9c65d06-f40e-11e6-bc64-92361f006689', '149', '1', '1', NULL, NULL, NULL, NULL, NULL, '90038', '1');
INSERT INTO `zw_c_resource` (`id`, `icon_cls`, `resource_name`, `type`, `code`, `permission`, `perm_value`, `description`, `parent_id`, `sort_order`, `editable`, `enabled`, `create_data_time`, `create_data_username`, `update_data_time`, `update_data_username`, `domain`, `code_num`, `flag`) VALUES ('c0172f52-ff48-11e8-9eea-968bcb5cfobd', NULL, 'OBD行程报表', '0', NULL, 'obdTripReport', '/v/statistic/obdTripReport/list', NULL, 'f9c65d06-f40e-11e6-bc64-92361f006689', '150', '1', '1', NULL, NULL, NULL, NULL, NULL, '90039', '1');
UPDATE zw_c_resource SET flag = 0 WHERE id = '5609426a-1f4b-11e7-93ae-92361f002671';
INSERT INTO `zw_c_resource` (`id`, `icon_cls`, `resource_name`, `type`, `code`, `permission`, `perm_value`, `description`, `parent_id`, `sort_order`, `editable`, `enabled`, `create_data_time`, `create_data_username`, `update_data_time`, `update_data_username`, `domain`, `code_num`, `flag`) VALUES ('66ea642b-a561-4049-8bf3-ae837fac73ef', 'arrow fa fa-angle-right pull-right', '胎压监测', '1', NULL, 'tyreManagement', 'javascript:void(0);', NULL, '9f5ea704-6a90-11e6-8b77-86f30ca893d3', '105', '1', '1', NULL, NULL, NULL, NULL, NULL, '9012', '1');
INSERT INTO `zw_c_resource` (`id`, `icon_cls`, `resource_name`, `type`, `code`, `permission`, `perm_value`, `description`, `parent_id`, `sort_order`, `editable`, `enabled`, `create_data_time`, `create_data_username`, `update_data_time`, `update_data_username`, `domain`, `code_num`, `flag`) VALUES ('66ea642b-a561-4049-8bf3-ae837fac73e1', NULL, '胎压传感器管理', '0', NULL, 'tyreSensor', '/v/tyrepressure/sensor/list', NULL, '66ea642b-a561-4049-8bf3-ae837fac73ef', '1051', '1', '1', NULL, NULL, NULL, NULL, NULL, '90121', '1');
INSERT INTO `zw_c_resource` (`id`, `icon_cls`, `resource_name`, `type`, `code`, `permission`, `perm_value`, `description`, `parent_id`, `sort_order`, `editable`, `enabled`, `create_data_time`, `create_data_username`, `update_data_time`, `update_data_username`, `domain`, `code_num`, `flag`) VALUES ('66ea642b-a561-4049-8bf3-ae837fac73e2', NULL, '胎压监测设置', '0', NULL, 'tyreSetting', '/v/tyrepressure/setting/list', NULL, '66ea642b-a561-4049-8bf3-ae837fac73ef', '1052', '1', '1', NULL, NULL, NULL, NULL, NULL, '90122', '1');
UPDATE zw_c_resource SET perm_value = '/m/infoconfig/infoinput/newlist' WHERE id = 'b46dec1a-6a8e-11e6-8b77-86f30ca893d3';
UPDATE zw_c_resource SET flag = 0 WHERE id ='decfabcc-627f-4021-b2f2-667d50b79098';
INSERT INTO zw_c_resource (id, resource_name, type, permission, perm_value, parent_id, sort_order, editable, enabled, code_num, flag)
VALUES (UUID(), 'APP登录', 4, 'appRegister', 'javascript:void(0);', '0', 16, 1, 1, 1600, 0);


CREATE TABLE `zw_m_vehicle_spot_check` (
  `id` varchar(64) NOT NULL COMMENT '主键id',
  `vehicle_id` varchar(64) DEFAULT NULL COMMENT '车辆id',
  `location_time` datetime DEFAULT NULL COMMENT '定位时间',
  `speed` varchar(10) DEFAULT NULL COMMENT '速度',
  `speed_limit` varchar(10) DEFAULT NULL COMMENT '限速',
  `longtitude` varchar(20) DEFAULT NULL COMMENT '高德-经度',
  `latitude` varchar(20) DEFAULT NULL COMMENT '高德-维度',
  `spot_check_content` smallint(6) DEFAULT NULL COMMENT '抽查内容 0:定位信息; 1:历史轨迹; 2:查看视频; 3:违章处理;',
  `spot_check_user` varchar(45) DEFAULT NULL COMMENT '抽查人',
  `spot_check_time` datetime DEFAULT NULL COMMENT '抽查时间',
  `actual_view_date` date DEFAULT NULL COMMENT '实际查看日期(yyyy-MM-dd)',
  PRIMARY KEY (`id`)
) ENGINE=InnoDB DEFAULT CHARSET=utf8 COMMENT='车辆抽查';

ALTER TABLE zw_m_station_param ADD COLUMN requite_interval int(11) DEFAULT NULL COMMENT '上报时间间隔';

ALTER TABLE zw_m_device_info ADD COLUMN terminal_type_id varchar(64) DEFAULT NULL COMMENT '终端型号id';
ALTER TABLE zw_m_vehicle_info ADD COLUMN vehicle_platform_install_date date DEFAULT NULL COMMENT '车台安装日期';
ALTER TABLE zw_m_vehicle_info ADD COLUMN province_id varchar(6) DEFAULT NULL COMMENT '省域ID';
ALTER TABLE zw_m_vehicle_info ADD COLUMN city_id varchar(6) DEFAULT NULL COMMENT '市域ID';
update zw_m_device_info set terminal_type_id = 'default' WHERE terminal_type_id is null;
-- zw_m_unknow_device 增加省、市域ID
ALTER TABLE zw_m_unknow_device ADD COLUMN province_id VARCHAR(6) DEFAULT NULL COMMENT '省域ID';
ALTER TABLE zw_m_unknow_device ADD COLUMN city_id VARCHAR(6) DEFAULT NULL COMMENT '市域ID';
ALTER TABLE zw_m_unknow_device ADD COLUMN plate_color SMALLINT(6) DEFAULT '2' COMMENT '车牌颜色（1蓝，2黄，3黑，4白，9其他）';

CREATE TABLE `zw_m_device_channel_setting` (
  `id` varchar(64) NOT NULL COMMENT '主键id',
  `physics_channel` int(6) DEFAULT NULL COMMENT '物理逻辑通道号',
  `logic_channel` int(6) DEFAULT NULL COMMENT '逻辑通道号',
  `channel_type` int(6) DEFAULT NULL COMMENT '通道类型: 0:音视频;1:音频;2:视频',
  `connection_flag` int(6) DEFAULT NULL COMMENT '是否连接云台；通道类型为0和2时，此字段有效；0:否;1:是',
  `sort` int(6) DEFAULT NULL COMMENT '排序',
  `stream_type` smallint(6) DEFAULT NULL COMMENT '码流类型 0：主码流 1：子码流',
  `flag` smallint(6) DEFAULT '1',
  PRIMARY KEY (`id`)
) ENGINE=InnoDB DEFAULT CHARSET=utf8 COMMENT='终端型号视频参数设置';

INSERT INTO `zw_m_device_channel_setting` (`id`, `physics_channel`, `logic_channel`, `channel_type`, `connection_flag`, `sort`, `stream_type`, `flag`) VALUES ('default1', '1', '1', '0', '0', '0', '1', '1');
INSERT INTO `zw_m_device_channel_setting` (`id`, `physics_channel`, `logic_channel`, `channel_type`, `connection_flag`, `sort`, `stream_type`, `flag`) VALUES ('default2', '2', '2', '0', '0', '1', '1', '1');
INSERT INTO `zw_m_device_channel_setting` (`id`, `physics_channel`, `logic_channel`, `channel_type`, `connection_flag`, `sort`, `stream_type`, `flag`) VALUES ('default3', '3', '3', '0', '0', '2', '1', '1');
INSERT INTO `zw_m_device_channel_setting` (`id`, `physics_channel`, `logic_channel`, `channel_type`, `connection_flag`, `sort`, `stream_type`, `flag`) VALUES ('default4', '4', '4', '0', '0', '3', '1', '1');

-- 终端型号
CREATE TABLE `zw_m_terminal_type` (
  `id` varchar(64) NOT NULL COMMENT '主键id',
  `terminal_manufacturer` varchar(10) DEFAULT NULL COMMENT '终端厂商',
  `terminal_type` varchar(30) DEFAULT NULL COMMENT '终端型号',
  `support_photo_flag` smallint(6) DEFAULT NULL COMMENT '是否支持拍照 0:否; 1:是;',
  `cameras_number` smallint(6) DEFAULT NULL COMMENT '摄像头个数(1-5)',
  `support_driving_recorder_flag` smallint(6) DEFAULT NULL COMMENT '是否支持行驶记录仪 0:否; 1:是;',
  `support_monitoring_flag` smallint(6) DEFAULT NULL COMMENT '是否支持监听 0:否; 1:是;',
  `support_video_flag` smallint(6) DEFAULT NULL COMMENT '是否支持视频 0:否; 1:是;',
  `audio_format` smallint(6) DEFAULT NULL COMMENT '是否支持视频选择(是)该字段才有效; 音频格式 0:ADPCMA; 1:G726-8K; 2:G726-16K; 3:G726-24K; 4:G726-32K; 5:G726-40K;',
  `channel_number` smallint(6) DEFAULT NULL COMMENT '是否支持视频选择(是)该字段才有效; 通道号个数 1-13',
  `device_channel_id` varchar(1500) DEFAULT NULL COMMENT '是否支持视频选择(是)该字段才有效; 设备通道号参数,逗号分隔;',
  `flag` smallint(6) DEFAULT '1',
  `create_data_time` datetime DEFAULT NULL,
  `create_data_username` varchar(45) DEFAULT NULL,
  `update_data_time` datetime DEFAULT NULL,
  `update_data_username` varchar(45) DEFAULT NULL,
  PRIMARY KEY (`id`)
) ENGINE=InnoDB DEFAULT CHARSET=utf8 COMMENT='终端型号';

INSERT INTO `zw_m_terminal_type` (`id`, `terminal_manufacturer`, `terminal_type`, `support_photo_flag`, `cameras_number`, `support_driving_recorder_flag`, `support_monitoring_flag`, `support_video_flag`, `audio_format`, `channel_number`, `device_channel_id`, `flag`, `create_data_time`, `create_data_username`, `update_data_time`, `update_data_username`) VALUES ('default', '[f]F3', 'F3-default', '1', '1', '0', '1', '1', '4', '4', 'default1,default2,default3,default4', '1', '2019-02-16 10:51:16', 'admin', NULL, NULL);

ALTER TABLE  zw_m_professionals_info
ADD COLUMN service_company varchar(20) DEFAULT NULL COMMENT'服务企业',
ADD COLUMN qualification_category varchar(5) DEFAULT NULL COMMENT'从业资格类别',
ADD COLUMN issue_certificate_date  date DEFAULT NULL COMMENT'发证日期(YYYY-MM-DD)',
ADD COLUMN address varchar(50) DEFAULT NULL COMMENT'地址';
ALTER TABLE zw_m_sensor_vehicle ADD COLUMN number_of_tires int(2) DEFAULT NULL COMMENT '轮胎数';
alter TABLE zw_m_device_param ADD COLUMN inflection_point_additional int(6) DEFAULT NULL COMMENT '拐点补传角度';
alter TABLE zw_m_device_param ADD COLUMN electronic_fence_radius int(6) DEFAULT NULL COMMENT '电子围栏半径（非法位移阈值）';
-- 字典数据
INSERT INTO `zw_c_dictionary` (`id`, `pid`, `code`, `value`, `type`, `description`) VALUES ('a557e752-5930-4eab-a310-02155c97211d', NULL, NULL, '[b]博实结', 'TERMINAL_MANUFACTURER', NULL);
INSERT INTO `zw_c_dictionary` (`id`, `pid`, `code`, `value`, `type`, `description`) VALUES ('a557e752-5930-4eab-a310-02155c97212d', NULL, NULL, '[d]东风电子', 'TERMINAL_MANUFACTURER', NULL);
INSERT INTO `zw_c_dictionary` (`id`, `pid`, `code`, `value`, `type`, `description`) VALUES ('a557e752-5930-4eab-a310-02155c97213d', NULL, NULL, '[d]大河北斗', 'TERMINAL_MANUFACTURER', NULL);
INSERT INTO `zw_c_dictionary` (`id`, `pid`, `code`, `value`, `type`, `description`) VALUES ('a557e752-5930-4eab-a310-02155c97214d', NULL, NULL, '[d]大连鼎视', 'TERMINAL_MANUFACTURER', NULL);
INSERT INTO `zw_c_dictionary` (`id`, `pid`, `code`, `value`, `type`, `description`) VALUES ('a557e752-5930-4eab-a310-02155c97210d', NULL, NULL, '[f]F3', 'TERMINAL_MANUFACTURER', NULL);
INSERT INTO `zw_c_dictionary` (`id`, `pid`, `code`, `value`, `type`, `description`) VALUES ('a557e752-5930-4eab-a310-02155c97215d', NULL, NULL, '[f]法莱茵', 'TERMINAL_MANUFACTURER', NULL);
INSERT INTO `zw_c_dictionary` (`id`, `pid`, `code`, `value`, `type`, `description`) VALUES ('a557e752-5930-4eab-a310-02155c97216d', NULL, NULL, '[f]佛山联星', 'TERMINAL_MANUFACTURER', NULL);
INSERT INTO `zw_c_dictionary` (`id`, `pid`, `code`, `value`, `type`, `description`) VALUES ('a557e752-5930-4eab-a310-02155c97217d', NULL, NULL, '[h]华宝', 'TERMINAL_MANUFACTURER', NULL);
INSERT INTO `zw_c_dictionary` (`id`, `pid`, `code`, `value`, `type`, `description`) VALUES ('a557e752-5930-4eab-a310-02155c97218d', NULL, NULL, '[h]宏电', 'TERMINAL_MANUFACTURER', NULL);
INSERT INTO `zw_c_dictionary` (`id`, `pid`, `code`, `value`, `type`, `description`) VALUES ('a557e752-5930-4eab-a310-02155c97219d', NULL, NULL, '[j]尖峰时刻', 'TERMINAL_MANUFACTURER', NULL);
INSERT INTO `zw_c_dictionary` (`id`, `pid`, `code`, `value`, `type`, `description`) VALUES ('a557e752-5930-4eab-a310-02155c97220d', NULL, NULL, '[j]甲天行', 'TERMINAL_MANUFACTURER', NULL);
INSERT INTO `zw_c_dictionary` (`id`, `pid`, `code`, `value`, `type`, `description`) VALUES ('a557e752-5930-4eab-a310-02155c97221d', NULL, NULL, '[k]康凯斯', 'TERMINAL_MANUFACTURER', NULL);
INSERT INTO `zw_c_dictionary` (`id`, `pid`, `code`, `value`, `type`, `description`) VALUES ('a557e752-5930-4eab-a310-02155c97222d', NULL, NULL, '[r]锐驰曼', 'TERMINAL_MANUFACTURER', NULL);
INSERT INTO `zw_c_dictionary` (`id`, `pid`, `code`, `value`, `type`, `description`) VALUES ('a557e752-5930-4eab-a310-02155c97223d', NULL, NULL, '[r]锐明', 'TERMINAL_MANUFACTURER', NULL);
INSERT INTO `zw_c_dictionary` (`id`, `pid`, `code`, `value`, `type`, `description`) VALUES ('a557e752-5930-4eab-a310-02155c97224d', NULL, NULL, '[s]首航', 'TERMINAL_MANUFACTURER', NULL);
INSERT INTO `zw_c_dictionary` (`id`, `pid`, `code`, `value`, `type`, `description`) VALUES ('a557e752-5930-4eab-a310-02155c97225d', NULL, NULL, '[s]深圳北航星', 'TERMINAL_MANUFACTURER', NULL);
INSERT INTO `zw_c_dictionary` (`id`, `pid`, `code`, `value`, `type`, `description`) VALUES ('a557e752-5930-4eab-a310-02155c97226d', NULL, NULL, '[t]通天行', 'TERMINAL_MANUFACTURER', NULL);
INSERT INTO `zw_c_dictionary` (`id`, `pid`, `code`, `value`, `type`, `description`) VALUES ('a557e752-5930-4eab-a310-02155c97227d', NULL, NULL, '[w]沃达孚', 'TERMINAL_MANUFACTURER', NULL);
INSERT INTO `zw_c_dictionary` (`id`, `pid`, `code`, `value`, `type`, `description`) VALUES ('a557e752-5930-4eab-a310-02155c97228d', NULL, NULL, '[w]微科通讯', 'TERMINAL_MANUFACTURER', NULL);
INSERT INTO `zw_c_dictionary` (`id`, `pid`, `code`, `value`, `type`, `description`) VALUES ('a557e752-5930-4eab-a310-02155c97229d', NULL, NULL, '[x]星瑞达', 'TERMINAL_MANUFACTURER', NULL);
INSERT INTO `zw_c_dictionary` (`id`, `pid`, `code`, `value`, `type`, `description`) VALUES ('a557e752-5930-4eab-a310-02155c97230d', NULL, NULL, '[x]讯拓科盛', 'TERMINAL_MANUFACTURER', NULL);
INSERT INTO `zw_c_dictionary` (`id`, `pid`, `code`, `value`, `type`, `description`) VALUES ('a557e752-5930-4eab-a310-02155c97231d', NULL, NULL, '[y]有为科技', 'TERMINAL_MANUFACTURER', NULL);
INSERT INTO `zw_c_dictionary` (`id`, `pid`, `code`, `value`, `type`, `description`) VALUES ('a557e752-5930-4eab-a310-02155c97232d', NULL, NULL, '[z]中天', 'TERMINAL_MANUFACTURER', NULL);

-- 报警数据
INSERT INTO zw_m_alarm_type (id,name,flag,type,sendFlag,pos) VALUES ('013527pa-bb84-11e6-a4a6-ce181932ce04','不按规定线路运行报警',1,'platAlarm',0,147);
UPDATE zw_m_alarm_parameter SET default_value = 0 WHERE id = '5b9bpa75-bc26-11e6-a4a6-cec0c932ce01' AND flag = 1;
UPDATE zw_m_alarm_type SET flag = 0 WHERE name = '违章报警';
INSERT INTO `zw_m_alarm_type` (`id`, `name`, `parent_id`, `flag`, `create_data_time`, `create_data_username`, `update_data_time`, `update_data_username`, `type`, `description`, `sendFlag`, `pos`) VALUES ('8ead046c-b3ab-416f-b693-db94abdee186', '轮胎1胎压过低报警', NULL, '1', NULL, NULL, NULL, NULL, 'sensorAlarm', NULL, '0', '14300');
INSERT INTO `zw_m_alarm_parameter` (`id`, `param_code`, `alarm_type_id`, `default_value`, `description`, `flag`, `create_data_time`, `create_data_username`, `update_data_time`, `update_data_username`, `io_monitor_id`) VALUES ('7cb19d2b-a984-48e3-a7dc-50c68e48a991', 'param1', '8ead046c-b3ab-416f-b693-db94abdee186', NULL, NULL, '1', '2019-02-26 15:40:51', NULL, NULL, NULL, NULL);
INSERT INTO `zw_m_alarm_type` (`id`, `name`, `parent_id`, `flag`, `create_data_time`, `create_data_username`, `update_data_time`, `update_data_username`, `type`, `description`, `sendFlag`, `pos`) VALUES ('4612b1df-ad9d-4a4c-90dd-561ec78c8a67', '轮胎1胎压过高报警', NULL, '1', NULL, NULL, NULL, NULL, 'sensorAlarm', NULL, '0', '14301');
INSERT INTO `zw_m_alarm_parameter` (`id`, `param_code`, `alarm_type_id`, `default_value`, `description`, `flag`, `create_data_time`, `create_data_username`, `update_data_time`, `update_data_username`, `io_monitor_id`) VALUES ('0aa2d8b9-72af-4316-bf72-7b021d5367ec', 'param1', '4612b1df-ad9d-4a4c-90dd-561ec78c8a67', NULL, NULL, '1', '2019-02-26 15:40:51', NULL, NULL, NULL, NULL);
INSERT INTO `zw_m_alarm_type` (`id`, `name`, `parent_id`, `flag`, `create_data_time`, `create_data_username`, `update_data_time`, `update_data_username`, `type`, `description`, `sendFlag`, `pos`) VALUES ('5bd73bb3-3ceb-447e-804b-c797d537ffce', '轮胎1胎温过高报警', NULL, '1', NULL, NULL, NULL, NULL, 'sensorAlarm', NULL, '0', '14302');
INSERT INTO `zw_m_alarm_parameter` (`id`, `param_code`, `alarm_type_id`, `default_value`, `description`, `flag`, `create_data_time`, `create_data_username`, `update_data_time`, `update_data_username`, `io_monitor_id`) VALUES ('9da11137-d5cb-4803-b268-d77f7cda17aa', 'param1', '5bd73bb3-3ceb-447e-804b-c797d537ffce', NULL, NULL, '1', '2019-02-26 15:40:51', NULL, NULL, NULL, NULL);
INSERT INTO `zw_m_alarm_type` (`id`, `name`, `parent_id`, `flag`, `create_data_time`, `create_data_username`, `update_data_time`, `update_data_username`, `type`, `description`, `sendFlag`, `pos`) VALUES ('76d5da54-fa18-4553-b564-fc0b80ca3544', '轮胎1传感器异常报警', NULL, '1', NULL, NULL, NULL, NULL, 'sensorAlarm', NULL, '0', '14303');
INSERT INTO `zw_m_alarm_parameter` (`id`, `param_code`, `alarm_type_id`, `default_value`, `description`, `flag`, `create_data_time`, `create_data_username`, `update_data_time`, `update_data_username`, `io_monitor_id`) VALUES ('28efd211-a4fd-490a-ac4e-a2d0496fc5f9', 'param1', '76d5da54-fa18-4553-b564-fc0b80ca3544', NULL, NULL, '1', '2019-02-26 15:40:51', NULL, NULL, NULL, NULL);
INSERT INTO `zw_m_alarm_type` (`id`, `name`, `parent_id`, `flag`, `create_data_time`, `create_data_username`, `update_data_time`, `update_data_username`, `type`, `description`, `sendFlag`, `pos`) VALUES ('9748e99f-0fd1-488b-b5f0-946389d1a4d2', '轮胎1胎压不平衡报警', NULL, '1', NULL, NULL, NULL, NULL, 'sensorAlarm', NULL, '0', '14304');
INSERT INTO `zw_m_alarm_parameter` (`id`, `param_code`, `alarm_type_id`, `default_value`, `description`, `flag`, `create_data_time`, `create_data_username`, `update_data_time`, `update_data_username`, `io_monitor_id`) VALUES ('5b721476-bb5a-42ae-a0a0-4eeec04b2bf9', 'param1', '9748e99f-0fd1-488b-b5f0-946389d1a4d2', NULL, NULL, '1', '2019-02-26 15:40:51', NULL, NULL, NULL, NULL);
INSERT INTO `zw_m_alarm_type` (`id`, `name`, `parent_id`, `flag`, `create_data_time`, `create_data_username`, `update_data_time`, `update_data_username`, `type`, `description`, `sendFlag`, `pos`) VALUES ('f81a2ad8-4b05-44a1-8ab7-cc11ca8d7588', '轮胎1慢漏气报警', NULL, '1', NULL, NULL, NULL, NULL, 'sensorAlarm', NULL, '0', '14305');
INSERT INTO `zw_m_alarm_parameter` (`id`, `param_code`, `alarm_type_id`, `default_value`, `description`, `flag`, `create_data_time`, `create_data_username`, `update_data_time`, `update_data_username`, `io_monitor_id`) VALUES ('3898d0c0-8dde-474f-bbe6-25376c0d9a2f', 'param1', 'f81a2ad8-4b05-44a1-8ab7-cc11ca8d7588', NULL, NULL, '1', '2019-02-26 15:40:51', NULL, NULL, NULL, NULL);
INSERT INTO `zw_m_alarm_type` (`id`, `name`, `parent_id`, `flag`, `create_data_time`, `create_data_username`, `update_data_time`, `update_data_username`, `type`, `description`, `sendFlag`, `pos`) VALUES ('7b4549cb-3848-41c6-b00a-e94660f27fea', '轮胎1传感器电量过低报警', NULL, '1', NULL, NULL, NULL, NULL, 'sensorAlarm', NULL, '0', '14306');
INSERT INTO `zw_m_alarm_parameter` (`id`, `param_code`, `alarm_type_id`, `default_value`, `description`, `flag`, `create_data_time`, `create_data_username`, `update_data_time`, `update_data_username`, `io_monitor_id`) VALUES ('9c3ba992-c124-4add-9d2f-e03bf72935e3', 'param1', '7b4549cb-3848-41c6-b00a-e94660f27fea', NULL, NULL, '1', '2019-02-26 15:40:51', NULL, NULL, NULL, NULL);
INSERT INTO `zw_m_alarm_type` (`id`, `name`, `parent_id`, `flag`, `create_data_time`, `create_data_username`, `update_data_time`, `update_data_username`, `type`, `description`, `sendFlag`, `pos`) VALUES ('49a0f9b2-a0de-4ab7-898d-273708faaae6', '轮胎2胎压过低报警', NULL, '1', NULL, NULL, NULL, NULL, 'sensorAlarm', NULL, '0', '14310');
INSERT INTO `zw_m_alarm_parameter` (`id`, `param_code`, `alarm_type_id`, `default_value`, `description`, `flag`, `create_data_time`, `create_data_username`, `update_data_time`, `update_data_username`, `io_monitor_id`) VALUES ('8fb041bf-442a-4776-9bf8-073e3609b582', 'param1', '49a0f9b2-a0de-4ab7-898d-273708faaae6', NULL, NULL, '1', '2019-02-26 15:40:51', NULL, NULL, NULL, NULL);
INSERT INTO `zw_m_alarm_type` (`id`, `name`, `parent_id`, `flag`, `create_data_time`, `create_data_username`, `update_data_time`, `update_data_username`, `type`, `description`, `sendFlag`, `pos`) VALUES ('cd4cff2f-d854-4cd9-af10-d3494f8f73f0', '轮胎2胎压过高报警', NULL, '1', NULL, NULL, NULL, NULL, 'sensorAlarm', NULL, '0', '14311');
INSERT INTO `zw_m_alarm_parameter` (`id`, `param_code`, `alarm_type_id`, `default_value`, `description`, `flag`, `create_data_time`, `create_data_username`, `update_data_time`, `update_data_username`, `io_monitor_id`) VALUES ('f4c0fd8d-fc8d-484a-af63-8eb35767700d', 'param1', 'cd4cff2f-d854-4cd9-af10-d3494f8f73f0', NULL, NULL, '1', '2019-02-26 15:40:51', NULL, NULL, NULL, NULL);
INSERT INTO `zw_m_alarm_type` (`id`, `name`, `parent_id`, `flag`, `create_data_time`, `create_data_username`, `update_data_time`, `update_data_username`, `type`, `description`, `sendFlag`, `pos`) VALUES ('dd72ed66-09e3-4036-9435-a81803d7ee89', '轮胎2胎温过高报警', NULL, '1', NULL, NULL, NULL, NULL, 'sensorAlarm', NULL, '0', '14312');
INSERT INTO `zw_m_alarm_parameter` (`id`, `param_code`, `alarm_type_id`, `default_value`, `description`, `flag`, `create_data_time`, `create_data_username`, `update_data_time`, `update_data_username`, `io_monitor_id`) VALUES ('fa4ce190-0dbf-4f6f-9e9b-9e2353224329', 'param1', 'dd72ed66-09e3-4036-9435-a81803d7ee89', NULL, NULL, '1', '2019-02-26 15:40:51', NULL, NULL, NULL, NULL);
INSERT INTO `zw_m_alarm_type` (`id`, `name`, `parent_id`, `flag`, `create_data_time`, `create_data_username`, `update_data_time`, `update_data_username`, `type`, `description`, `sendFlag`, `pos`) VALUES ('96b713c1-8c29-4d29-af1c-ac6a41d68432', '轮胎2传感器异常报警', NULL, '1', NULL, NULL, NULL, NULL, 'sensorAlarm', NULL, '0', '14313');
INSERT INTO `zw_m_alarm_parameter` (`id`, `param_code`, `alarm_type_id`, `default_value`, `description`, `flag`, `create_data_time`, `create_data_username`, `update_data_time`, `update_data_username`, `io_monitor_id`) VALUES ('f4823fa7-ab88-455b-8b9c-f2dddefa51e2', 'param1', '96b713c1-8c29-4d29-af1c-ac6a41d68432', NULL, NULL, '1', '2019-02-26 15:40:51', NULL, NULL, NULL, NULL);
INSERT INTO `zw_m_alarm_type` (`id`, `name`, `parent_id`, `flag`, `create_data_time`, `create_data_username`, `update_data_time`, `update_data_username`, `type`, `description`, `sendFlag`, `pos`) VALUES ('eaf29397-8aca-47ef-b4ec-d07927bcd259', '轮胎2胎压不平衡报警', NULL, '1', NULL, NULL, NULL, NULL, 'sensorAlarm', NULL, '0', '14314');
INSERT INTO `zw_m_alarm_parameter` (`id`, `param_code`, `alarm_type_id`, `default_value`, `description`, `flag`, `create_data_time`, `create_data_username`, `update_data_time`, `update_data_username`, `io_monitor_id`) VALUES ('7c6c5766-a6dc-4e04-9b31-ff0125b00bdf', 'param1', 'eaf29397-8aca-47ef-b4ec-d07927bcd259', NULL, NULL, '1', '2019-02-26 15:40:51', NULL, NULL, NULL, NULL);
INSERT INTO `zw_m_alarm_type` (`id`, `name`, `parent_id`, `flag`, `create_data_time`, `create_data_username`, `update_data_time`, `update_data_username`, `type`, `description`, `sendFlag`, `pos`) VALUES ('f0ec6a22-0463-4092-9cca-2875f6a4af04', '轮胎2慢漏气报警', NULL, '1', NULL, NULL, NULL, NULL, 'sensorAlarm', NULL, '0', '14315');
INSERT INTO `zw_m_alarm_parameter` (`id`, `param_code`, `alarm_type_id`, `default_value`, `description`, `flag`, `create_data_time`, `create_data_username`, `update_data_time`, `update_data_username`, `io_monitor_id`) VALUES ('19e43710-f00b-482e-a183-60aec646e1dd', 'param1', 'f0ec6a22-0463-4092-9cca-2875f6a4af04', NULL, NULL, '1', '2019-02-26 15:40:51', NULL, NULL, NULL, NULL);
INSERT INTO `zw_m_alarm_type` (`id`, `name`, `parent_id`, `flag`, `create_data_time`, `create_data_username`, `update_data_time`, `update_data_username`, `type`, `description`, `sendFlag`, `pos`) VALUES ('b682863e-6c2a-497b-a240-294b1dc9fc32', '轮胎2传感器电量过低报警', NULL, '1', NULL, NULL, NULL, NULL, 'sensorAlarm', NULL, '0', '14316');
INSERT INTO `zw_m_alarm_parameter` (`id`, `param_code`, `alarm_type_id`, `default_value`, `description`, `flag`, `create_data_time`, `create_data_username`, `update_data_time`, `update_data_username`, `io_monitor_id`) VALUES ('5df9792d-692d-471f-9764-3ced5ce531f1', 'param1', 'b682863e-6c2a-497b-a240-294b1dc9fc32', NULL, NULL, '1', '2019-02-26 15:40:51', NULL, NULL, NULL, NULL);
INSERT INTO `zw_m_alarm_type` (`id`, `name`, `parent_id`, `flag`, `create_data_time`, `create_data_username`, `update_data_time`, `update_data_username`, `type`, `description`, `sendFlag`, `pos`) VALUES ('8f2a62e8-6152-42b4-8cda-1b6c9c2cd9ce', '轮胎3胎压过低报警', NULL, '1', NULL, NULL, NULL, NULL, 'sensorAlarm', NULL, '0', '14320');
INSERT INTO `zw_m_alarm_parameter` (`id`, `param_code`, `alarm_type_id`, `default_value`, `description`, `flag`, `create_data_time`, `create_data_username`, `update_data_time`, `update_data_username`, `io_monitor_id`) VALUES ('5741bbf0-d879-40d7-b2b2-6cae26949a50', 'param1', '8f2a62e8-6152-42b4-8cda-1b6c9c2cd9ce', NULL, NULL, '1', '2019-02-26 15:40:51', NULL, NULL, NULL, NULL);
INSERT INTO `zw_m_alarm_type` (`id`, `name`, `parent_id`, `flag`, `create_data_time`, `create_data_username`, `update_data_time`, `update_data_username`, `type`, `description`, `sendFlag`, `pos`) VALUES ('582f02dd-b383-4699-8459-8da7a1ce0f7b', '轮胎3胎压过高报警', NULL, '1', NULL, NULL, NULL, NULL, 'sensorAlarm', NULL, '0', '14321');
INSERT INTO `zw_m_alarm_parameter` (`id`, `param_code`, `alarm_type_id`, `default_value`, `description`, `flag`, `create_data_time`, `create_data_username`, `update_data_time`, `update_data_username`, `io_monitor_id`) VALUES ('13588aed-8cf8-492b-bcb0-6a67deb371ac', 'param1', '582f02dd-b383-4699-8459-8da7a1ce0f7b', NULL, NULL, '1', '2019-02-26 15:40:51', NULL, NULL, NULL, NULL);
INSERT INTO `zw_m_alarm_type` (`id`, `name`, `parent_id`, `flag`, `create_data_time`, `create_data_username`, `update_data_time`, `update_data_username`, `type`, `description`, `sendFlag`, `pos`) VALUES ('7a72a89c-7cea-462b-bbba-0b16664be581', '轮胎3胎温过高报警', NULL, '1', NULL, NULL, NULL, NULL, 'sensorAlarm', NULL, '0', '14322');
INSERT INTO `zw_m_alarm_parameter` (`id`, `param_code`, `alarm_type_id`, `default_value`, `description`, `flag`, `create_data_time`, `create_data_username`, `update_data_time`, `update_data_username`, `io_monitor_id`) VALUES ('bbb1a88b-02f4-431b-b49c-de77c820467c', 'param1', '7a72a89c-7cea-462b-bbba-0b16664be581', NULL, NULL, '1', '2019-02-26 15:40:51', NULL, NULL, NULL, NULL);
INSERT INTO `zw_m_alarm_type` (`id`, `name`, `parent_id`, `flag`, `create_data_time`, `create_data_username`, `update_data_time`, `update_data_username`, `type`, `description`, `sendFlag`, `pos`) VALUES ('f8888be0-1c03-4b6b-8ede-af6c92cc0fe2', '轮胎3传感器异常报警', NULL, '1', NULL, NULL, NULL, NULL, 'sensorAlarm', NULL, '0', '14323');
INSERT INTO `zw_m_alarm_parameter` (`id`, `param_code`, `alarm_type_id`, `default_value`, `description`, `flag`, `create_data_time`, `create_data_username`, `update_data_time`, `update_data_username`, `io_monitor_id`) VALUES ('7b0b21ea-64f6-440d-802a-11a1cf604128', 'param1', 'f8888be0-1c03-4b6b-8ede-af6c92cc0fe2', NULL, NULL, '1', '2019-02-26 15:40:51', NULL, NULL, NULL, NULL);
INSERT INTO `zw_m_alarm_type` (`id`, `name`, `parent_id`, `flag`, `create_data_time`, `create_data_username`, `update_data_time`, `update_data_username`, `type`, `description`, `sendFlag`, `pos`) VALUES ('96a43eb2-79f1-4447-ac03-ca0bfd3583af', '轮胎3胎压不平衡报警', NULL, '1', NULL, NULL, NULL, NULL, 'sensorAlarm', NULL, '0', '14324');
INSERT INTO `zw_m_alarm_parameter` (`id`, `param_code`, `alarm_type_id`, `default_value`, `description`, `flag`, `create_data_time`, `create_data_username`, `update_data_time`, `update_data_username`, `io_monitor_id`) VALUES ('fe139c33-c4ce-431f-922c-1496868f2282', 'param1', '96a43eb2-79f1-4447-ac03-ca0bfd3583af', NULL, NULL, '1', '2019-02-26 15:40:51', NULL, NULL, NULL, NULL);
INSERT INTO `zw_m_alarm_type` (`id`, `name`, `parent_id`, `flag`, `create_data_time`, `create_data_username`, `update_data_time`, `update_data_username`, `type`, `description`, `sendFlag`, `pos`) VALUES ('c40c5bee-50c6-4bdc-8ec3-ec81e337de32', '轮胎3慢漏气报警', NULL, '1', NULL, NULL, NULL, NULL, 'sensorAlarm', NULL, '0', '14325');
INSERT INTO `zw_m_alarm_parameter` (`id`, `param_code`, `alarm_type_id`, `default_value`, `description`, `flag`, `create_data_time`, `create_data_username`, `update_data_time`, `update_data_username`, `io_monitor_id`) VALUES ('c01a083d-64e6-4e48-8a9b-52a394c72b94', 'param1', 'c40c5bee-50c6-4bdc-8ec3-ec81e337de32', NULL, NULL, '1', '2019-02-26 15:40:51', NULL, NULL, NULL, NULL);
INSERT INTO `zw_m_alarm_type` (`id`, `name`, `parent_id`, `flag`, `create_data_time`, `create_data_username`, `update_data_time`, `update_data_username`, `type`, `description`, `sendFlag`, `pos`) VALUES ('465346a8-02bb-4d25-ab8b-628ff8a0ac97', '轮胎3传感器电量过低报警', NULL, '1', NULL, NULL, NULL, NULL, 'sensorAlarm', NULL, '0', '14326');
INSERT INTO `zw_m_alarm_parameter` (`id`, `param_code`, `alarm_type_id`, `default_value`, `description`, `flag`, `create_data_time`, `create_data_username`, `update_data_time`, `update_data_username`, `io_monitor_id`) VALUES ('3009ab92-3c6d-4dd9-bd11-7d854a80c7be', 'param1', '465346a8-02bb-4d25-ab8b-628ff8a0ac97', NULL, NULL, '1', '2019-02-26 15:40:51', NULL, NULL, NULL, NULL);
INSERT INTO `zw_m_alarm_type` (`id`, `name`, `parent_id`, `flag`, `create_data_time`, `create_data_username`, `update_data_time`, `update_data_username`, `type`, `description`, `sendFlag`, `pos`) VALUES ('f817237c-812f-479a-9bc5-473085468650', '轮胎4胎压过低报警', NULL, '1', NULL, NULL, NULL, NULL, 'sensorAlarm', NULL, '0', '14330');
INSERT INTO `zw_m_alarm_parameter` (`id`, `param_code`, `alarm_type_id`, `default_value`, `description`, `flag`, `create_data_time`, `create_data_username`, `update_data_time`, `update_data_username`, `io_monitor_id`) VALUES ('4d694f10-681b-4853-aaeb-3f2f01e80000', 'param1', 'f817237c-812f-479a-9bc5-473085468650', NULL, NULL, '1', '2019-02-26 15:40:51', NULL, NULL, NULL, NULL);
INSERT INTO `zw_m_alarm_type` (`id`, `name`, `parent_id`, `flag`, `create_data_time`, `create_data_username`, `update_data_time`, `update_data_username`, `type`, `description`, `sendFlag`, `pos`) VALUES ('37a5bc2f-1e76-47d3-b231-52e59fd438ed', '轮胎4胎压过高报警', NULL, '1', NULL, NULL, NULL, NULL, 'sensorAlarm', NULL, '0', '14331');
INSERT INTO `zw_m_alarm_parameter` (`id`, `param_code`, `alarm_type_id`, `default_value`, `description`, `flag`, `create_data_time`, `create_data_username`, `update_data_time`, `update_data_username`, `io_monitor_id`) VALUES ('0517e714-6a40-4d38-ac28-170b1fe70d32', 'param1', '37a5bc2f-1e76-47d3-b231-52e59fd438ed', NULL, NULL, '1', '2019-02-26 15:40:51', NULL, NULL, NULL, NULL);
INSERT INTO `zw_m_alarm_type` (`id`, `name`, `parent_id`, `flag`, `create_data_time`, `create_data_username`, `update_data_time`, `update_data_username`, `type`, `description`, `sendFlag`, `pos`) VALUES ('b64b3297-21da-43f3-8850-d78a6cc60130', '轮胎4胎温过高报警', NULL, '1', NULL, NULL, NULL, NULL, 'sensorAlarm', NULL, '0', '14332');
INSERT INTO `zw_m_alarm_parameter` (`id`, `param_code`, `alarm_type_id`, `default_value`, `description`, `flag`, `create_data_time`, `create_data_username`, `update_data_time`, `update_data_username`, `io_monitor_id`) VALUES ('844b0509-9a86-497e-bb7a-2d6f84e87358', 'param1', 'b64b3297-21da-43f3-8850-d78a6cc60130', NULL, NULL, '1', '2019-02-26 15:40:51', NULL, NULL, NULL, NULL);
INSERT INTO `zw_m_alarm_type` (`id`, `name`, `parent_id`, `flag`, `create_data_time`, `create_data_username`, `update_data_time`, `update_data_username`, `type`, `description`, `sendFlag`, `pos`) VALUES ('0eaa6cdb-7ea9-4da3-bf38-8622bab09e60', '轮胎4传感器异常报警', NULL, '1', NULL, NULL, NULL, NULL, 'sensorAlarm', NULL, '0', '14333');
INSERT INTO `zw_m_alarm_parameter` (`id`, `param_code`, `alarm_type_id`, `default_value`, `description`, `flag`, `create_data_time`, `create_data_username`, `update_data_time`, `update_data_username`, `io_monitor_id`) VALUES ('5247f17a-48e3-4a28-8b9c-71af7b4ff3a2', 'param1', '0eaa6cdb-7ea9-4da3-bf38-8622bab09e60', NULL, NULL, '1', '2019-02-26 15:40:51', NULL, NULL, NULL, NULL);
INSERT INTO `zw_m_alarm_type` (`id`, `name`, `parent_id`, `flag`, `create_data_time`, `create_data_username`, `update_data_time`, `update_data_username`, `type`, `description`, `sendFlag`, `pos`) VALUES ('1f99c438-ba09-43e4-8d44-41aa3f81c78e', '轮胎4胎压不平衡报警', NULL, '1', NULL, NULL, NULL, NULL, 'sensorAlarm', NULL, '0', '14334');
INSERT INTO `zw_m_alarm_parameter` (`id`, `param_code`, `alarm_type_id`, `default_value`, `description`, `flag`, `create_data_time`, `create_data_username`, `update_data_time`, `update_data_username`, `io_monitor_id`) VALUES ('fae4c72c-5eac-4a71-a5c3-b5bbedd0e8f4', 'param1', '1f99c438-ba09-43e4-8d44-41aa3f81c78e', NULL, NULL, '1', '2019-02-26 15:40:51', NULL, NULL, NULL, NULL);
INSERT INTO `zw_m_alarm_type` (`id`, `name`, `parent_id`, `flag`, `create_data_time`, `create_data_username`, `update_data_time`, `update_data_username`, `type`, `description`, `sendFlag`, `pos`) VALUES ('5b303023-6ea1-4c1c-a24c-dbdf7917412b', '轮胎4慢漏气报警', NULL, '1', NULL, NULL, NULL, NULL, 'sensorAlarm', NULL, '0', '14335');
INSERT INTO `zw_m_alarm_parameter` (`id`, `param_code`, `alarm_type_id`, `default_value`, `description`, `flag`, `create_data_time`, `create_data_username`, `update_data_time`, `update_data_username`, `io_monitor_id`) VALUES ('65fec823-feac-4894-8962-fc42ea739528', 'param1', '5b303023-6ea1-4c1c-a24c-dbdf7917412b', NULL, NULL, '1', '2019-02-26 15:40:51', NULL, NULL, NULL, NULL);
INSERT INTO `zw_m_alarm_type` (`id`, `name`, `parent_id`, `flag`, `create_data_time`, `create_data_username`, `update_data_time`, `update_data_username`, `type`, `description`, `sendFlag`, `pos`) VALUES ('c47e528c-9085-4bed-a096-5d83946d03be', '轮胎4传感器电量过低报警', NULL, '1', NULL, NULL, NULL, NULL, 'sensorAlarm', NULL, '0', '14336');
INSERT INTO `zw_m_alarm_parameter` (`id`, `param_code`, `alarm_type_id`, `default_value`, `description`, `flag`, `create_data_time`, `create_data_username`, `update_data_time`, `update_data_username`, `io_monitor_id`) VALUES ('c4636f74-d3da-4f81-b440-38990f90c1bd', 'param1', 'c47e528c-9085-4bed-a096-5d83946d03be', NULL, NULL, '1', '2019-02-26 15:40:51', NULL, NULL, NULL, NULL);
INSERT INTO `zw_m_alarm_type` (`id`, `name`, `parent_id`, `flag`, `create_data_time`, `create_data_username`, `update_data_time`, `update_data_username`, `type`, `description`, `sendFlag`, `pos`) VALUES ('c6fe2eb1-752b-4a2d-9bf4-1bb705467c3d', '轮胎5胎压过低报警', NULL, '1', NULL, NULL, NULL, NULL, 'sensorAlarm', NULL, '0', '14340');
INSERT INTO `zw_m_alarm_parameter` (`id`, `param_code`, `alarm_type_id`, `default_value`, `description`, `flag`, `create_data_time`, `create_data_username`, `update_data_time`, `update_data_username`, `io_monitor_id`) VALUES ('7cd1278f-275b-441a-888c-28347694fd5b', 'param1', 'c6fe2eb1-752b-4a2d-9bf4-1bb705467c3d', NULL, NULL, '1', '2019-02-26 15:40:51', NULL, NULL, NULL, NULL);
INSERT INTO `zw_m_alarm_type` (`id`, `name`, `parent_id`, `flag`, `create_data_time`, `create_data_username`, `update_data_time`, `update_data_username`, `type`, `description`, `sendFlag`, `pos`) VALUES ('8b0bfc55-a003-446d-9c11-8311c012000a', '轮胎5胎压过高报警', NULL, '1', NULL, NULL, NULL, NULL, 'sensorAlarm', NULL, '0', '14341');
INSERT INTO `zw_m_alarm_parameter` (`id`, `param_code`, `alarm_type_id`, `default_value`, `description`, `flag`, `create_data_time`, `create_data_username`, `update_data_time`, `update_data_username`, `io_monitor_id`) VALUES ('db986d9b-42c4-442c-b57a-6058722150e1', 'param1', '8b0bfc55-a003-446d-9c11-8311c012000a', NULL, NULL, '1', '2019-02-26 15:40:51', NULL, NULL, NULL, NULL);
INSERT INTO `zw_m_alarm_type` (`id`, `name`, `parent_id`, `flag`, `create_data_time`, `create_data_username`, `update_data_time`, `update_data_username`, `type`, `description`, `sendFlag`, `pos`) VALUES ('d6673d27-47df-4b6e-9b52-16a569a32129', '轮胎5胎温过高报警', NULL, '1', NULL, NULL, NULL, NULL, 'sensorAlarm', NULL, '0', '14342');
INSERT INTO `zw_m_alarm_parameter` (`id`, `param_code`, `alarm_type_id`, `default_value`, `description`, `flag`, `create_data_time`, `create_data_username`, `update_data_time`, `update_data_username`, `io_monitor_id`) VALUES ('8a8b1fc2-f5ed-486e-8df8-24c9117025da', 'param1', 'd6673d27-47df-4b6e-9b52-16a569a32129', NULL, NULL, '1', '2019-02-26 15:40:51', NULL, NULL, NULL, NULL);
INSERT INTO `zw_m_alarm_type` (`id`, `name`, `parent_id`, `flag`, `create_data_time`, `create_data_username`, `update_data_time`, `update_data_username`, `type`, `description`, `sendFlag`, `pos`) VALUES ('09747a41-2e81-4343-a652-55193d85e371', '轮胎5传感器异常报警', NULL, '1', NULL, NULL, NULL, NULL, 'sensorAlarm', NULL, '0', '14343');
INSERT INTO `zw_m_alarm_parameter` (`id`, `param_code`, `alarm_type_id`, `default_value`, `description`, `flag`, `create_data_time`, `create_data_username`, `update_data_time`, `update_data_username`, `io_monitor_id`) VALUES ('adfefe93-cc4a-4429-90ad-fba435423418', 'param1', '09747a41-2e81-4343-a652-55193d85e371', NULL, NULL, '1', '2019-02-26 15:40:51', NULL, NULL, NULL, NULL);
INSERT INTO `zw_m_alarm_type` (`id`, `name`, `parent_id`, `flag`, `create_data_time`, `create_data_username`, `update_data_time`, `update_data_username`, `type`, `description`, `sendFlag`, `pos`) VALUES ('c8496be3-3e12-48f2-b5be-c33ad44d517e', '轮胎5胎压不平衡报警', NULL, '1', NULL, NULL, NULL, NULL, 'sensorAlarm', NULL, '0', '14344');
INSERT INTO `zw_m_alarm_parameter` (`id`, `param_code`, `alarm_type_id`, `default_value`, `description`, `flag`, `create_data_time`, `create_data_username`, `update_data_time`, `update_data_username`, `io_monitor_id`) VALUES ('9d1a4ab1-bdb6-4195-8234-a07661a2f938', 'param1', 'c8496be3-3e12-48f2-b5be-c33ad44d517e', NULL, NULL, '1', '2019-02-26 15:40:51', NULL, NULL, NULL, NULL);
INSERT INTO `zw_m_alarm_type` (`id`, `name`, `parent_id`, `flag`, `create_data_time`, `create_data_username`, `update_data_time`, `update_data_username`, `type`, `description`, `sendFlag`, `pos`) VALUES ('51c9df9a-5e34-485f-86c0-b003c1753f9f', '轮胎5慢漏气报警', NULL, '1', NULL, NULL, NULL, NULL, 'sensorAlarm', NULL, '0', '14345');
INSERT INTO `zw_m_alarm_parameter` (`id`, `param_code`, `alarm_type_id`, `default_value`, `description`, `flag`, `create_data_time`, `create_data_username`, `update_data_time`, `update_data_username`, `io_monitor_id`) VALUES ('d377e9c0-7bad-4842-9a3b-bd6483fb6a60', 'param1', '51c9df9a-5e34-485f-86c0-b003c1753f9f', NULL, NULL, '1', '2019-02-26 15:40:51', NULL, NULL, NULL, NULL);
INSERT INTO `zw_m_alarm_type` (`id`, `name`, `parent_id`, `flag`, `create_data_time`, `create_data_username`, `update_data_time`, `update_data_username`, `type`, `description`, `sendFlag`, `pos`) VALUES ('7a183a1b-d751-40bd-a684-a04472407dad', '轮胎5传感器电量过低报警', NULL, '1', NULL, NULL, NULL, NULL, 'sensorAlarm', NULL, '0', '14346');
INSERT INTO `zw_m_alarm_parameter` (`id`, `param_code`, `alarm_type_id`, `default_value`, `description`, `flag`, `create_data_time`, `create_data_username`, `update_data_time`, `update_data_username`, `io_monitor_id`) VALUES ('473d6e57-4480-48cd-9a79-116c48450ae3', 'param1', '7a183a1b-d751-40bd-a684-a04472407dad', NULL, NULL, '1', '2019-02-26 15:40:51', NULL, NULL, NULL, NULL);
INSERT INTO `zw_m_alarm_type` (`id`, `name`, `parent_id`, `flag`, `create_data_time`, `create_data_username`, `update_data_time`, `update_data_username`, `type`, `description`, `sendFlag`, `pos`) VALUES ('15c9b8d5-c8f0-4307-a650-0827072655a4', '轮胎6胎压过低报警', NULL, '1', NULL, NULL, NULL, NULL, 'sensorAlarm', NULL, '0', '14350');
INSERT INTO `zw_m_alarm_parameter` (`id`, `param_code`, `alarm_type_id`, `default_value`, `description`, `flag`, `create_data_time`, `create_data_username`, `update_data_time`, `update_data_username`, `io_monitor_id`) VALUES ('ca3c8c36-dc56-45bf-b899-0b9216ad7881', 'param1', '15c9b8d5-c8f0-4307-a650-0827072655a4', NULL, NULL, '1', '2019-02-26 15:40:51', NULL, NULL, NULL, NULL);
INSERT INTO `zw_m_alarm_type` (`id`, `name`, `parent_id`, `flag`, `create_data_time`, `create_data_username`, `update_data_time`, `update_data_username`, `type`, `description`, `sendFlag`, `pos`) VALUES ('c51e8110-379b-455f-b97c-3e8cfc2857f6', '轮胎6胎压过高报警', NULL, '1', NULL, NULL, NULL, NULL, 'sensorAlarm', NULL, '0', '14351');
INSERT INTO `zw_m_alarm_parameter` (`id`, `param_code`, `alarm_type_id`, `default_value`, `description`, `flag`, `create_data_time`, `create_data_username`, `update_data_time`, `update_data_username`, `io_monitor_id`) VALUES ('93ea21c1-6497-41d5-ab9c-e710df62ad8e', 'param1', 'c51e8110-379b-455f-b97c-3e8cfc2857f6', NULL, NULL, '1', '2019-02-26 15:40:51', NULL, NULL, NULL, NULL);
INSERT INTO `zw_m_alarm_type` (`id`, `name`, `parent_id`, `flag`, `create_data_time`, `create_data_username`, `update_data_time`, `update_data_username`, `type`, `description`, `sendFlag`, `pos`) VALUES ('8570162f-f551-406c-8967-2e2ee1a209ae', '轮胎6胎温过高报警', NULL, '1', NULL, NULL, NULL, NULL, 'sensorAlarm', NULL, '0', '14352');
INSERT INTO `zw_m_alarm_parameter` (`id`, `param_code`, `alarm_type_id`, `default_value`, `description`, `flag`, `create_data_time`, `create_data_username`, `update_data_time`, `update_data_username`, `io_monitor_id`) VALUES ('8fc94cd6-cbb2-4c22-a8f2-f73153dc0259', 'param1', '8570162f-f551-406c-8967-2e2ee1a209ae', NULL, NULL, '1', '2019-02-26 15:40:51', NULL, NULL, NULL, NULL);
INSERT INTO `zw_m_alarm_type` (`id`, `name`, `parent_id`, `flag`, `create_data_time`, `create_data_username`, `update_data_time`, `update_data_username`, `type`, `description`, `sendFlag`, `pos`) VALUES ('bebf32a9-f9e6-449b-bc1d-6d71c4edbeb9', '轮胎6传感器异常报警', NULL, '1', NULL, NULL, NULL, NULL, 'sensorAlarm', NULL, '0', '14353');
INSERT INTO `zw_m_alarm_parameter` (`id`, `param_code`, `alarm_type_id`, `default_value`, `description`, `flag`, `create_data_time`, `create_data_username`, `update_data_time`, `update_data_username`, `io_monitor_id`) VALUES ('5237c9e5-92e8-4ce9-9a2d-45da8799b50f', 'param1', 'bebf32a9-f9e6-449b-bc1d-6d71c4edbeb9', NULL, NULL, '1', '2019-02-26 15:40:51', NULL, NULL, NULL, NULL);
INSERT INTO `zw_m_alarm_type` (`id`, `name`, `parent_id`, `flag`, `create_data_time`, `create_data_username`, `update_data_time`, `update_data_username`, `type`, `description`, `sendFlag`, `pos`) VALUES ('e131429b-8e4f-4544-88c0-19a367923d37', '轮胎6胎压不平衡报警', NULL, '1', NULL, NULL, NULL, NULL, 'sensorAlarm', NULL, '0', '14354');
INSERT INTO `zw_m_alarm_parameter` (`id`, `param_code`, `alarm_type_id`, `default_value`, `description`, `flag`, `create_data_time`, `create_data_username`, `update_data_time`, `update_data_username`, `io_monitor_id`) VALUES ('4dfb89c7-61ed-4a36-9806-b6f58baf7f4d', 'param1', 'e131429b-8e4f-4544-88c0-19a367923d37', NULL, NULL, '1', '2019-02-26 15:40:51', NULL, NULL, NULL, NULL);
INSERT INTO `zw_m_alarm_type` (`id`, `name`, `parent_id`, `flag`, `create_data_time`, `create_data_username`, `update_data_time`, `update_data_username`, `type`, `description`, `sendFlag`, `pos`) VALUES ('5cecec41-7731-417b-ad1a-2df57d557aee', '轮胎6慢漏气报警', NULL, '1', NULL, NULL, NULL, NULL, 'sensorAlarm', NULL, '0', '14355');
INSERT INTO `zw_m_alarm_parameter` (`id`, `param_code`, `alarm_type_id`, `default_value`, `description`, `flag`, `create_data_time`, `create_data_username`, `update_data_time`, `update_data_username`, `io_monitor_id`) VALUES ('f5d9fd5f-c810-4d12-8eba-78476cc94b55', 'param1', '5cecec41-7731-417b-ad1a-2df57d557aee', NULL, NULL, '1', '2019-02-26 15:40:51', NULL, NULL, NULL, NULL);
INSERT INTO `zw_m_alarm_type` (`id`, `name`, `parent_id`, `flag`, `create_data_time`, `create_data_username`, `update_data_time`, `update_data_username`, `type`, `description`, `sendFlag`, `pos`) VALUES ('4f54fd95-1c39-4d95-974e-a3646dd1a6fb', '轮胎6传感器电量过低报警', NULL, '1', NULL, NULL, NULL, NULL, 'sensorAlarm', NULL, '0', '14356');
INSERT INTO `zw_m_alarm_parameter` (`id`, `param_code`, `alarm_type_id`, `default_value`, `description`, `flag`, `create_data_time`, `create_data_username`, `update_data_time`, `update_data_username`, `io_monitor_id`) VALUES ('7137173d-8c2e-4cab-8023-2cd0016568c4', 'param1', '4f54fd95-1c39-4d95-974e-a3646dd1a6fb', NULL, NULL, '1', '2019-02-26 15:40:51', NULL, NULL, NULL, NULL);
INSERT INTO `zw_m_alarm_type` (`id`, `name`, `parent_id`, `flag`, `create_data_time`, `create_data_username`, `update_data_time`, `update_data_username`, `type`, `description`, `sendFlag`, `pos`) VALUES ('9e169d27-f349-4532-bfe1-8b8e38d0a3b2', '轮胎7胎压过低报警', NULL, '1', NULL, NULL, NULL, NULL, 'sensorAlarm', NULL, '0', '14360');
INSERT INTO `zw_m_alarm_parameter` (`id`, `param_code`, `alarm_type_id`, `default_value`, `description`, `flag`, `create_data_time`, `create_data_username`, `update_data_time`, `update_data_username`, `io_monitor_id`) VALUES ('166fb435-a491-43d3-8615-efe790016629', 'param1', '9e169d27-f349-4532-bfe1-8b8e38d0a3b2', NULL, NULL, '1', '2019-02-26 15:40:51', NULL, NULL, NULL, NULL);
INSERT INTO `zw_m_alarm_type` (`id`, `name`, `parent_id`, `flag`, `create_data_time`, `create_data_username`, `update_data_time`, `update_data_username`, `type`, `description`, `sendFlag`, `pos`) VALUES ('eb463ab6-91d0-4c9b-8073-1cff4417111c', '轮胎7胎压过高报警', NULL, '1', NULL, NULL, NULL, NULL, 'sensorAlarm', NULL, '0', '14361');
INSERT INTO `zw_m_alarm_parameter` (`id`, `param_code`, `alarm_type_id`, `default_value`, `description`, `flag`, `create_data_time`, `create_data_username`, `update_data_time`, `update_data_username`, `io_monitor_id`) VALUES ('abb14d32-d913-4179-97b6-c4a9b756d701', 'param1', 'eb463ab6-91d0-4c9b-8073-1cff4417111c', NULL, NULL, '1', '2019-02-26 15:40:51', NULL, NULL, NULL, NULL);
INSERT INTO `zw_m_alarm_type` (`id`, `name`, `parent_id`, `flag`, `create_data_time`, `create_data_username`, `update_data_time`, `update_data_username`, `type`, `description`, `sendFlag`, `pos`) VALUES ('b2cc7c4f-c40d-4c5e-ab63-77f2f04e4eb3', '轮胎7胎温过高报警', NULL, '1', NULL, NULL, NULL, NULL, 'sensorAlarm', NULL, '0', '14362');
INSERT INTO `zw_m_alarm_parameter` (`id`, `param_code`, `alarm_type_id`, `default_value`, `description`, `flag`, `create_data_time`, `create_data_username`, `update_data_time`, `update_data_username`, `io_monitor_id`) VALUES ('fc0b0d68-433b-4d81-815a-7647332a81b1', 'param1', 'b2cc7c4f-c40d-4c5e-ab63-77f2f04e4eb3', NULL, NULL, '1', '2019-02-26 15:40:51', NULL, NULL, NULL, NULL);
INSERT INTO `zw_m_alarm_type` (`id`, `name`, `parent_id`, `flag`, `create_data_time`, `create_data_username`, `update_data_time`, `update_data_username`, `type`, `description`, `sendFlag`, `pos`) VALUES ('9a88ba0f-59f2-4aad-8713-5cafa6fa7b45', '轮胎7传感器异常报警', NULL, '1', NULL, NULL, NULL, NULL, 'sensorAlarm', NULL, '0', '14363');
INSERT INTO `zw_m_alarm_parameter` (`id`, `param_code`, `alarm_type_id`, `default_value`, `description`, `flag`, `create_data_time`, `create_data_username`, `update_data_time`, `update_data_username`, `io_monitor_id`) VALUES ('d00bcb5c-f1a0-4faf-ae52-3962594f3e58', 'param1', '9a88ba0f-59f2-4aad-8713-5cafa6fa7b45', NULL, NULL, '1', '2019-02-26 15:40:51', NULL, NULL, NULL, NULL);
INSERT INTO `zw_m_alarm_type` (`id`, `name`, `parent_id`, `flag`, `create_data_time`, `create_data_username`, `update_data_time`, `update_data_username`, `type`, `description`, `sendFlag`, `pos`) VALUES ('42c2bdac-007e-466b-adff-16db0096127c', '轮胎7胎压不平衡报警', NULL, '1', NULL, NULL, NULL, NULL, 'sensorAlarm', NULL, '0', '14364');
INSERT INTO `zw_m_alarm_parameter` (`id`, `param_code`, `alarm_type_id`, `default_value`, `description`, `flag`, `create_data_time`, `create_data_username`, `update_data_time`, `update_data_username`, `io_monitor_id`) VALUES ('9f41499b-ceff-4b16-be9f-45eea9ee5b3e', 'param1', '42c2bdac-007e-466b-adff-16db0096127c', NULL, NULL, '1', '2019-02-26 15:40:51', NULL, NULL, NULL, NULL);
INSERT INTO `zw_m_alarm_type` (`id`, `name`, `parent_id`, `flag`, `create_data_time`, `create_data_username`, `update_data_time`, `update_data_username`, `type`, `description`, `sendFlag`, `pos`) VALUES ('2dc2925b-99f6-4d4a-a79b-c3404d7b09f5', '轮胎7慢漏气报警', NULL, '1', NULL, NULL, NULL, NULL, 'sensorAlarm', NULL, '0', '14365');
INSERT INTO `zw_m_alarm_parameter` (`id`, `param_code`, `alarm_type_id`, `default_value`, `description`, `flag`, `create_data_time`, `create_data_username`, `update_data_time`, `update_data_username`, `io_monitor_id`) VALUES ('e043bae8-06b4-4cfb-804a-d7dbc8633d83', 'param1', '2dc2925b-99f6-4d4a-a79b-c3404d7b09f5', NULL, NULL, '1', '2019-02-26 15:40:51', NULL, NULL, NULL, NULL);
INSERT INTO `zw_m_alarm_type` (`id`, `name`, `parent_id`, `flag`, `create_data_time`, `create_data_username`, `update_data_time`, `update_data_username`, `type`, `description`, `sendFlag`, `pos`) VALUES ('5d08347d-679d-4467-9e9c-b290ca562d1c', '轮胎7传感器电量过低报警', NULL, '1', NULL, NULL, NULL, NULL, 'sensorAlarm', NULL, '0', '14366');
INSERT INTO `zw_m_alarm_parameter` (`id`, `param_code`, `alarm_type_id`, `default_value`, `description`, `flag`, `create_data_time`, `create_data_username`, `update_data_time`, `update_data_username`, `io_monitor_id`) VALUES ('45cdabbf-f1b4-4437-8383-fd5d2a9a2bc6', 'param1', '5d08347d-679d-4467-9e9c-b290ca562d1c', NULL, NULL, '1', '2019-02-26 15:40:51', NULL, NULL, NULL, NULL);
INSERT INTO `zw_m_alarm_type` (`id`, `name`, `parent_id`, `flag`, `create_data_time`, `create_data_username`, `update_data_time`, `update_data_username`, `type`, `description`, `sendFlag`, `pos`) VALUES ('acac3fae-1106-42ae-99d5-14dfd9e01666', '轮胎8胎压过低报警', NULL, '1', NULL, NULL, NULL, NULL, 'sensorAlarm', NULL, '0', '14370');
INSERT INTO `zw_m_alarm_parameter` (`id`, `param_code`, `alarm_type_id`, `default_value`, `description`, `flag`, `create_data_time`, `create_data_username`, `update_data_time`, `update_data_username`, `io_monitor_id`) VALUES ('7824a4a9-12f0-4606-a18f-cf53a6b213fd', 'param1', 'acac3fae-1106-42ae-99d5-14dfd9e01666', NULL, NULL, '1', '2019-02-26 15:40:51', NULL, NULL, NULL, NULL);
INSERT INTO `zw_m_alarm_type` (`id`, `name`, `parent_id`, `flag`, `create_data_time`, `create_data_username`, `update_data_time`, `update_data_username`, `type`, `description`, `sendFlag`, `pos`) VALUES ('04614d45-8b78-4e62-a09c-5900c67a97a9', '轮胎8胎压过高报警', NULL, '1', NULL, NULL, NULL, NULL, 'sensorAlarm', NULL, '0', '14371');
INSERT INTO `zw_m_alarm_parameter` (`id`, `param_code`, `alarm_type_id`, `default_value`, `description`, `flag`, `create_data_time`, `create_data_username`, `update_data_time`, `update_data_username`, `io_monitor_id`) VALUES ('cb202503-cabe-4ab8-98b3-3db3e9a559fa', 'param1', '04614d45-8b78-4e62-a09c-5900c67a97a9', NULL, NULL, '1', '2019-02-26 15:40:51', NULL, NULL, NULL, NULL);
INSERT INTO `zw_m_alarm_type` (`id`, `name`, `parent_id`, `flag`, `create_data_time`, `create_data_username`, `update_data_time`, `update_data_username`, `type`, `description`, `sendFlag`, `pos`) VALUES ('a4db6889-c0f9-46dc-90dd-af73b9bd64ae', '轮胎8胎温过高报警', NULL, '1', NULL, NULL, NULL, NULL, 'sensorAlarm', NULL, '0', '14372');
INSERT INTO `zw_m_alarm_parameter` (`id`, `param_code`, `alarm_type_id`, `default_value`, `description`, `flag`, `create_data_time`, `create_data_username`, `update_data_time`, `update_data_username`, `io_monitor_id`) VALUES ('f7360028-4820-40d9-b750-d912dc55d1e1', 'param1', 'a4db6889-c0f9-46dc-90dd-af73b9bd64ae', NULL, NULL, '1', '2019-02-26 15:40:51', NULL, NULL, NULL, NULL);
INSERT INTO `zw_m_alarm_type` (`id`, `name`, `parent_id`, `flag`, `create_data_time`, `create_data_username`, `update_data_time`, `update_data_username`, `type`, `description`, `sendFlag`, `pos`) VALUES ('af653e89-9447-4ecd-b3d5-fb1aff059077', '轮胎8传感器异常报警', NULL, '1', NULL, NULL, NULL, NULL, 'sensorAlarm', NULL, '0', '14373');
INSERT INTO `zw_m_alarm_parameter` (`id`, `param_code`, `alarm_type_id`, `default_value`, `description`, `flag`, `create_data_time`, `create_data_username`, `update_data_time`, `update_data_username`, `io_monitor_id`) VALUES ('c676506b-0d0a-4521-8e5b-702b91239e35', 'param1', 'af653e89-9447-4ecd-b3d5-fb1aff059077', NULL, NULL, '1', '2019-02-26 15:40:51', NULL, NULL, NULL, NULL);
INSERT INTO `zw_m_alarm_type` (`id`, `name`, `parent_id`, `flag`, `create_data_time`, `create_data_username`, `update_data_time`, `update_data_username`, `type`, `description`, `sendFlag`, `pos`) VALUES ('6c099b80-f95d-41a0-8c1e-a4b829b19a52', '轮胎8胎压不平衡报警', NULL, '1', NULL, NULL, NULL, NULL, 'sensorAlarm', NULL, '0', '14374');
INSERT INTO `zw_m_alarm_parameter` (`id`, `param_code`, `alarm_type_id`, `default_value`, `description`, `flag`, `create_data_time`, `create_data_username`, `update_data_time`, `update_data_username`, `io_monitor_id`) VALUES ('70e5af84-20cb-47b2-ad23-6f018186824e', 'param1', '6c099b80-f95d-41a0-8c1e-a4b829b19a52', NULL, NULL, '1', '2019-02-26 15:40:51', NULL, NULL, NULL, NULL);
INSERT INTO `zw_m_alarm_type` (`id`, `name`, `parent_id`, `flag`, `create_data_time`, `create_data_username`, `update_data_time`, `update_data_username`, `type`, `description`, `sendFlag`, `pos`) VALUES ('40463076-ddd5-4504-b313-51d9e3b31b4f', '轮胎8慢漏气报警', NULL, '1', NULL, NULL, NULL, NULL, 'sensorAlarm', NULL, '0', '14375');
INSERT INTO `zw_m_alarm_parameter` (`id`, `param_code`, `alarm_type_id`, `default_value`, `description`, `flag`, `create_data_time`, `create_data_username`, `update_data_time`, `update_data_username`, `io_monitor_id`) VALUES ('e7165dd7-69e1-4200-9c63-588dbd05252d', 'param1', '40463076-ddd5-4504-b313-51d9e3b31b4f', NULL, NULL, '1', '2019-02-26 15:40:51', NULL, NULL, NULL, NULL);
INSERT INTO `zw_m_alarm_type` (`id`, `name`, `parent_id`, `flag`, `create_data_time`, `create_data_username`, `update_data_time`, `update_data_username`, `type`, `description`, `sendFlag`, `pos`) VALUES ('166b0f36-1bfb-473a-a073-4584b90a85a1', '轮胎8传感器电量过低报警', NULL, '1', NULL, NULL, NULL, NULL, 'sensorAlarm', NULL, '0', '14376');
INSERT INTO `zw_m_alarm_parameter` (`id`, `param_code`, `alarm_type_id`, `default_value`, `description`, `flag`, `create_data_time`, `create_data_username`, `update_data_time`, `update_data_username`, `io_monitor_id`) VALUES ('b73af41c-343b-422e-97cd-a3d4ae958237', 'param1', '166b0f36-1bfb-473a-a073-4584b90a85a1', NULL, NULL, '1', '2019-02-26 15:40:51', NULL, NULL, NULL, NULL);
INSERT INTO `zw_m_alarm_type` (`id`, `name`, `parent_id`, `flag`, `create_data_time`, `create_data_username`, `update_data_time`, `update_data_username`, `type`, `description`, `sendFlag`, `pos`) VALUES ('a3f18210-71a5-4d9c-bf31-20abe5deaf47', '轮胎9胎压过低报警', NULL, '1', NULL, NULL, NULL, NULL, 'sensorAlarm', NULL, '0', '14380');
INSERT INTO `zw_m_alarm_parameter` (`id`, `param_code`, `alarm_type_id`, `default_value`, `description`, `flag`, `create_data_time`, `create_data_username`, `update_data_time`, `update_data_username`, `io_monitor_id`) VALUES ('3b7fa37f-b984-4af6-a232-4b1f4d41e895', 'param1', 'a3f18210-71a5-4d9c-bf31-20abe5deaf47', NULL, NULL, '1', '2019-02-26 15:40:51', NULL, NULL, NULL, NULL);
INSERT INTO `zw_m_alarm_type` (`id`, `name`, `parent_id`, `flag`, `create_data_time`, `create_data_username`, `update_data_time`, `update_data_username`, `type`, `description`, `sendFlag`, `pos`) VALUES ('9acd6d39-761c-480b-8126-e14f19f15b0d', '轮胎9胎压过高报警', NULL, '1', NULL, NULL, NULL, NULL, 'sensorAlarm', NULL, '0', '14381');
INSERT INTO `zw_m_alarm_parameter` (`id`, `param_code`, `alarm_type_id`, `default_value`, `description`, `flag`, `create_data_time`, `create_data_username`, `update_data_time`, `update_data_username`, `io_monitor_id`) VALUES ('1e81034b-5b16-498d-a4bd-ac3ffa8b6985', 'param1', '9acd6d39-761c-480b-8126-e14f19f15b0d', NULL, NULL, '1', '2019-02-26 15:40:51', NULL, NULL, NULL, NULL);
INSERT INTO `zw_m_alarm_type` (`id`, `name`, `parent_id`, `flag`, `create_data_time`, `create_data_username`, `update_data_time`, `update_data_username`, `type`, `description`, `sendFlag`, `pos`) VALUES ('e367cfac-39c5-43f4-b67f-2a04bf8a4cab', '轮胎9胎温过高报警', NULL, '1', NULL, NULL, NULL, NULL, 'sensorAlarm', NULL, '0', '14382');
INSERT INTO `zw_m_alarm_parameter` (`id`, `param_code`, `alarm_type_id`, `default_value`, `description`, `flag`, `create_data_time`, `create_data_username`, `update_data_time`, `update_data_username`, `io_monitor_id`) VALUES ('f33a6cc3-acce-439c-b8e0-7eb80004749c', 'param1', 'e367cfac-39c5-43f4-b67f-2a04bf8a4cab', NULL, NULL, '1', '2019-02-26 15:40:51', NULL, NULL, NULL, NULL);
INSERT INTO `zw_m_alarm_type` (`id`, `name`, `parent_id`, `flag`, `create_data_time`, `create_data_username`, `update_data_time`, `update_data_username`, `type`, `description`, `sendFlag`, `pos`) VALUES ('ee01354a-68c3-4fd6-ac3a-38d544a2c148', '轮胎9传感器异常报警', NULL, '1', NULL, NULL, NULL, NULL, 'sensorAlarm', NULL, '0', '14383');
INSERT INTO `zw_m_alarm_parameter` (`id`, `param_code`, `alarm_type_id`, `default_value`, `description`, `flag`, `create_data_time`, `create_data_username`, `update_data_time`, `update_data_username`, `io_monitor_id`) VALUES ('483bd53c-b1d5-41c2-af49-ee00f9c41844', 'param1', 'ee01354a-68c3-4fd6-ac3a-38d544a2c148', NULL, NULL, '1', '2019-02-26 15:40:51', NULL, NULL, NULL, NULL);
INSERT INTO `zw_m_alarm_type` (`id`, `name`, `parent_id`, `flag`, `create_data_time`, `create_data_username`, `update_data_time`, `update_data_username`, `type`, `description`, `sendFlag`, `pos`) VALUES ('719ec07c-b007-4647-9bfb-e9b71033b3bd', '轮胎9胎压不平衡报警', NULL, '1', NULL, NULL, NULL, NULL, 'sensorAlarm', NULL, '0', '14384');
INSERT INTO `zw_m_alarm_parameter` (`id`, `param_code`, `alarm_type_id`, `default_value`, `description`, `flag`, `create_data_time`, `create_data_username`, `update_data_time`, `update_data_username`, `io_monitor_id`) VALUES ('6c9e32cd-d8a1-4c61-81f7-45ef4b4c431a', 'param1', '719ec07c-b007-4647-9bfb-e9b71033b3bd', NULL, NULL, '1', '2019-02-26 15:40:51', NULL, NULL, NULL, NULL);
INSERT INTO `zw_m_alarm_type` (`id`, `name`, `parent_id`, `flag`, `create_data_time`, `create_data_username`, `update_data_time`, `update_data_username`, `type`, `description`, `sendFlag`, `pos`) VALUES ('0036d098-d14f-4917-8347-cd3fe05f4c93', '轮胎9慢漏气报警', NULL, '1', NULL, NULL, NULL, NULL, 'sensorAlarm', NULL, '0', '14385');
INSERT INTO `zw_m_alarm_parameter` (`id`, `param_code`, `alarm_type_id`, `default_value`, `description`, `flag`, `create_data_time`, `create_data_username`, `update_data_time`, `update_data_username`, `io_monitor_id`) VALUES ('eda833bf-1a72-4077-8e80-14792a934548', 'param1', '0036d098-d14f-4917-8347-cd3fe05f4c93', NULL, NULL, '1', '2019-02-26 15:40:51', NULL, NULL, NULL, NULL);
INSERT INTO `zw_m_alarm_type` (`id`, `name`, `parent_id`, `flag`, `create_data_time`, `create_data_username`, `update_data_time`, `update_data_username`, `type`, `description`, `sendFlag`, `pos`) VALUES ('ac38000a-8b3d-49a4-975c-d75210cdda87', '轮胎9传感器电量过低报警', NULL, '1', NULL, NULL, NULL, NULL, 'sensorAlarm', NULL, '0', '14386');
INSERT INTO `zw_m_alarm_parameter` (`id`, `param_code`, `alarm_type_id`, `default_value`, `description`, `flag`, `create_data_time`, `create_data_username`, `update_data_time`, `update_data_username`, `io_monitor_id`) VALUES ('9191b291-107a-44c5-a8e9-dbfefb34131f', 'param1', 'ac38000a-8b3d-49a4-975c-d75210cdda87', NULL, NULL, '1', '2019-02-26 15:40:51', NULL, NULL, NULL, NULL);
INSERT INTO `zw_m_alarm_type` (`id`, `name`, `parent_id`, `flag`, `create_data_time`, `create_data_username`, `update_data_time`, `update_data_username`, `type`, `description`, `sendFlag`, `pos`) VALUES ('7bce3fdc-3b39-4b79-886a-0baa250651c6', '轮胎10胎压过低报警', NULL, '1', NULL, NULL, NULL, NULL, 'sensorAlarm', NULL, '0', '14390');
INSERT INTO `zw_m_alarm_parameter` (`id`, `param_code`, `alarm_type_id`, `default_value`, `description`, `flag`, `create_data_time`, `create_data_username`, `update_data_time`, `update_data_username`, `io_monitor_id`) VALUES ('39aa41b1-fffb-4341-8c9b-82fb5f981ae0', 'param1', '7bce3fdc-3b39-4b79-886a-0baa250651c6', NULL, NULL, '1', '2019-02-26 15:40:51', NULL, NULL, NULL, NULL);
INSERT INTO `zw_m_alarm_type` (`id`, `name`, `parent_id`, `flag`, `create_data_time`, `create_data_username`, `update_data_time`, `update_data_username`, `type`, `description`, `sendFlag`, `pos`) VALUES ('beabdb38-d072-4014-b498-681dc31bfa2b', '轮胎10胎压过高报警', NULL, '1', NULL, NULL, NULL, NULL, 'sensorAlarm', NULL, '0', '14391');
INSERT INTO `zw_m_alarm_parameter` (`id`, `param_code`, `alarm_type_id`, `default_value`, `description`, `flag`, `create_data_time`, `create_data_username`, `update_data_time`, `update_data_username`, `io_monitor_id`) VALUES ('98b83dca-29f2-4674-9f2d-a78f031ab2c5', 'param1', 'beabdb38-d072-4014-b498-681dc31bfa2b', NULL, NULL, '1', '2019-02-26 15:40:51', NULL, NULL, NULL, NULL);
INSERT INTO `zw_m_alarm_type` (`id`, `name`, `parent_id`, `flag`, `create_data_time`, `create_data_username`, `update_data_time`, `update_data_username`, `type`, `description`, `sendFlag`, `pos`) VALUES ('8c41586f-78d1-441d-b923-f5fc2d51c630', '轮胎10胎温过高报警', NULL, '1', NULL, NULL, NULL, NULL, 'sensorAlarm', NULL, '0', '14392');
INSERT INTO `zw_m_alarm_parameter` (`id`, `param_code`, `alarm_type_id`, `default_value`, `description`, `flag`, `create_data_time`, `create_data_username`, `update_data_time`, `update_data_username`, `io_monitor_id`) VALUES ('f7fa9efe-9da8-45dd-ba9c-e4be1716f73b', 'param1', '8c41586f-78d1-441d-b923-f5fc2d51c630', NULL, NULL, '1', '2019-02-26 15:40:51', NULL, NULL, NULL, NULL);
INSERT INTO `zw_m_alarm_type` (`id`, `name`, `parent_id`, `flag`, `create_data_time`, `create_data_username`, `update_data_time`, `update_data_username`, `type`, `description`, `sendFlag`, `pos`) VALUES ('f2684b28-af63-4702-92b7-cbb4b0583864', '轮胎10传感器异常报警', NULL, '1', NULL, NULL, NULL, NULL, 'sensorAlarm', NULL, '0', '14393');
INSERT INTO `zw_m_alarm_parameter` (`id`, `param_code`, `alarm_type_id`, `default_value`, `description`, `flag`, `create_data_time`, `create_data_username`, `update_data_time`, `update_data_username`, `io_monitor_id`) VALUES ('299bd000-13d9-468c-8407-ce55a979a5fe', 'param1', 'f2684b28-af63-4702-92b7-cbb4b0583864', NULL, NULL, '1', '2019-02-26 15:40:51', NULL, NULL, NULL, NULL);
INSERT INTO `zw_m_alarm_type` (`id`, `name`, `parent_id`, `flag`, `create_data_time`, `create_data_username`, `update_data_time`, `update_data_username`, `type`, `description`, `sendFlag`, `pos`) VALUES ('a2dbf25d-1450-4974-b185-d55bcfcfcc34', '轮胎10胎压不平衡报警', NULL, '1', NULL, NULL, NULL, NULL, 'sensorAlarm', NULL, '0', '14394');
INSERT INTO `zw_m_alarm_parameter` (`id`, `param_code`, `alarm_type_id`, `default_value`, `description`, `flag`, `create_data_time`, `create_data_username`, `update_data_time`, `update_data_username`, `io_monitor_id`) VALUES ('bdc1fb81-a73d-43aa-9505-428236feb94f', 'param1', 'a2dbf25d-1450-4974-b185-d55bcfcfcc34', NULL, NULL, '1', '2019-02-26 15:40:51', NULL, NULL, NULL, NULL);
INSERT INTO `zw_m_alarm_type` (`id`, `name`, `parent_id`, `flag`, `create_data_time`, `create_data_username`, `update_data_time`, `update_data_username`, `type`, `description`, `sendFlag`, `pos`) VALUES ('39e0b839-b6f5-4ba9-95db-69cfe95c116e', '轮胎10慢漏气报警', NULL, '1', NULL, NULL, NULL, NULL, 'sensorAlarm', NULL, '0', '14395');
INSERT INTO `zw_m_alarm_parameter` (`id`, `param_code`, `alarm_type_id`, `default_value`, `description`, `flag`, `create_data_time`, `create_data_username`, `update_data_time`, `update_data_username`, `io_monitor_id`) VALUES ('396ac80b-6965-48e2-9d9c-2da4c4763f90', 'param1', '39e0b839-b6f5-4ba9-95db-69cfe95c116e', NULL, NULL, '1', '2019-02-26 15:40:51', NULL, NULL, NULL, NULL);
INSERT INTO `zw_m_alarm_type` (`id`, `name`, `parent_id`, `flag`, `create_data_time`, `create_data_username`, `update_data_time`, `update_data_username`, `type`, `description`, `sendFlag`, `pos`) VALUES ('3c231534-f4a2-4a50-bad5-39861a8f28d4', '轮胎10传感器电量过低报警', NULL, '1', NULL, NULL, NULL, NULL, 'sensorAlarm', NULL, '0', '14396');
INSERT INTO `zw_m_alarm_parameter` (`id`, `param_code`, `alarm_type_id`, `default_value`, `description`, `flag`, `create_data_time`, `create_data_username`, `update_data_time`, `update_data_username`, `io_monitor_id`) VALUES ('bdbfddf8-3bb8-437b-a889-1c7f7805309f', 'param1', '3c231534-f4a2-4a50-bad5-39861a8f28d4', NULL, NULL, '1', '2019-02-26 15:40:51', NULL, NULL, NULL, NULL);
INSERT INTO `zw_m_alarm_type` (`id`, `name`, `parent_id`, `flag`, `create_data_time`, `create_data_username`, `update_data_time`, `update_data_username`, `type`, `description`, `sendFlag`, `pos`) VALUES ('2a642662-e4a6-40fd-98c0-fffce2911480', '轮胎11胎压过低报警', NULL, '1', NULL, NULL, NULL, NULL, 'sensorAlarm', NULL, '0', '143100');
INSERT INTO `zw_m_alarm_parameter` (`id`, `param_code`, `alarm_type_id`, `default_value`, `description`, `flag`, `create_data_time`, `create_data_username`, `update_data_time`, `update_data_username`, `io_monitor_id`) VALUES ('4f8a6161-45e8-4b9e-b513-e053ea146011', 'param1', '2a642662-e4a6-40fd-98c0-fffce2911480', NULL, NULL, '1', '2019-02-26 15:40:51', NULL, NULL, NULL, NULL);
INSERT INTO `zw_m_alarm_type` (`id`, `name`, `parent_id`, `flag`, `create_data_time`, `create_data_username`, `update_data_time`, `update_data_username`, `type`, `description`, `sendFlag`, `pos`) VALUES ('9de806c3-48f3-4a9e-aa4b-86e259538264', '轮胎11胎压过高报警', NULL, '1', NULL, NULL, NULL, NULL, 'sensorAlarm', NULL, '0', '143101');
INSERT INTO `zw_m_alarm_parameter` (`id`, `param_code`, `alarm_type_id`, `default_value`, `description`, `flag`, `create_data_time`, `create_data_username`, `update_data_time`, `update_data_username`, `io_monitor_id`) VALUES ('688de376-8da8-4e15-9827-6f1b8475b64c', 'param1', '9de806c3-48f3-4a9e-aa4b-86e259538264', NULL, NULL, '1', '2019-02-26 15:40:51', NULL, NULL, NULL, NULL);
INSERT INTO `zw_m_alarm_type` (`id`, `name`, `parent_id`, `flag`, `create_data_time`, `create_data_username`, `update_data_time`, `update_data_username`, `type`, `description`, `sendFlag`, `pos`) VALUES ('4d0767ce-bbe6-4b71-b5f3-c2156f817305', '轮胎11胎温过高报警', NULL, '1', NULL, NULL, NULL, NULL, 'sensorAlarm', NULL, '0', '143102');
INSERT INTO `zw_m_alarm_parameter` (`id`, `param_code`, `alarm_type_id`, `default_value`, `description`, `flag`, `create_data_time`, `create_data_username`, `update_data_time`, `update_data_username`, `io_monitor_id`) VALUES ('f320f89e-11df-41fb-ab8c-3e552291ad72', 'param1', '4d0767ce-bbe6-4b71-b5f3-c2156f817305', NULL, NULL, '1', '2019-02-26 15:40:51', NULL, NULL, NULL, NULL);
INSERT INTO `zw_m_alarm_type` (`id`, `name`, `parent_id`, `flag`, `create_data_time`, `create_data_username`, `update_data_time`, `update_data_username`, `type`, `description`, `sendFlag`, `pos`) VALUES ('ca36a275-8299-413e-88a3-8983ebe9ea31', '轮胎11传感器异常报警', NULL, '1', NULL, NULL, NULL, NULL, 'sensorAlarm', NULL, '0', '143103');
INSERT INTO `zw_m_alarm_parameter` (`id`, `param_code`, `alarm_type_id`, `default_value`, `description`, `flag`, `create_data_time`, `create_data_username`, `update_data_time`, `update_data_username`, `io_monitor_id`) VALUES ('5da49aa4-502c-4cbe-b9b7-8c03a1dcc10e', 'param1', 'ca36a275-8299-413e-88a3-8983ebe9ea31', NULL, NULL, '1', '2019-02-26 15:40:51', NULL, NULL, NULL, NULL);
INSERT INTO `zw_m_alarm_type` (`id`, `name`, `parent_id`, `flag`, `create_data_time`, `create_data_username`, `update_data_time`, `update_data_username`, `type`, `description`, `sendFlag`, `pos`) VALUES ('682c7284-1977-44b4-afa6-94509aad8b98', '轮胎11胎压不平衡报警', NULL, '1', NULL, NULL, NULL, NULL, 'sensorAlarm', NULL, '0', '143104');
INSERT INTO `zw_m_alarm_parameter` (`id`, `param_code`, `alarm_type_id`, `default_value`, `description`, `flag`, `create_data_time`, `create_data_username`, `update_data_time`, `update_data_username`, `io_monitor_id`) VALUES ('10e3af37-609d-418a-adf8-8032d2545108', 'param1', '682c7284-1977-44b4-afa6-94509aad8b98', NULL, NULL, '1', '2019-02-26 15:40:51', NULL, NULL, NULL, NULL);
INSERT INTO `zw_m_alarm_type` (`id`, `name`, `parent_id`, `flag`, `create_data_time`, `create_data_username`, `update_data_time`, `update_data_username`, `type`, `description`, `sendFlag`, `pos`) VALUES ('6a105c21-0005-43b3-90d6-cff2fa1bee3b', '轮胎11慢漏气报警', NULL, '1', NULL, NULL, NULL, NULL, 'sensorAlarm', NULL, '0', '143105');
INSERT INTO `zw_m_alarm_parameter` (`id`, `param_code`, `alarm_type_id`, `default_value`, `description`, `flag`, `create_data_time`, `create_data_username`, `update_data_time`, `update_data_username`, `io_monitor_id`) VALUES ('a2889c55-ac49-4b88-ad1c-8bb0067aec09', 'param1', '6a105c21-0005-43b3-90d6-cff2fa1bee3b', NULL, NULL, '1', '2019-02-26 15:40:51', NULL, NULL, NULL, NULL);
INSERT INTO `zw_m_alarm_type` (`id`, `name`, `parent_id`, `flag`, `create_data_time`, `create_data_username`, `update_data_time`, `update_data_username`, `type`, `description`, `sendFlag`, `pos`) VALUES ('3fbd3747-55a6-46ec-8a43-b75888d78cbb', '轮胎11传感器电量过低报警', NULL, '1', NULL, NULL, NULL, NULL, 'sensorAlarm', NULL, '0', '143106');
INSERT INTO `zw_m_alarm_parameter` (`id`, `param_code`, `alarm_type_id`, `default_value`, `description`, `flag`, `create_data_time`, `create_data_username`, `update_data_time`, `update_data_username`, `io_monitor_id`) VALUES ('fc548ff6-512e-42d0-befb-d08954bd1828', 'param1', '3fbd3747-55a6-46ec-8a43-b75888d78cbb', NULL, NULL, '1', '2019-02-26 15:40:51', NULL, NULL, NULL, NULL);
INSERT INTO `zw_m_alarm_type` (`id`, `name`, `parent_id`, `flag`, `create_data_time`, `create_data_username`, `update_data_time`, `update_data_username`, `type`, `description`, `sendFlag`, `pos`) VALUES ('a0d58c1c-4f31-42dd-801c-83a1018d08f7', '轮胎12胎压过低报警', NULL, '1', NULL, NULL, NULL, NULL, 'sensorAlarm', NULL, '0', '143110');
INSERT INTO `zw_m_alarm_parameter` (`id`, `param_code`, `alarm_type_id`, `default_value`, `description`, `flag`, `create_data_time`, `create_data_username`, `update_data_time`, `update_data_username`, `io_monitor_id`) VALUES ('d6bf4255-a653-48b5-bfae-d5616f7ef388', 'param1', 'a0d58c1c-4f31-42dd-801c-83a1018d08f7', NULL, NULL, '1', '2019-02-26 15:40:51', NULL, NULL, NULL, NULL);
INSERT INTO `zw_m_alarm_type` (`id`, `name`, `parent_id`, `flag`, `create_data_time`, `create_data_username`, `update_data_time`, `update_data_username`, `type`, `description`, `sendFlag`, `pos`) VALUES ('d56b59ef-3c95-401d-ac75-1988598780ab', '轮胎12胎压过高报警', NULL, '1', NULL, NULL, NULL, NULL, 'sensorAlarm', NULL, '0', '143111');
INSERT INTO `zw_m_alarm_parameter` (`id`, `param_code`, `alarm_type_id`, `default_value`, `description`, `flag`, `create_data_time`, `create_data_username`, `update_data_time`, `update_data_username`, `io_monitor_id`) VALUES ('8c23f460-c5c6-455d-a2c7-2aca3fb8042f', 'param1', 'd56b59ef-3c95-401d-ac75-1988598780ab', NULL, NULL, '1', '2019-02-26 15:40:51', NULL, NULL, NULL, NULL);
INSERT INTO `zw_m_alarm_type` (`id`, `name`, `parent_id`, `flag`, `create_data_time`, `create_data_username`, `update_data_time`, `update_data_username`, `type`, `description`, `sendFlag`, `pos`) VALUES ('305b150e-0187-4efb-82c9-d845f6b8ff10', '轮胎12胎温过高报警', NULL, '1', NULL, NULL, NULL, NULL, 'sensorAlarm', NULL, '0', '143112');
INSERT INTO `zw_m_alarm_parameter` (`id`, `param_code`, `alarm_type_id`, `default_value`, `description`, `flag`, `create_data_time`, `create_data_username`, `update_data_time`, `update_data_username`, `io_monitor_id`) VALUES ('b62b127d-d6db-4423-995e-7bff3ee64245', 'param1', '305b150e-0187-4efb-82c9-d845f6b8ff10', NULL, NULL, '1', '2019-02-26 15:40:51', NULL, NULL, NULL, NULL);
INSERT INTO `zw_m_alarm_type` (`id`, `name`, `parent_id`, `flag`, `create_data_time`, `create_data_username`, `update_data_time`, `update_data_username`, `type`, `description`, `sendFlag`, `pos`) VALUES ('44d117e6-4760-45c9-bcd2-727dcd418456', '轮胎12传感器异常报警', NULL, '1', NULL, NULL, NULL, NULL, 'sensorAlarm', NULL, '0', '143113');
INSERT INTO `zw_m_alarm_parameter` (`id`, `param_code`, `alarm_type_id`, `default_value`, `description`, `flag`, `create_data_time`, `create_data_username`, `update_data_time`, `update_data_username`, `io_monitor_id`) VALUES ('8f4763fb-10e8-4bea-b129-1ad1388531a8', 'param1', '44d117e6-4760-45c9-bcd2-727dcd418456', NULL, NULL, '1', '2019-02-26 15:40:51', NULL, NULL, NULL, NULL);
INSERT INTO `zw_m_alarm_type` (`id`, `name`, `parent_id`, `flag`, `create_data_time`, `create_data_username`, `update_data_time`, `update_data_username`, `type`, `description`, `sendFlag`, `pos`) VALUES ('7b6baf75-cb86-4b76-a6cb-1eac2a27d6d3', '轮胎12胎压不平衡报警', NULL, '1', NULL, NULL, NULL, NULL, 'sensorAlarm', NULL, '0', '143114');
INSERT INTO `zw_m_alarm_parameter` (`id`, `param_code`, `alarm_type_id`, `default_value`, `description`, `flag`, `create_data_time`, `create_data_username`, `update_data_time`, `update_data_username`, `io_monitor_id`) VALUES ('9d54f978-a13d-4472-9530-f383b3eae0d9', 'param1', '7b6baf75-cb86-4b76-a6cb-1eac2a27d6d3', NULL, NULL, '1', '2019-02-26 15:40:51', NULL, NULL, NULL, NULL);
INSERT INTO `zw_m_alarm_type` (`id`, `name`, `parent_id`, `flag`, `create_data_time`, `create_data_username`, `update_data_time`, `update_data_username`, `type`, `description`, `sendFlag`, `pos`) VALUES ('13636e66-1fa8-4fd4-a63d-f09fafc12c15', '轮胎12慢漏气报警', NULL, '1', NULL, NULL, NULL, NULL, 'sensorAlarm', NULL, '0', '143115');
INSERT INTO `zw_m_alarm_parameter` (`id`, `param_code`, `alarm_type_id`, `default_value`, `description`, `flag`, `create_data_time`, `create_data_username`, `update_data_time`, `update_data_username`, `io_monitor_id`) VALUES ('11552507-080a-45ec-a63b-16fbfeb8f753', 'param1', '13636e66-1fa8-4fd4-a63d-f09fafc12c15', NULL, NULL, '1', '2019-02-26 15:40:51', NULL, NULL, NULL, NULL);
INSERT INTO `zw_m_alarm_type` (`id`, `name`, `parent_id`, `flag`, `create_data_time`, `create_data_username`, `update_data_time`, `update_data_username`, `type`, `description`, `sendFlag`, `pos`) VALUES ('9b48f4f7-d24e-4e42-9475-f297658fe441', '轮胎12传感器电量过低报警', NULL, '1', NULL, NULL, NULL, NULL, 'sensorAlarm', NULL, '0', '143116');
INSERT INTO `zw_m_alarm_parameter` (`id`, `param_code`, `alarm_type_id`, `default_value`, `description`, `flag`, `create_data_time`, `create_data_username`, `update_data_time`, `update_data_username`, `io_monitor_id`) VALUES ('42ed1e25-fb03-40f1-ace4-073b2893a764', 'param1', '9b48f4f7-d24e-4e42-9475-f297658fe441', NULL, NULL, '1', '2019-02-26 15:40:51', NULL, NULL, NULL, NULL);
INSERT INTO `zw_m_alarm_type` (`id`, `name`, `parent_id`, `flag`, `create_data_time`, `create_data_username`, `update_data_time`, `update_data_username`, `type`, `description`, `sendFlag`, `pos`) VALUES ('9c8cc72b-9b18-41a7-af61-b75098c10d1e', '轮胎13胎压过低报警', NULL, '1', NULL, NULL, NULL, NULL, 'sensorAlarm', NULL, '0', '143120');
INSERT INTO `zw_m_alarm_parameter` (`id`, `param_code`, `alarm_type_id`, `default_value`, `description`, `flag`, `create_data_time`, `create_data_username`, `update_data_time`, `update_data_username`, `io_monitor_id`) VALUES ('59c7f66f-0b3d-447e-a401-159b4cd5f595', 'param1', '9c8cc72b-9b18-41a7-af61-b75098c10d1e', NULL, NULL, '1', '2019-02-26 15:40:51', NULL, NULL, NULL, NULL);
INSERT INTO `zw_m_alarm_type` (`id`, `name`, `parent_id`, `flag`, `create_data_time`, `create_data_username`, `update_data_time`, `update_data_username`, `type`, `description`, `sendFlag`, `pos`) VALUES ('d11a5557-1ae7-4b7a-8824-9d1fe260f470', '轮胎13胎压过高报警', NULL, '1', NULL, NULL, NULL, NULL, 'sensorAlarm', NULL, '0', '143121');
INSERT INTO `zw_m_alarm_parameter` (`id`, `param_code`, `alarm_type_id`, `default_value`, `description`, `flag`, `create_data_time`, `create_data_username`, `update_data_time`, `update_data_username`, `io_monitor_id`) VALUES ('c2cdc17b-4980-4e9e-9808-0f0afea35ea4', 'param1', 'd11a5557-1ae7-4b7a-8824-9d1fe260f470', NULL, NULL, '1', '2019-02-26 15:40:51', NULL, NULL, NULL, NULL);
INSERT INTO `zw_m_alarm_type` (`id`, `name`, `parent_id`, `flag`, `create_data_time`, `create_data_username`, `update_data_time`, `update_data_username`, `type`, `description`, `sendFlag`, `pos`) VALUES ('6e5bfb55-c838-4d39-9410-2b6524dba220', '轮胎13胎温过高报警', NULL, '1', NULL, NULL, NULL, NULL, 'sensorAlarm', NULL, '0', '143122');
INSERT INTO `zw_m_alarm_parameter` (`id`, `param_code`, `alarm_type_id`, `default_value`, `description`, `flag`, `create_data_time`, `create_data_username`, `update_data_time`, `update_data_username`, `io_monitor_id`) VALUES ('38ff72bd-9e16-4b27-89b9-843ed57fcdaf', 'param1', '6e5bfb55-c838-4d39-9410-2b6524dba220', NULL, NULL, '1', '2019-02-26 15:40:51', NULL, NULL, NULL, NULL);
INSERT INTO `zw_m_alarm_type` (`id`, `name`, `parent_id`, `flag`, `create_data_time`, `create_data_username`, `update_data_time`, `update_data_username`, `type`, `description`, `sendFlag`, `pos`) VALUES ('4e1fee2d-dfa0-4964-9515-744b436b1e8f', '轮胎13传感器异常报警', NULL, '1', NULL, NULL, NULL, NULL, 'sensorAlarm', NULL, '0', '143123');
INSERT INTO `zw_m_alarm_parameter` (`id`, `param_code`, `alarm_type_id`, `default_value`, `description`, `flag`, `create_data_time`, `create_data_username`, `update_data_time`, `update_data_username`, `io_monitor_id`) VALUES ('9f57fe9e-9465-4771-8061-728ee0cec992', 'param1', '4e1fee2d-dfa0-4964-9515-744b436b1e8f', NULL, NULL, '1', '2019-02-26 15:40:51', NULL, NULL, NULL, NULL);
INSERT INTO `zw_m_alarm_type` (`id`, `name`, `parent_id`, `flag`, `create_data_time`, `create_data_username`, `update_data_time`, `update_data_username`, `type`, `description`, `sendFlag`, `pos`) VALUES ('a637e179-c8b5-4c9f-afed-a0b007b09386', '轮胎13胎压不平衡报警', NULL, '1', NULL, NULL, NULL, NULL, 'sensorAlarm', NULL, '0', '143124');
INSERT INTO `zw_m_alarm_parameter` (`id`, `param_code`, `alarm_type_id`, `default_value`, `description`, `flag`, `create_data_time`, `create_data_username`, `update_data_time`, `update_data_username`, `io_monitor_id`) VALUES ('952a3e7d-da4f-4010-9b7d-be9b9db06abc', 'param1', 'a637e179-c8b5-4c9f-afed-a0b007b09386', NULL, NULL, '1', '2019-02-26 15:40:51', NULL, NULL, NULL, NULL);
INSERT INTO `zw_m_alarm_type` (`id`, `name`, `parent_id`, `flag`, `create_data_time`, `create_data_username`, `update_data_time`, `update_data_username`, `type`, `description`, `sendFlag`, `pos`) VALUES ('e34095f2-7751-464d-a3a3-109036674ff6', '轮胎13慢漏气报警', NULL, '1', NULL, NULL, NULL, NULL, 'sensorAlarm', NULL, '0', '143125');
INSERT INTO `zw_m_alarm_parameter` (`id`, `param_code`, `alarm_type_id`, `default_value`, `description`, `flag`, `create_data_time`, `create_data_username`, `update_data_time`, `update_data_username`, `io_monitor_id`) VALUES ('44dd8c44-d055-4dfd-bf3d-b82606e56ecb', 'param1', 'e34095f2-7751-464d-a3a3-109036674ff6', NULL, NULL, '1', '2019-02-26 15:40:51', NULL, NULL, NULL, NULL);
INSERT INTO `zw_m_alarm_type` (`id`, `name`, `parent_id`, `flag`, `create_data_time`, `create_data_username`, `update_data_time`, `update_data_username`, `type`, `description`, `sendFlag`, `pos`) VALUES ('b2ade004-cc75-4815-a184-a27dd5c80f10', '轮胎13传感器电量过低报警', NULL, '1', NULL, NULL, NULL, NULL, 'sensorAlarm', NULL, '0', '143126');
INSERT INTO `zw_m_alarm_parameter` (`id`, `param_code`, `alarm_type_id`, `default_value`, `description`, `flag`, `create_data_time`, `create_data_username`, `update_data_time`, `update_data_username`, `io_monitor_id`) VALUES ('730e4530-7dd1-4395-bea7-72344476321d', 'param1', 'b2ade004-cc75-4815-a184-a27dd5c80f10', NULL, NULL, '1', '2019-02-26 15:40:51', NULL, NULL, NULL, NULL);
INSERT INTO `zw_m_alarm_type` (`id`, `name`, `parent_id`, `flag`, `create_data_time`, `create_data_username`, `update_data_time`, `update_data_username`, `type`, `description`, `sendFlag`, `pos`) VALUES ('9cf7b6cf-ca00-4021-9ace-e2793f96cdd7', '轮胎14胎压过低报警', NULL, '1', NULL, NULL, NULL, NULL, 'sensorAlarm', NULL, '0', '143130');
INSERT INTO `zw_m_alarm_parameter` (`id`, `param_code`, `alarm_type_id`, `default_value`, `description`, `flag`, `create_data_time`, `create_data_username`, `update_data_time`, `update_data_username`, `io_monitor_id`) VALUES ('2c251726-17c3-42be-a645-80734666d13b', 'param1', '9cf7b6cf-ca00-4021-9ace-e2793f96cdd7', NULL, NULL, '1', '2019-02-26 15:40:51', NULL, NULL, NULL, NULL);
INSERT INTO `zw_m_alarm_type` (`id`, `name`, `parent_id`, `flag`, `create_data_time`, `create_data_username`, `update_data_time`, `update_data_username`, `type`, `description`, `sendFlag`, `pos`) VALUES ('551265b0-3f29-41e8-856a-5e734fbefee6', '轮胎14胎压过高报警', NULL, '1', NULL, NULL, NULL, NULL, 'sensorAlarm', NULL, '0', '143131');
INSERT INTO `zw_m_alarm_parameter` (`id`, `param_code`, `alarm_type_id`, `default_value`, `description`, `flag`, `create_data_time`, `create_data_username`, `update_data_time`, `update_data_username`, `io_monitor_id`) VALUES ('8cee21d5-c636-4315-af43-5ad91026044e', 'param1', '551265b0-3f29-41e8-856a-5e734fbefee6', NULL, NULL, '1', '2019-02-26 15:40:51', NULL, NULL, NULL, NULL);
INSERT INTO `zw_m_alarm_type` (`id`, `name`, `parent_id`, `flag`, `create_data_time`, `create_data_username`, `update_data_time`, `update_data_username`, `type`, `description`, `sendFlag`, `pos`) VALUES ('ee2268b2-d9a6-4f39-a001-d8858a8e66c6', '轮胎14胎温过高报警', NULL, '1', NULL, NULL, NULL, NULL, 'sensorAlarm', NULL, '0', '143132');
INSERT INTO `zw_m_alarm_parameter` (`id`, `param_code`, `alarm_type_id`, `default_value`, `description`, `flag`, `create_data_time`, `create_data_username`, `update_data_time`, `update_data_username`, `io_monitor_id`) VALUES ('b66f09a1-c2c1-4104-bb7f-b5827d57e586', 'param1', 'ee2268b2-d9a6-4f39-a001-d8858a8e66c6', NULL, NULL, '1', '2019-02-26 15:40:51', NULL, NULL, NULL, NULL);
INSERT INTO `zw_m_alarm_type` (`id`, `name`, `parent_id`, `flag`, `create_data_time`, `create_data_username`, `update_data_time`, `update_data_username`, `type`, `description`, `sendFlag`, `pos`) VALUES ('53d78bf9-3f3d-489b-b516-fa3ad5595f4a', '轮胎14传感器异常报警', NULL, '1', NULL, NULL, NULL, NULL, 'sensorAlarm', NULL, '0', '143133');
INSERT INTO `zw_m_alarm_parameter` (`id`, `param_code`, `alarm_type_id`, `default_value`, `description`, `flag`, `create_data_time`, `create_data_username`, `update_data_time`, `update_data_username`, `io_monitor_id`) VALUES ('50d1150a-4114-48be-b8af-8e52db515aad', 'param1', '53d78bf9-3f3d-489b-b516-fa3ad5595f4a', NULL, NULL, '1', '2019-02-26 15:40:51', NULL, NULL, NULL, NULL);
INSERT INTO `zw_m_alarm_type` (`id`, `name`, `parent_id`, `flag`, `create_data_time`, `create_data_username`, `update_data_time`, `update_data_username`, `type`, `description`, `sendFlag`, `pos`) VALUES ('956ed71b-e0e2-4acb-8f94-71dfebf045c3', '轮胎14胎压不平衡报警', NULL, '1', NULL, NULL, NULL, NULL, 'sensorAlarm', NULL, '0', '143134');
INSERT INTO `zw_m_alarm_parameter` (`id`, `param_code`, `alarm_type_id`, `default_value`, `description`, `flag`, `create_data_time`, `create_data_username`, `update_data_time`, `update_data_username`, `io_monitor_id`) VALUES ('951b7a03-c5ba-4382-88b1-40ce66582c86', 'param1', '956ed71b-e0e2-4acb-8f94-71dfebf045c3', NULL, NULL, '1', '2019-02-26 15:40:51', NULL, NULL, NULL, NULL);
INSERT INTO `zw_m_alarm_type` (`id`, `name`, `parent_id`, `flag`, `create_data_time`, `create_data_username`, `update_data_time`, `update_data_username`, `type`, `description`, `sendFlag`, `pos`) VALUES ('0d56ce91-462e-43f9-83e3-82930359bb71', '轮胎14慢漏气报警', NULL, '1', NULL, NULL, NULL, NULL, 'sensorAlarm', NULL, '0', '143135');
INSERT INTO `zw_m_alarm_parameter` (`id`, `param_code`, `alarm_type_id`, `default_value`, `description`, `flag`, `create_data_time`, `create_data_username`, `update_data_time`, `update_data_username`, `io_monitor_id`) VALUES ('544ec417-12e5-4964-8210-9e95bd27dc9a', 'param1', '0d56ce91-462e-43f9-83e3-82930359bb71', NULL, NULL, '1', '2019-02-26 15:40:51', NULL, NULL, NULL, NULL);
INSERT INTO `zw_m_alarm_type` (`id`, `name`, `parent_id`, `flag`, `create_data_time`, `create_data_username`, `update_data_time`, `update_data_username`, `type`, `description`, `sendFlag`, `pos`) VALUES ('c754dcd6-49f4-4ff9-8db7-bb2435e2f957', '轮胎14传感器电量过低报警', NULL, '1', NULL, NULL, NULL, NULL, 'sensorAlarm', NULL, '0', '143136');
INSERT INTO `zw_m_alarm_parameter` (`id`, `param_code`, `alarm_type_id`, `default_value`, `description`, `flag`, `create_data_time`, `create_data_username`, `update_data_time`, `update_data_username`, `io_monitor_id`) VALUES ('4720e948-f522-4bf8-9ef0-0f224236b059', 'param1', 'c754dcd6-49f4-4ff9-8db7-bb2435e2f957', NULL, NULL, '1', '2019-02-26 15:40:51', NULL, NULL, NULL, NULL);
INSERT INTO `zw_m_alarm_type` (`id`, `name`, `parent_id`, `flag`, `create_data_time`, `create_data_username`, `update_data_time`, `update_data_username`, `type`, `description`, `sendFlag`, `pos`) VALUES ('6c8fee1a-21a7-43ce-9e00-716a02780140', '轮胎15胎压过低报警', NULL, '1', NULL, NULL, NULL, NULL, 'sensorAlarm', NULL, '0', '143140');
INSERT INTO `zw_m_alarm_parameter` (`id`, `param_code`, `alarm_type_id`, `default_value`, `description`, `flag`, `create_data_time`, `create_data_username`, `update_data_time`, `update_data_username`, `io_monitor_id`) VALUES ('84048431-76f0-406c-9df4-4c0b25257c3b', 'param1', '6c8fee1a-21a7-43ce-9e00-716a02780140', NULL, NULL, '1', '2019-02-26 15:40:51', NULL, NULL, NULL, NULL);
INSERT INTO `zw_m_alarm_type` (`id`, `name`, `parent_id`, `flag`, `create_data_time`, `create_data_username`, `update_data_time`, `update_data_username`, `type`, `description`, `sendFlag`, `pos`) VALUES ('3daabcfe-dd47-48d1-b10c-88486f3fb541', '轮胎15胎压过高报警', NULL, '1', NULL, NULL, NULL, NULL, 'sensorAlarm', NULL, '0', '143141');
INSERT INTO `zw_m_alarm_parameter` (`id`, `param_code`, `alarm_type_id`, `default_value`, `description`, `flag`, `create_data_time`, `create_data_username`, `update_data_time`, `update_data_username`, `io_monitor_id`) VALUES ('d310684c-bd40-4556-98be-1ad51eb6a0c1', 'param1', '3daabcfe-dd47-48d1-b10c-88486f3fb541', NULL, NULL, '1', '2019-02-26 15:40:51', NULL, NULL, NULL, NULL);
INSERT INTO `zw_m_alarm_type` (`id`, `name`, `parent_id`, `flag`, `create_data_time`, `create_data_username`, `update_data_time`, `update_data_username`, `type`, `description`, `sendFlag`, `pos`) VALUES ('49d82527-7c2d-4ef0-876e-26d518f1c553', '轮胎15胎温过高报警', NULL, '1', NULL, NULL, NULL, NULL, 'sensorAlarm', NULL, '0', '143142');
INSERT INTO `zw_m_alarm_parameter` (`id`, `param_code`, `alarm_type_id`, `default_value`, `description`, `flag`, `create_data_time`, `create_data_username`, `update_data_time`, `update_data_username`, `io_monitor_id`) VALUES ('46c1c8cb-b1a2-48fb-addc-5ee97baf38b7', 'param1', '49d82527-7c2d-4ef0-876e-26d518f1c553', NULL, NULL, '1', '2019-02-26 15:40:51', NULL, NULL, NULL, NULL);
INSERT INTO `zw_m_alarm_type` (`id`, `name`, `parent_id`, `flag`, `create_data_time`, `create_data_username`, `update_data_time`, `update_data_username`, `type`, `description`, `sendFlag`, `pos`) VALUES ('75cd5e69-4b51-44ec-900d-e18937b57a81', '轮胎15传感器异常报警', NULL, '1', NULL, NULL, NULL, NULL, 'sensorAlarm', NULL, '0', '143143');
INSERT INTO `zw_m_alarm_parameter` (`id`, `param_code`, `alarm_type_id`, `default_value`, `description`, `flag`, `create_data_time`, `create_data_username`, `update_data_time`, `update_data_username`, `io_monitor_id`) VALUES ('11ab1c39-dd79-4ca5-9b13-f34f01f7e824', 'param1', '75cd5e69-4b51-44ec-900d-e18937b57a81', NULL, NULL, '1', '2019-02-26 15:40:51', NULL, NULL, NULL, NULL);
INSERT INTO `zw_m_alarm_type` (`id`, `name`, `parent_id`, `flag`, `create_data_time`, `create_data_username`, `update_data_time`, `update_data_username`, `type`, `description`, `sendFlag`, `pos`) VALUES ('93661b04-4fe3-4a52-b3f3-dd70fd1d5f34', '轮胎15胎压不平衡报警', NULL, '1', NULL, NULL, NULL, NULL, 'sensorAlarm', NULL, '0', '143144');
INSERT INTO `zw_m_alarm_parameter` (`id`, `param_code`, `alarm_type_id`, `default_value`, `description`, `flag`, `create_data_time`, `create_data_username`, `update_data_time`, `update_data_username`, `io_monitor_id`) VALUES ('15ecbe0c-af9a-4ffc-b3ac-ae3a22713d59', 'param1', '93661b04-4fe3-4a52-b3f3-dd70fd1d5f34', NULL, NULL, '1', '2019-02-26 15:40:51', NULL, NULL, NULL, NULL);
INSERT INTO `zw_m_alarm_type` (`id`, `name`, `parent_id`, `flag`, `create_data_time`, `create_data_username`, `update_data_time`, `update_data_username`, `type`, `description`, `sendFlag`, `pos`) VALUES ('7de6e1c4-7bc5-4a96-a8fc-85eb57711539', '轮胎15慢漏气报警', NULL, '1', NULL, NULL, NULL, NULL, 'sensorAlarm', NULL, '0', '143145');
INSERT INTO `zw_m_alarm_parameter` (`id`, `param_code`, `alarm_type_id`, `default_value`, `description`, `flag`, `create_data_time`, `create_data_username`, `update_data_time`, `update_data_username`, `io_monitor_id`) VALUES ('676941d4-5dc0-4a60-a476-fc19bb7f01ed', 'param1', '7de6e1c4-7bc5-4a96-a8fc-85eb57711539', NULL, NULL, '1', '2019-02-26 15:40:51', NULL, NULL, NULL, NULL);
INSERT INTO `zw_m_alarm_type` (`id`, `name`, `parent_id`, `flag`, `create_data_time`, `create_data_username`, `update_data_time`, `update_data_username`, `type`, `description`, `sendFlag`, `pos`) VALUES ('e460bb67-a279-42fa-a5d7-75641314cc36', '轮胎15传感器电量过低报警', NULL, '1', NULL, NULL, NULL, NULL, 'sensorAlarm', NULL, '0', '143146');
INSERT INTO `zw_m_alarm_parameter` (`id`, `param_code`, `alarm_type_id`, `default_value`, `description`, `flag`, `create_data_time`, `create_data_username`, `update_data_time`, `update_data_username`, `io_monitor_id`) VALUES ('06c6642e-cadd-4401-b324-c12028857fb7', 'param1', 'e460bb67-a279-42fa-a5d7-75641314cc36', NULL, NULL, '1', '2019-02-26 15:40:51', NULL, NULL, NULL, NULL);
INSERT INTO `zw_m_alarm_type` (`id`, `name`, `parent_id`, `flag`, `create_data_time`, `create_data_username`, `update_data_time`, `update_data_username`, `type`, `description`, `sendFlag`, `pos`) VALUES ('b2618196-282a-4350-9819-50fc8fdad677', '轮胎16胎压过低报警', NULL, '1', NULL, NULL, NULL, NULL, 'sensorAlarm', NULL, '0', '143150');
INSERT INTO `zw_m_alarm_parameter` (`id`, `param_code`, `alarm_type_id`, `default_value`, `description`, `flag`, `create_data_time`, `create_data_username`, `update_data_time`, `update_data_username`, `io_monitor_id`) VALUES ('3e70abbd-51e2-4c51-8889-878ff385b674', 'param1', 'b2618196-282a-4350-9819-50fc8fdad677', NULL, NULL, '1', '2019-02-26 15:40:51', NULL, NULL, NULL, NULL);
INSERT INTO `zw_m_alarm_type` (`id`, `name`, `parent_id`, `flag`, `create_data_time`, `create_data_username`, `update_data_time`, `update_data_username`, `type`, `description`, `sendFlag`, `pos`) VALUES ('8e6ecf37-a1b5-412f-97be-d0eb056065d3', '轮胎16胎压过高报警', NULL, '1', NULL, NULL, NULL, NULL, 'sensorAlarm', NULL, '0', '143151');
INSERT INTO `zw_m_alarm_parameter` (`id`, `param_code`, `alarm_type_id`, `default_value`, `description`, `flag`, `create_data_time`, `create_data_username`, `update_data_time`, `update_data_username`, `io_monitor_id`) VALUES ('398dc347-a1f5-4087-a7c3-18ffd0124433', 'param1', '8e6ecf37-a1b5-412f-97be-d0eb056065d3', NULL, NULL, '1', '2019-02-26 15:40:51', NULL, NULL, NULL, NULL);
INSERT INTO `zw_m_alarm_type` (`id`, `name`, `parent_id`, `flag`, `create_data_time`, `create_data_username`, `update_data_time`, `update_data_username`, `type`, `description`, `sendFlag`, `pos`) VALUES ('c209acef-ad91-4ec0-97b9-1ee13153fbb8', '轮胎16胎温过高报警', NULL, '1', NULL, NULL, NULL, NULL, 'sensorAlarm', NULL, '0', '143152');
INSERT INTO `zw_m_alarm_parameter` (`id`, `param_code`, `alarm_type_id`, `default_value`, `description`, `flag`, `create_data_time`, `create_data_username`, `update_data_time`, `update_data_username`, `io_monitor_id`) VALUES ('ddcce032-4838-42f9-b442-1336c0eba42d', 'param1', 'c209acef-ad91-4ec0-97b9-1ee13153fbb8', NULL, NULL, '1', '2019-02-26 15:40:51', NULL, NULL, NULL, NULL);
INSERT INTO `zw_m_alarm_type` (`id`, `name`, `parent_id`, `flag`, `create_data_time`, `create_data_username`, `update_data_time`, `update_data_username`, `type`, `description`, `sendFlag`, `pos`) VALUES ('6a75f167-7f8f-4f86-8d29-450c5666cbe7', '轮胎16传感器异常报警', NULL, '1', NULL, NULL, NULL, NULL, 'sensorAlarm', NULL, '0', '143153');
INSERT INTO `zw_m_alarm_parameter` (`id`, `param_code`, `alarm_type_id`, `default_value`, `description`, `flag`, `create_data_time`, `create_data_username`, `update_data_time`, `update_data_username`, `io_monitor_id`) VALUES ('76c8143e-766d-4460-bc9f-66ce776ad7a5', 'param1', '6a75f167-7f8f-4f86-8d29-450c5666cbe7', NULL, NULL, '1', '2019-02-26 15:40:51', NULL, NULL, NULL, NULL);
INSERT INTO `zw_m_alarm_type` (`id`, `name`, `parent_id`, `flag`, `create_data_time`, `create_data_username`, `update_data_time`, `update_data_username`, `type`, `description`, `sendFlag`, `pos`) VALUES ('69f1890a-dd53-44f3-bcbe-ad9fcf119752', '轮胎16胎压不平衡报警', NULL, '1', NULL, NULL, NULL, NULL, 'sensorAlarm', NULL, '0', '143154');
INSERT INTO `zw_m_alarm_parameter` (`id`, `param_code`, `alarm_type_id`, `default_value`, `description`, `flag`, `create_data_time`, `create_data_username`, `update_data_time`, `update_data_username`, `io_monitor_id`) VALUES ('988cc20f-7074-492d-9e38-7fc69471cb9f', 'param1', '69f1890a-dd53-44f3-bcbe-ad9fcf119752', NULL, NULL, '1', '2019-02-26 15:40:51', NULL, NULL, NULL, NULL);
INSERT INTO `zw_m_alarm_type` (`id`, `name`, `parent_id`, `flag`, `create_data_time`, `create_data_username`, `update_data_time`, `update_data_username`, `type`, `description`, `sendFlag`, `pos`) VALUES ('44102173-ae16-418d-8a38-41c9107ced0b', '轮胎16慢漏气报警', NULL, '1', NULL, NULL, NULL, NULL, 'sensorAlarm', NULL, '0', '143155');
INSERT INTO `zw_m_alarm_parameter` (`id`, `param_code`, `alarm_type_id`, `default_value`, `description`, `flag`, `create_data_time`, `create_data_username`, `update_data_time`, `update_data_username`, `io_monitor_id`) VALUES ('8037eaea-8268-4657-9b69-6aa99daf778c', 'param1', '44102173-ae16-418d-8a38-41c9107ced0b', NULL, NULL, '1', '2019-02-26 15:40:51', NULL, NULL, NULL, NULL);
INSERT INTO `zw_m_alarm_type` (`id`, `name`, `parent_id`, `flag`, `create_data_time`, `create_data_username`, `update_data_time`, `update_data_username`, `type`, `description`, `sendFlag`, `pos`) VALUES ('12fcdee8-c1da-4b3b-b1d1-8dfd10458486', '轮胎16传感器电量过低报警', NULL, '1', NULL, NULL, NULL, NULL, 'sensorAlarm', NULL, '0', '143156');
INSERT INTO `zw_m_alarm_parameter` (`id`, `param_code`, `alarm_type_id`, `default_value`, `description`, `flag`, `create_data_time`, `create_data_username`, `update_data_time`, `update_data_username`, `io_monitor_id`) VALUES ('1900781b-be43-451a-a594-c9653fc20fe7', 'param1', '12fcdee8-c1da-4b3b-b1d1-8dfd10458486', NULL, NULL, '1', '2019-02-26 15:40:51', NULL, NULL, NULL, NULL);
INSERT INTO `zw_m_alarm_type` (`id`, `name`, `parent_id`, `flag`, `create_data_time`, `create_data_username`, `update_data_time`, `update_data_username`, `type`, `description`, `sendFlag`, `pos`) VALUES ('fff01090-f769-40d4-bc02-689c61bf529f', '轮胎17胎压过低报警', NULL, '1', NULL, NULL, NULL, NULL, 'sensorAlarm', NULL, '0', '143160');
INSERT INTO `zw_m_alarm_parameter` (`id`, `param_code`, `alarm_type_id`, `default_value`, `description`, `flag`, `create_data_time`, `create_data_username`, `update_data_time`, `update_data_username`, `io_monitor_id`) VALUES ('f7f6fbcd-eaac-46f8-bda2-ad2492a804d5', 'param1', 'fff01090-f769-40d4-bc02-689c61bf529f', NULL, NULL, '1', '2019-02-26 15:40:51', NULL, NULL, NULL, NULL);
INSERT INTO `zw_m_alarm_type` (`id`, `name`, `parent_id`, `flag`, `create_data_time`, `create_data_username`, `update_data_time`, `update_data_username`, `type`, `description`, `sendFlag`, `pos`) VALUES ('e79c8619-eeac-42f1-a3aa-65914afa2eb8', '轮胎17胎压过高报警', NULL, '1', NULL, NULL, NULL, NULL, 'sensorAlarm', NULL, '0', '143161');
INSERT INTO `zw_m_alarm_parameter` (`id`, `param_code`, `alarm_type_id`, `default_value`, `description`, `flag`, `create_data_time`, `create_data_username`, `update_data_time`, `update_data_username`, `io_monitor_id`) VALUES ('a1351012-1246-49b8-87a1-925a7619724f', 'param1', 'e79c8619-eeac-42f1-a3aa-65914afa2eb8', NULL, NULL, '1', '2019-02-26 15:40:51', NULL, NULL, NULL, NULL);
INSERT INTO `zw_m_alarm_type` (`id`, `name`, `parent_id`, `flag`, `create_data_time`, `create_data_username`, `update_data_time`, `update_data_username`, `type`, `description`, `sendFlag`, `pos`) VALUES ('dff734a4-9e63-45be-b220-505be82f03c2', '轮胎17胎温过高报警', NULL, '1', NULL, NULL, NULL, NULL, 'sensorAlarm', NULL, '0', '143162');
INSERT INTO `zw_m_alarm_parameter` (`id`, `param_code`, `alarm_type_id`, `default_value`, `description`, `flag`, `create_data_time`, `create_data_username`, `update_data_time`, `update_data_username`, `io_monitor_id`) VALUES ('b7388bd3-b7ef-4d9d-9e37-122627333dbc', 'param1', 'dff734a4-9e63-45be-b220-505be82f03c2', NULL, NULL, '1', '2019-02-26 15:40:51', NULL, NULL, NULL, NULL);
INSERT INTO `zw_m_alarm_type` (`id`, `name`, `parent_id`, `flag`, `create_data_time`, `create_data_username`, `update_data_time`, `update_data_username`, `type`, `description`, `sendFlag`, `pos`) VALUES ('a02f793e-8fd4-40d7-adc4-93224a1b17c9', '轮胎17传感器异常报警', NULL, '1', NULL, NULL, NULL, NULL, 'sensorAlarm', NULL, '0', '143163');
INSERT INTO `zw_m_alarm_parameter` (`id`, `param_code`, `alarm_type_id`, `default_value`, `description`, `flag`, `create_data_time`, `create_data_username`, `update_data_time`, `update_data_username`, `io_monitor_id`) VALUES ('ab5f7a6d-0027-4d91-8a46-71c3be018f56', 'param1', 'a02f793e-8fd4-40d7-adc4-93224a1b17c9', NULL, NULL, '1', '2019-02-26 15:40:51', NULL, NULL, NULL, NULL);
INSERT INTO `zw_m_alarm_type` (`id`, `name`, `parent_id`, `flag`, `create_data_time`, `create_data_username`, `update_data_time`, `update_data_username`, `type`, `description`, `sendFlag`, `pos`) VALUES ('ea485b6c-03c2-43da-909d-4c9186fc946c', '轮胎17胎压不平衡报警', NULL, '1', NULL, NULL, NULL, NULL, 'sensorAlarm', NULL, '0', '143164');
INSERT INTO `zw_m_alarm_parameter` (`id`, `param_code`, `alarm_type_id`, `default_value`, `description`, `flag`, `create_data_time`, `create_data_username`, `update_data_time`, `update_data_username`, `io_monitor_id`) VALUES ('3ec215b1-7dd6-4a17-abde-e7576d464b82', 'param1', 'ea485b6c-03c2-43da-909d-4c9186fc946c', NULL, NULL, '1', '2019-02-26 15:40:51', NULL, NULL, NULL, NULL);
INSERT INTO `zw_m_alarm_type` (`id`, `name`, `parent_id`, `flag`, `create_data_time`, `create_data_username`, `update_data_time`, `update_data_username`, `type`, `description`, `sendFlag`, `pos`) VALUES ('9baafc9b-30d3-4fc2-ac74-1ec918881760', '轮胎17慢漏气报警', NULL, '1', NULL, NULL, NULL, NULL, 'sensorAlarm', NULL, '0', '143165');
INSERT INTO `zw_m_alarm_parameter` (`id`, `param_code`, `alarm_type_id`, `default_value`, `description`, `flag`, `create_data_time`, `create_data_username`, `update_data_time`, `update_data_username`, `io_monitor_id`) VALUES ('47df4bc2-80b9-49d3-a84f-da36eecadad4', 'param1', '9baafc9b-30d3-4fc2-ac74-1ec918881760', NULL, NULL, '1', '2019-02-26 15:40:51', NULL, NULL, NULL, NULL);
INSERT INTO `zw_m_alarm_type` (`id`, `name`, `parent_id`, `flag`, `create_data_time`, `create_data_username`, `update_data_time`, `update_data_username`, `type`, `description`, `sendFlag`, `pos`) VALUES ('3893691d-6292-415c-9930-815dbf5165cc', '轮胎17传感器电量过低报警', NULL, '1', NULL, NULL, NULL, NULL, 'sensorAlarm', NULL, '0', '143166');
INSERT INTO `zw_m_alarm_parameter` (`id`, `param_code`, `alarm_type_id`, `default_value`, `description`, `flag`, `create_data_time`, `create_data_username`, `update_data_time`, `update_data_username`, `io_monitor_id`) VALUES ('5291120d-3f8c-4cf4-8e39-88ac7d2afa56', 'param1', '3893691d-6292-415c-9930-815dbf5165cc', NULL, NULL, '1', '2019-02-26 15:40:51', NULL, NULL, NULL, NULL);
INSERT INTO `zw_m_alarm_type` (`id`, `name`, `parent_id`, `flag`, `create_data_time`, `create_data_username`, `update_data_time`, `update_data_username`, `type`, `description`, `sendFlag`, `pos`) VALUES ('0f7bdf82-f797-4c48-a843-c52609c77be4', '轮胎18胎压过低报警', NULL, '1', NULL, NULL, NULL, NULL, 'sensorAlarm', NULL, '0', '143170');
INSERT INTO `zw_m_alarm_parameter` (`id`, `param_code`, `alarm_type_id`, `default_value`, `description`, `flag`, `create_data_time`, `create_data_username`, `update_data_time`, `update_data_username`, `io_monitor_id`) VALUES ('77baa8c4-8bdd-4e70-b4c8-8419cb5c671a', 'param1', '0f7bdf82-f797-4c48-a843-c52609c77be4', NULL, NULL, '1', '2019-02-26 15:40:51', NULL, NULL, NULL, NULL);
INSERT INTO `zw_m_alarm_type` (`id`, `name`, `parent_id`, `flag`, `create_data_time`, `create_data_username`, `update_data_time`, `update_data_username`, `type`, `description`, `sendFlag`, `pos`) VALUES ('a0aac3bd-42a4-49fe-aa01-5b037983ace5', '轮胎18胎压过高报警', NULL, '1', NULL, NULL, NULL, NULL, 'sensorAlarm', NULL, '0', '143171');
INSERT INTO `zw_m_alarm_parameter` (`id`, `param_code`, `alarm_type_id`, `default_value`, `description`, `flag`, `create_data_time`, `create_data_username`, `update_data_time`, `update_data_username`, `io_monitor_id`) VALUES ('436ba1fc-8087-4455-bb4a-6b8e2c283e16', 'param1', 'a0aac3bd-42a4-49fe-aa01-5b037983ace5', NULL, NULL, '1', '2019-02-26 15:40:51', NULL, NULL, NULL, NULL);
INSERT INTO `zw_m_alarm_type` (`id`, `name`, `parent_id`, `flag`, `create_data_time`, `create_data_username`, `update_data_time`, `update_data_username`, `type`, `description`, `sendFlag`, `pos`) VALUES ('4093af73-3ee7-4464-9cc1-b9628178fd33', '轮胎18胎温过高报警', NULL, '1', NULL, NULL, NULL, NULL, 'sensorAlarm', NULL, '0', '143172');
INSERT INTO `zw_m_alarm_parameter` (`id`, `param_code`, `alarm_type_id`, `default_value`, `description`, `flag`, `create_data_time`, `create_data_username`, `update_data_time`, `update_data_username`, `io_monitor_id`) VALUES ('99ddb852-bceb-4264-b106-550d3209bf6c', 'param1', '4093af73-3ee7-4464-9cc1-b9628178fd33', NULL, NULL, '1', '2019-02-26 15:40:51', NULL, NULL, NULL, NULL);
INSERT INTO `zw_m_alarm_type` (`id`, `name`, `parent_id`, `flag`, `create_data_time`, `create_data_username`, `update_data_time`, `update_data_username`, `type`, `description`, `sendFlag`, `pos`) VALUES ('4ec244b4-76a6-45ed-ae8e-f1436f10fc21', '轮胎18传感器异常报警', NULL, '1', NULL, NULL, NULL, NULL, 'sensorAlarm', NULL, '0', '143173');
INSERT INTO `zw_m_alarm_parameter` (`id`, `param_code`, `alarm_type_id`, `default_value`, `description`, `flag`, `create_data_time`, `create_data_username`, `update_data_time`, `update_data_username`, `io_monitor_id`) VALUES ('22dd7b12-f5a5-49eb-a9b6-44ceb6719a62', 'param1', '4ec244b4-76a6-45ed-ae8e-f1436f10fc21', NULL, NULL, '1', '2019-02-26 15:40:51', NULL, NULL, NULL, NULL);
INSERT INTO `zw_m_alarm_type` (`id`, `name`, `parent_id`, `flag`, `create_data_time`, `create_data_username`, `update_data_time`, `update_data_username`, `type`, `description`, `sendFlag`, `pos`) VALUES ('b320b593-1701-4d88-9e04-b7356be5a06e', '轮胎18胎压不平衡报警', NULL, '1', NULL, NULL, NULL, NULL, 'sensorAlarm', NULL, '0', '143174');
INSERT INTO `zw_m_alarm_parameter` (`id`, `param_code`, `alarm_type_id`, `default_value`, `description`, `flag`, `create_data_time`, `create_data_username`, `update_data_time`, `update_data_username`, `io_monitor_id`) VALUES ('71a4de98-d77c-4a5e-b974-07208713fe49', 'param1', 'b320b593-1701-4d88-9e04-b7356be5a06e', NULL, NULL, '1', '2019-02-26 15:40:51', NULL, NULL, NULL, NULL);
INSERT INTO `zw_m_alarm_type` (`id`, `name`, `parent_id`, `flag`, `create_data_time`, `create_data_username`, `update_data_time`, `update_data_username`, `type`, `description`, `sendFlag`, `pos`) VALUES ('d7894ac9-4275-4526-8b08-464b33cbafe0', '轮胎18慢漏气报警', NULL, '1', NULL, NULL, NULL, NULL, 'sensorAlarm', NULL, '0', '143175');
INSERT INTO `zw_m_alarm_parameter` (`id`, `param_code`, `alarm_type_id`, `default_value`, `description`, `flag`, `create_data_time`, `create_data_username`, `update_data_time`, `update_data_username`, `io_monitor_id`) VALUES ('e80104ac-7d94-4f1c-8f97-858f9ab2ee6f', 'param1', 'd7894ac9-4275-4526-8b08-464b33cbafe0', NULL, NULL, '1', '2019-02-26 15:40:51', NULL, NULL, NULL, NULL);
INSERT INTO `zw_m_alarm_type` (`id`, `name`, `parent_id`, `flag`, `create_data_time`, `create_data_username`, `update_data_time`, `update_data_username`, `type`, `description`, `sendFlag`, `pos`) VALUES ('ad30248a-3567-4251-ac15-92afe027082f', '轮胎18传感器电量过低报警', NULL, '1', NULL, NULL, NULL, NULL, 'sensorAlarm', NULL, '0', '143176');
INSERT INTO `zw_m_alarm_parameter` (`id`, `param_code`, `alarm_type_id`, `default_value`, `description`, `flag`, `create_data_time`, `create_data_username`, `update_data_time`, `update_data_username`, `io_monitor_id`) VALUES ('988f3e51-e51f-4e6b-9d78-b2d197598338', 'param1', 'ad30248a-3567-4251-ac15-92afe027082f', NULL, NULL, '1', '2019-02-26 15:40:51', NULL, NULL, NULL, NULL);
INSERT INTO `zw_m_alarm_type` (`id`, `name`, `parent_id`, `flag`, `create_data_time`, `create_data_username`, `update_data_time`, `update_data_username`, `type`, `description`, `sendFlag`, `pos`) VALUES ('424cefab-3bd3-44df-aad4-1a77d12d7f5e', '轮胎19胎压过低报警', NULL, '1', NULL, NULL, NULL, NULL, 'sensorAlarm', NULL, '0', '143180');
INSERT INTO `zw_m_alarm_parameter` (`id`, `param_code`, `alarm_type_id`, `default_value`, `description`, `flag`, `create_data_time`, `create_data_username`, `update_data_time`, `update_data_username`, `io_monitor_id`) VALUES ('af9de964-e978-438b-8494-960d093b4e72', 'param1', '424cefab-3bd3-44df-aad4-1a77d12d7f5e', NULL, NULL, '1', '2019-02-26 15:40:51', NULL, NULL, NULL, NULL);
INSERT INTO `zw_m_alarm_type` (`id`, `name`, `parent_id`, `flag`, `create_data_time`, `create_data_username`, `update_data_time`, `update_data_username`, `type`, `description`, `sendFlag`, `pos`) VALUES ('6fed4d71-9508-4ec2-9c80-fb3c5c8a60e0', '轮胎19胎压过高报警', NULL, '1', NULL, NULL, NULL, NULL, 'sensorAlarm', NULL, '0', '143181');
INSERT INTO `zw_m_alarm_parameter` (`id`, `param_code`, `alarm_type_id`, `default_value`, `description`, `flag`, `create_data_time`, `create_data_username`, `update_data_time`, `update_data_username`, `io_monitor_id`) VALUES ('eb469907-4d62-4bcf-8fbc-40906161b2fa', 'param1', '6fed4d71-9508-4ec2-9c80-fb3c5c8a60e0', NULL, NULL, '1', '2019-02-26 15:40:51', NULL, NULL, NULL, NULL);
INSERT INTO `zw_m_alarm_type` (`id`, `name`, `parent_id`, `flag`, `create_data_time`, `create_data_username`, `update_data_time`, `update_data_username`, `type`, `description`, `sendFlag`, `pos`) VALUES ('dc48fbcd-eda4-4138-b8dc-9b83bcd8b2be', '轮胎19胎温过高报警', NULL, '1', NULL, NULL, NULL, NULL, 'sensorAlarm', NULL, '0', '143182');
INSERT INTO `zw_m_alarm_parameter` (`id`, `param_code`, `alarm_type_id`, `default_value`, `description`, `flag`, `create_data_time`, `create_data_username`, `update_data_time`, `update_data_username`, `io_monitor_id`) VALUES ('2a9cf811-b078-4ca4-86bc-ac428aa46740', 'param1', 'dc48fbcd-eda4-4138-b8dc-9b83bcd8b2be', NULL, NULL, '1', '2019-02-26 15:40:51', NULL, NULL, NULL, NULL);
INSERT INTO `zw_m_alarm_type` (`id`, `name`, `parent_id`, `flag`, `create_data_time`, `create_data_username`, `update_data_time`, `update_data_username`, `type`, `description`, `sendFlag`, `pos`) VALUES ('3cb87a26-0070-4276-99c1-ee319c0e6c25', '轮胎19传感器异常报警', NULL, '1', NULL, NULL, NULL, NULL, 'sensorAlarm', NULL, '0', '143183');
INSERT INTO `zw_m_alarm_parameter` (`id`, `param_code`, `alarm_type_id`, `default_value`, `description`, `flag`, `create_data_time`, `create_data_username`, `update_data_time`, `update_data_username`, `io_monitor_id`) VALUES ('cc7fb87e-9ebe-4720-a07e-163b7ec223ef', 'param1', '3cb87a26-0070-4276-99c1-ee319c0e6c25', NULL, NULL, '1', '2019-02-26 15:40:51', NULL, NULL, NULL, NULL);
INSERT INTO `zw_m_alarm_type` (`id`, `name`, `parent_id`, `flag`, `create_data_time`, `create_data_username`, `update_data_time`, `update_data_username`, `type`, `description`, `sendFlag`, `pos`) VALUES ('5d62b70d-f9c2-4f6b-b91c-d4ac8a4b5a03', '轮胎19胎压不平衡报警', NULL, '1', NULL, NULL, NULL, NULL, 'sensorAlarm', NULL, '0', '143184');
INSERT INTO `zw_m_alarm_parameter` (`id`, `param_code`, `alarm_type_id`, `default_value`, `description`, `flag`, `create_data_time`, `create_data_username`, `update_data_time`, `update_data_username`, `io_monitor_id`) VALUES ('1d9bbb50-c912-4ff6-a801-35456336b315', 'param1', '5d62b70d-f9c2-4f6b-b91c-d4ac8a4b5a03', NULL, NULL, '1', '2019-02-26 15:40:51', NULL, NULL, NULL, NULL);
INSERT INTO `zw_m_alarm_type` (`id`, `name`, `parent_id`, `flag`, `create_data_time`, `create_data_username`, `update_data_time`, `update_data_username`, `type`, `description`, `sendFlag`, `pos`) VALUES ('898d948c-fcb9-404e-8618-0aae7ccf15aa', '轮胎19慢漏气报警', NULL, '1', NULL, NULL, NULL, NULL, 'sensorAlarm', NULL, '0', '143185');
INSERT INTO `zw_m_alarm_parameter` (`id`, `param_code`, `alarm_type_id`, `default_value`, `description`, `flag`, `create_data_time`, `create_data_username`, `update_data_time`, `update_data_username`, `io_monitor_id`) VALUES ('34e8eea0-f007-4622-9e3a-bc8414d2acf0', 'param1', '898d948c-fcb9-404e-8618-0aae7ccf15aa', NULL, NULL, '1', '2019-02-26 15:40:51', NULL, NULL, NULL, NULL);
INSERT INTO `zw_m_alarm_type` (`id`, `name`, `parent_id`, `flag`, `create_data_time`, `create_data_username`, `update_data_time`, `update_data_username`, `type`, `description`, `sendFlag`, `pos`) VALUES ('06a9c216-360b-42ee-8dca-576c8e276c29', '轮胎19传感器电量过低报警', NULL, '1', NULL, NULL, NULL, NULL, 'sensorAlarm', NULL, '0', '143186');
INSERT INTO `zw_m_alarm_parameter` (`id`, `param_code`, `alarm_type_id`, `default_value`, `description`, `flag`, `create_data_time`, `create_data_username`, `update_data_time`, `update_data_username`, `io_monitor_id`) VALUES ('20853f50-9426-46d3-8667-d272bb7a73fb', 'param1', '06a9c216-360b-42ee-8dca-576c8e276c29', NULL, NULL, '1', '2019-02-26 15:40:51', NULL, NULL, NULL, NULL);
INSERT INTO `zw_m_alarm_type` (`id`, `name`, `parent_id`, `flag`, `create_data_time`, `create_data_username`, `update_data_time`, `update_data_username`, `type`, `description`, `sendFlag`, `pos`) VALUES ('2334df8f-d313-4bdf-88ab-c402df15ce98', '轮胎20胎压过低报警', NULL, '1', NULL, NULL, NULL, NULL, 'sensorAlarm', NULL, '0', '143190');
INSERT INTO `zw_m_alarm_parameter` (`id`, `param_code`, `alarm_type_id`, `default_value`, `description`, `flag`, `create_data_time`, `create_data_username`, `update_data_time`, `update_data_username`, `io_monitor_id`) VALUES ('40f9a414-094f-48c4-9605-116cd68d4d61', 'param1', '2334df8f-d313-4bdf-88ab-c402df15ce98', NULL, NULL, '1', '2019-02-26 15:40:51', NULL, NULL, NULL, NULL);
INSERT INTO `zw_m_alarm_type` (`id`, `name`, `parent_id`, `flag`, `create_data_time`, `create_data_username`, `update_data_time`, `update_data_username`, `type`, `description`, `sendFlag`, `pos`) VALUES ('47ffc2f4-a94a-4c48-ae9b-eadccf2f5ab1', '轮胎20胎压过高报警', NULL, '1', NULL, NULL, NULL, NULL, 'sensorAlarm', NULL, '0', '143191');
INSERT INTO `zw_m_alarm_parameter` (`id`, `param_code`, `alarm_type_id`, `default_value`, `description`, `flag`, `create_data_time`, `create_data_username`, `update_data_time`, `update_data_username`, `io_monitor_id`) VALUES ('e987fd45-ce11-484e-ab11-2ce35eeaefd1', 'param1', '47ffc2f4-a94a-4c48-ae9b-eadccf2f5ab1', NULL, NULL, '1', '2019-02-26 15:40:51', NULL, NULL, NULL, NULL);
INSERT INTO `zw_m_alarm_type` (`id`, `name`, `parent_id`, `flag`, `create_data_time`, `create_data_username`, `update_data_time`, `update_data_username`, `type`, `description`, `sendFlag`, `pos`) VALUES ('200addc7-74bc-4495-ae48-23e836c7e200', '轮胎20胎温过高报警', NULL, '1', NULL, NULL, NULL, NULL, 'sensorAlarm', NULL, '0', '143192');
INSERT INTO `zw_m_alarm_parameter` (`id`, `param_code`, `alarm_type_id`, `default_value`, `description`, `flag`, `create_data_time`, `create_data_username`, `update_data_time`, `update_data_username`, `io_monitor_id`) VALUES ('e2ba4416-276b-4082-bf7d-b10d5bd34674', 'param1', '200addc7-74bc-4495-ae48-23e836c7e200', NULL, NULL, '1', '2019-02-26 15:40:51', NULL, NULL, NULL, NULL);
INSERT INTO `zw_m_alarm_type` (`id`, `name`, `parent_id`, `flag`, `create_data_time`, `create_data_username`, `update_data_time`, `update_data_username`, `type`, `description`, `sendFlag`, `pos`) VALUES ('8b36a3d5-340e-4ca6-a0b5-2acb94dc087c', '轮胎20传感器异常报警', NULL, '1', NULL, NULL, NULL, NULL, 'sensorAlarm', NULL, '0', '143193');
INSERT INTO `zw_m_alarm_parameter` (`id`, `param_code`, `alarm_type_id`, `default_value`, `description`, `flag`, `create_data_time`, `create_data_username`, `update_data_time`, `update_data_username`, `io_monitor_id`) VALUES ('4c9f1e5a-0def-40fa-ac5b-bbad5046df0e', 'param1', '8b36a3d5-340e-4ca6-a0b5-2acb94dc087c', NULL, NULL, '1', '2019-02-26 15:40:51', NULL, NULL, NULL, NULL);
INSERT INTO `zw_m_alarm_type` (`id`, `name`, `parent_id`, `flag`, `create_data_time`, `create_data_username`, `update_data_time`, `update_data_username`, `type`, `description`, `sendFlag`, `pos`) VALUES ('4f91808d-b0bd-4fea-9b6a-92b01192bdc5', '轮胎20胎压不平衡报警', NULL, '1', NULL, NULL, NULL, NULL, 'sensorAlarm', NULL, '0', '143194');
INSERT INTO `zw_m_alarm_parameter` (`id`, `param_code`, `alarm_type_id`, `default_value`, `description`, `flag`, `create_data_time`, `create_data_username`, `update_data_time`, `update_data_username`, `io_monitor_id`) VALUES ('b871b8cb-b49d-48c2-a31d-7e2ad8b2ff06', 'param1', '4f91808d-b0bd-4fea-9b6a-92b01192bdc5', NULL, NULL, '1', '2019-02-26 15:40:51', NULL, NULL, NULL, NULL);
INSERT INTO `zw_m_alarm_type` (`id`, `name`, `parent_id`, `flag`, `create_data_time`, `create_data_username`, `update_data_time`, `update_data_username`, `type`, `description`, `sendFlag`, `pos`) VALUES ('ea5cee73-dd11-43bf-9634-b220effdaac7', '轮胎20慢漏气报警', NULL, '1', NULL, NULL, NULL, NULL, 'sensorAlarm', NULL, '0', '143195');
INSERT INTO `zw_m_alarm_parameter` (`id`, `param_code`, `alarm_type_id`, `default_value`, `description`, `flag`, `create_data_time`, `create_data_username`, `update_data_time`, `update_data_username`, `io_monitor_id`) VALUES ('8e2f3cec-86fc-4c39-8659-1b0d8b8c6739', 'param1', 'ea5cee73-dd11-43bf-9634-b220effdaac7', NULL, NULL, '1', '2019-02-26 15:40:51', NULL, NULL, NULL, NULL);
INSERT INTO `zw_m_alarm_type` (`id`, `name`, `parent_id`, `flag`, `create_data_time`, `create_data_username`, `update_data_time`, `update_data_username`, `type`, `description`, `sendFlag`, `pos`) VALUES ('c58977c6-ccc6-414e-ae81-53ad7ee814a2', '轮胎20传感器电量过低报警', NULL, '1', NULL, NULL, NULL, NULL, 'sensorAlarm', NULL, '0', '143196');
INSERT INTO `zw_m_alarm_parameter` (`id`, `param_code`, `alarm_type_id`, `default_value`, `description`, `flag`, `create_data_time`, `create_data_username`, `update_data_time`, `update_data_username`, `io_monitor_id`) VALUES ('1272d11c-3b51-4cbe-9362-19d2820268f7', 'param1', 'c58977c6-ccc6-414e-ae81-53ad7ee814a2', NULL, NULL, '1', '2019-02-26 15:40:51', NULL, NULL, NULL, NULL);
INSERT INTO `zw_m_alarm_type` (`id`, `name`, `parent_id`, `flag`, `create_data_time`, `create_data_username`, `update_data_time`, `update_data_username`, `type`, `description`, `sendFlag`, `pos`) VALUES ('1fd0d684-666c-4547-bcdb-31a4b04d4aa5', '胎压传感器异常报警', NULL, '1', NULL, NULL, NULL, NULL, 'sensorAlarm', NULL, '0', '14399');
INSERT INTO `zw_m_alarm_parameter` (`id`, `param_code`, `alarm_type_id`, `default_value`, `description`, `flag`, `create_data_time`, `create_data_username`, `update_data_time`, `update_data_username`, `io_monitor_id`) VALUES ('bdc50e34-8128-464d-99ad-48b912216da1', 'param1', '1fd0d684-666c-4547-bcdb-31a4b04d4aa5', NULL, NULL, '1', '2019-02-26 15:40:51', NULL, NULL, NULL, NULL);

UPDATE `zw_m_alarm_type` SET `id`='013526sa-bb84-11e6-a4a6-cec0c932ce05', `name`='胎压报警', `parent_id`=NULL, `flag`='0', `create_data_time`=NULL, `create_data_username`=NULL, `update_data_time`=NULL, `update_data_username`=NULL, `type`='sensorAlarm', `description`=NULL, `sendFlag`='0', `pos`='69' WHERE (`id`='013526sa-bb84-11e6-a4a6-cec0c932ce05');

-- 行政区划
CREATE TABLE `zw_m_administrative_divisions` (
  `id` varchar(64) NOT NULL,
  `province_name` varchar(20) DEFAULT NULL COMMENT '省、直辖市',
  `city_name` varchar(20) DEFAULT NULL COMMENT '市、区',
  `county_name` varchar(20) DEFAULT NULL COMMENT '县',
  `divisions_code` varchar(20) DEFAULT NULL COMMENT '行政区划代码',
  `type` smallint(6) DEFAULT NULL COMMENT '查询类型: 1: 省、直辖市， 2：市、区， 3： 县',
  PRIMARY KEY (`id`)
) ENGINE=InnoDB DEFAULT CHARSET=utf8 COMMENT='行政区划';

INSERT INTO `zw_m_administrative_divisions` VALUES ('0002c8f8-4514-4687-b305-f8b73cf9b587', '西藏自治区', '山南地区', '洛扎县', '542228', '3');
INSERT INTO `zw_m_administrative_divisions` VALUES ('00309e51-7172-4fac-bcde-4bd864d460c4', '西藏自治区', '阿里地区', '措勤县', '542527', '3');
INSERT INTO `zw_m_administrative_divisions` VALUES ('00390673-8633-4314-b852-866e776dc830', '山西省', '临汾市', '翼城县', '141022', '3');
INSERT INTO `zw_m_administrative_divisions` VALUES ('00740204-088a-4683-a7b2-598fd2008fc4', '广东省', '河源市', '紫金县', '441621', '3');
INSERT INTO `zw_m_administrative_divisions` VALUES ('00d41777-577d-4656-b65e-1194696c8163', '内蒙古自治区', '乌兰察布市', '凉城县', '150925', '3');
INSERT INTO `zw_m_administrative_divisions` VALUES ('00e1813a-3c9e-40cb-9d4e-228f17632dbc', '江苏省', '徐州市', '贾汪区', '320305', '3');
INSERT INTO `zw_m_administrative_divisions` VALUES ('00ee4018-bf12-4ac3-bc7d-5539c910a3d8', '安徽省', '安庆市', '迎江区', '340802', '3');
INSERT INTO `zw_m_administrative_divisions` VALUES ('00f43e66-bfa6-48ca-b9ac-7c796b10f789', '河南省', '驻马店市', null, '411700', '2');
INSERT INTO `zw_m_administrative_divisions` VALUES ('00f98447-d721-4cb6-b204-9e142c7c6f55', '湖南省', '邵阳市', '武冈市', '430581', '3');
INSERT INTO `zw_m_administrative_divisions` VALUES ('0105153d-8ab2-48ff-9ff3-eea04689fe8b', '新疆维吾尔自治区', '博尔塔拉蒙古自治州', null, '652700', '2');
INSERT INTO `zw_m_administrative_divisions` VALUES ('011a5ffa-cf24-4464-ba55-3d6be7f140f2', '辽宁省', '丹东市', '东港市', '210681', '3');
INSERT INTO `zw_m_administrative_divisions` VALUES ('0130c63f-909b-41df-bbed-d0c05bb36752', '上海市', '上海市市辖区', '静安区', '310106', '3');
INSERT INTO `zw_m_administrative_divisions` VALUES ('01520918-3991-471e-8ba5-0189c04f3222', '贵州省', '毕节市', '百里杜鹃风景名胜区', '520540', '3');
INSERT INTO `zw_m_administrative_divisions` VALUES ('015c716d-473e-491f-8831-8189e3a62f6a', '湖北省', '荆州市', '荆州区', '421003', '3');
INSERT INTO `zw_m_administrative_divisions` VALUES ('0161d515-487a-474d-9cd4-3d04d5f4b4f7', '陕西省', '宝鸡市', '扶风县', '610324', '3');
INSERT INTO `zw_m_administrative_divisions` VALUES ('016bbec7-c06f-44dc-b4db-fd94b3fcd283', '宁夏回族自治区', '固原市', '西吉县', '640422', '3');
INSERT INTO `zw_m_administrative_divisions` VALUES ('01883a51-5f69-42b5-a32a-c45d3e9e40fd', '天津市', '天津市市辖区', '南开区', '120104', '3');
INSERT INTO `zw_m_administrative_divisions` VALUES ('01b4c95e-7aff-4c72-bdd5-d2eb7cc47e2c', '河南省', '焦作市', '温县', '410825', '3');
INSERT INTO `zw_m_administrative_divisions` VALUES ('01c262f1-261d-483b-9b0d-dd7e65a31a00', '黑龙江省', '大兴安岭地区', null, '232700', '2');
INSERT INTO `zw_m_administrative_divisions` VALUES ('01cbc1ce-71aa-4570-8e76-1ab8ddf6560d', '内蒙古自治区', '巴彦淖尔市', '乌拉特前旗', '150823', '3');
INSERT INTO `zw_m_administrative_divisions` VALUES ('01dfd362-5823-45fb-a04f-7e3009fee6e0', '河南省', '商丘市', '夏邑县', '411426', '3');
INSERT INTO `zw_m_administrative_divisions` VALUES ('01f68780-1ad3-4e36-96dc-db3a8808a967', '河北省', '邯郸市', '邯郸县', '130421', '3');
INSERT INTO `zw_m_administrative_divisions` VALUES ('01f83dca-fc4e-4f8e-a704-7e0a51aa8ffc', '云南省', '西双版纳傣族自治州', '西双版纳傣族自治州州本级', '532899', '3');
INSERT INTO `zw_m_administrative_divisions` VALUES ('0204b1fb-8b9f-4c0a-a7dd-4831b62856e9', '广西壮族自治区', '来宾市', '象州县', '451322', '3');
INSERT INTO `zw_m_administrative_divisions` VALUES ('022523c6-b204-40c3-8a9f-41811564b2e4', '广东省', '肇庆市', '鼎湖区', '441203', '3');
INSERT INTO `zw_m_administrative_divisions` VALUES ('0228070e-acbd-475f-9944-47242544d8cb', '山东省', '淄博市', '临淄区', '370305', '3');
INSERT INTO `zw_m_administrative_divisions` VALUES ('023a2669-e42b-4008-9277-0c23a3c49348', '河南省', '鹤壁市', '浚县', '410621', '3');
INSERT INTO `zw_m_administrative_divisions` VALUES ('0245f0cc-0212-4ebf-9ea4-692c25b0051a', '云南省', '大理白族自治州', '大理白族自治州州本级', '532999', '3');
INSERT INTO `zw_m_administrative_divisions` VALUES ('024750ac-e8d4-43e4-bb9c-cf1211ebad47', '陕西省', '西安市', null, '610100', '2');
INSERT INTO `zw_m_administrative_divisions` VALUES ('0251d76a-2d55-47b8-a2f9-9584be63e17a', '云南省', '红河哈尼族彝族自治州', '泸西县', '532527', '3');
INSERT INTO `zw_m_administrative_divisions` VALUES ('0256ae6f-20b2-4753-8fb4-2fde6d90f737', '江苏省', '常州市', null, '320400', '2');
INSERT INTO `zw_m_administrative_divisions` VALUES ('025bcac8-48ed-4950-b925-678102302650', '广西壮族自治区', '玉林市', '福绵区', '450903', '3');
INSERT INTO `zw_m_administrative_divisions` VALUES ('025d68f4-4a29-4d3c-8168-14074de54493', '贵州省', '黔南布依族苗族自治州', '平塘县', '522727', '3');
INSERT INTO `zw_m_administrative_divisions` VALUES ('02a5845f-8cca-4149-8edb-72f704b4e36b', '云南省', '临沧市', '凤庆县', '530921', '3');
INSERT INTO `zw_m_administrative_divisions` VALUES ('02b465be-04cc-4d89-8cdf-8973a5af3c46', '贵州省', '遵义市', '凤冈县', '520327', '3');
INSERT INTO `zw_m_administrative_divisions` VALUES ('02b5637f-f069-46ea-bcab-7c4fb71f4164', '河南省', '新乡市', '长垣县', '410728', '3');
INSERT INTO `zw_m_administrative_divisions` VALUES ('02d3ba12-a4ca-4b12-961a-a38652ecbe91', '山东省', '日照市', '日照市国际海洋城', '371142', '3');
INSERT INTO `zw_m_administrative_divisions` VALUES ('03008aee-76f1-419d-9cc4-c777eedbc0e2', '山东省', '德州市', '夏津县', '371427', '3');
INSERT INTO `zw_m_administrative_divisions` VALUES ('0309e636-f8bc-43a1-9620-938f77e10f6a', '河南省', '安阳市', '安阳新区', '410541', '3');
INSERT INTO `zw_m_administrative_divisions` VALUES ('032a5013-4a3a-4927-bb40-add8ad3b32ef', '陕西省', '延安市', '黄龙县', '610631', '3');
INSERT INTO `zw_m_administrative_divisions` VALUES ('032f79b3-f1a4-4619-83bd-5ea860fd329d', '河南省', '郑州市', '惠济区', '410108', '3');
INSERT INTO `zw_m_administrative_divisions` VALUES ('033158a7-f944-4923-8a63-b0b0cf490de0', '广西壮族自治区', '北海市', '铁山港区', '450512', '3');
INSERT INTO `zw_m_administrative_divisions` VALUES ('03376a03-835e-4717-9013-f49e43db9bd1', '广东省', '珠海市', '金湾区', '440404', '3');
INSERT INTO `zw_m_administrative_divisions` VALUES ('0337bea6-7c41-4eca-a1ba-8b3dfb19f928', '广东省', '揭阳市', '揭西县', '445222', '3');
INSERT INTO `zw_m_administrative_divisions` VALUES ('035d8035-a14b-4f9a-a703-eeca18551e15', '福建省', '南平市', '武夷山市', '350782', '3');
INSERT INTO `zw_m_administrative_divisions` VALUES ('0363a010-43bf-4b84-b52e-ed3712f3abc5', '广东省', '韶关市', '武江区', '440203', '3');
INSERT INTO `zw_m_administrative_divisions` VALUES ('038a94ee-ac8d-4c52-8be2-906ff3c8a2fb', '内蒙古自治区', '内蒙古自治区区本级', '内蒙古自治区区本级（森工集团）', '159903', '3');
INSERT INTO `zw_m_administrative_divisions` VALUES ('038e5c60-522d-4dec-a8dd-4819827c51e1', '辽宁省', '大连市', '长兴岛临港工业区', '210242', '3');
INSERT INTO `zw_m_administrative_divisions` VALUES ('03c3aa3a-e7c4-4fcd-bfdc-db72fbca973e', '河南省', '焦作市', '解放区', '410802', '3');
INSERT INTO `zw_m_administrative_divisions` VALUES ('03cabf21-bb12-4b9b-baa6-86460cc195ea', '山东省', '济南市', '济南高新技术产业开发区', '370140', '3');
INSERT INTO `zw_m_administrative_divisions` VALUES ('03cdc187-fe12-40df-80f4-c9585123f208', '四川省', '成都市', '蒲江县', '510131', '3');
INSERT INTO `zw_m_administrative_divisions` VALUES ('03fca7e3-7a65-452f-9794-39db297c82dd', '广东省', '揭阳市', null, '445200', '2');
INSERT INTO `zw_m_administrative_divisions` VALUES ('0414c984-3c61-4944-a24c-50523735d817', '云南省', '文山壮族苗族自治州', '西畴县', '532623', '3');
INSERT INTO `zw_m_administrative_divisions` VALUES ('041b0645-2172-44fc-a792-432f6c5d0bb3', '内蒙古自治区', '乌兰察布市', '丰镇市', '150981', '3');
INSERT INTO `zw_m_administrative_divisions` VALUES ('041cb579-cfb4-4e20-be15-055a7b4f8aae', '黑龙江省', '佳木斯市', '东风区', '230805', '3');
INSERT INTO `zw_m_administrative_divisions` VALUES ('041f6094-0ce0-45a2-9763-db2db64ee2c4', '福建省', '泉州市', '安溪县', '350524', '3');
INSERT INTO `zw_m_administrative_divisions` VALUES ('04269caa-4edd-4754-828d-845324e21b43', '山东省', '淄博市', '博山区', '370304', '3');
INSERT INTO `zw_m_administrative_divisions` VALUES ('04274155-3604-41b8-8d31-97c325bfeee2', '河北省', '张家口市', '下花园区', '130706', '3');
INSERT INTO `zw_m_administrative_divisions` VALUES ('04354d3d-6dd1-4d19-a284-622cfed27515', '山东省', '枣庄市', '薛城区', '370403', '3');
INSERT INTO `zw_m_administrative_divisions` VALUES ('043ded2a-7c73-4fd1-a693-638994ccf5d8', '四川省', '遂宁市', '蓬溪县', '510921', '3');
INSERT INTO `zw_m_administrative_divisions` VALUES ('045c7f4e-1c49-452e-931d-5e9888c4b585', '安徽省', '六安市', '叶集区', '341504', '3');
INSERT INTO `zw_m_administrative_divisions` VALUES ('0464aad3-8824-4e60-861e-ff5223162224', '天津市', '天津市市辖区', '宁河县', '120221', '3');
INSERT INTO `zw_m_administrative_divisions` VALUES ('0472886b-96bf-4451-bb6f-deded69e3326', '内蒙古自治区', '阿拉善盟', '腾格里经济技术开发区', '152941', '3');
INSERT INTO `zw_m_administrative_divisions` VALUES ('04758bef-ffcd-427d-94a9-0194a4ebf67a', '河北省', '邢台市', '内丘县', '130523', '3');
INSERT INTO `zw_m_administrative_divisions` VALUES ('04d3d99e-edc4-4762-a5ba-6abc7b729a25', '山东省', '聊城市', '阳谷县', '371521', '3');
INSERT INTO `zw_m_administrative_divisions` VALUES ('04d8428e-d813-4291-9334-9c73741cbc69', '河南省', '南阳市', '卧龙区', '411303', '3');
INSERT INTO `zw_m_administrative_divisions` VALUES ('04e074e5-d6b3-48f3-940e-640cda1f6e5d', '河北省', '邢台市', '南和县', '130527', '3');
INSERT INTO `zw_m_administrative_divisions` VALUES ('04f3209a-e183-4a90-8b67-d6844111cf89', '广东省', '广州市', '增城市', '440183', '3');
INSERT INTO `zw_m_administrative_divisions` VALUES ('04fce6a4-4ad5-4d05-a701-86316f96e61e', '贵州省', '铜仁地区', null, '522200', '2');
INSERT INTO `zw_m_administrative_divisions` VALUES ('04ffa79d-4492-485f-aa54-c8e7a49844b1', '河南省', '郑州市', null, '410100', '2');
INSERT INTO `zw_m_administrative_divisions` VALUES ('050fa350-6e3c-4796-a548-13117cd6ad92', '海南省', '洋浦经济开发区', '洋浦经济开发区本级', '462099', '3');
INSERT INTO `zw_m_administrative_divisions` VALUES ('0526b537-66b8-4f09-9510-9ba5dbbc3cbb', '湖南省', '湘西土家族苗族自治州', '吉首市', '433101', '3');
INSERT INTO `zw_m_administrative_divisions` VALUES ('05281466-e6ee-45f1-96a4-3e233bfb8d15', '黑龙江省', '佳木斯市', '同江市', '230881', '3');
INSERT INTO `zw_m_administrative_divisions` VALUES ('0549bd1e-b30d-4c1e-8cb7-f2ca4d08e1da', '青海省', '玉树藏族自治州', null, '632700', '2');
INSERT INTO `zw_m_administrative_divisions` VALUES ('0559bddc-3178-420a-96c9-250bd3f4a812', '广西壮族自治区', '百色市', '西林县', '451030', '3');
INSERT INTO `zw_m_administrative_divisions` VALUES ('0574cea4-83c4-4be1-b3f4-09df27fbbfb3', '山西省', '朔州市', '平鲁区', '140603', '3');
INSERT INTO `zw_m_administrative_divisions` VALUES ('05a1f788-22b3-4d01-9a18-0fe22b8338a5', '安徽省', '宣城市', '郎溪县', '341821', '3');
INSERT INTO `zw_m_administrative_divisions` VALUES ('05af11df-9092-4a48-916e-2b9fac0030ca', '内蒙古自治区', '锡林郭勒盟', '太仆寺旗', '152527', '3');
INSERT INTO `zw_m_administrative_divisions` VALUES ('05b47835-ef8b-41e1-a707-7599a573cd1d', '福建省', '龙岩市', '漳平市', '350881', '3');
INSERT INTO `zw_m_administrative_divisions` VALUES ('05bc7880-0108-4c45-9632-03261189200e', '河北省', '邢台市', '邢台县', '130521', '3');
INSERT INTO `zw_m_administrative_divisions` VALUES ('05d62e2e-f894-469c-9cf9-6fb467cd4cde', '湖北省', '荆州市', '荆州经济技术开发区', '421040', '3');
INSERT INTO `zw_m_administrative_divisions` VALUES ('05db1b71-9b21-4ad2-9a5d-ed46e00a7851', '河北省', '承德市', '双滦区', '130803', '3');
INSERT INTO `zw_m_administrative_divisions` VALUES ('05fae10b-fdbf-4437-83b8-512c54a6af4f', '湖南省', '郴州市', '桂阳县', '431021', '3');
INSERT INTO `zw_m_administrative_divisions` VALUES ('0603cc8b-ffcd-40f6-9779-cf1c2d4dcd05', '山东省', '滨州市', '滨州高新技术产业开发区', '371641', '3');
INSERT INTO `zw_m_administrative_divisions` VALUES ('0617f09c-5bc4-4156-8690-c518ae5942df', '内蒙古自治区', '呼伦贝尔市', '鄂伦春自治旗', '150723', '3');
INSERT INTO `zw_m_administrative_divisions` VALUES ('0651abdd-89cc-4c15-a25b-69a9726845ca', '四川省', '广安市', '邻水县', '511623', '3');
INSERT INTO `zw_m_administrative_divisions` VALUES ('065417f6-a016-4ce4-becf-47692ea60744', '河南省', '南阳市', '南召县', '411321', '3');
INSERT INTO `zw_m_administrative_divisions` VALUES ('0677036d-fc35-46c3-80af-f54ce1fe5ccd', '陕西省', '铜川市', null, '610200', '2');
INSERT INTO `zw_m_administrative_divisions` VALUES ('0689a991-5340-45d4-8af0-0c70f03f47d6', '辽宁省', '锦州市', '古塔区', '210702', '3');
INSERT INTO `zw_m_administrative_divisions` VALUES ('06ed088c-ee0a-49f8-ba5b-f0158fc6b8a7', '西藏自治区', '日喀则地区', '定结县', '542332', '3');
INSERT INTO `zw_m_administrative_divisions` VALUES ('06f4f11a-bc64-49e7-b8b3-0a332cdaac78', '广西壮族自治区', '桂林市', '临桂县', '450322', '3');
INSERT INTO `zw_m_administrative_divisions` VALUES ('0702080a-045f-4ce3-b937-c9cd5986c645', '宁夏回族自治区', '银川市', '西夏区', '640105', '3');
INSERT INTO `zw_m_administrative_divisions` VALUES ('0723ce07-aa08-4a17-a3e5-f336851f641f', '福建省', '泉州市', null, '350500', '2');
INSERT INTO `zw_m_administrative_divisions` VALUES ('072fa50c-2ccf-47ac-9196-8e57c5f232fd', '福建省', '泉州市', '德化县', '350526', '3');
INSERT INTO `zw_m_administrative_divisions` VALUES ('07305a5c-54f1-46ea-a5ab-03e83c7f826d', '四川省', '凉山彝族自治州', '西昌市', '513401', '3');
INSERT INTO `zw_m_administrative_divisions` VALUES ('07555298-b4b7-40eb-89bb-a0a81e465686', '河南省', null, null, '410000', '1');
INSERT INTO `zw_m_administrative_divisions` VALUES ('07759b82-7a0a-42da-8d4a-9e18eb670e25', '山东省', '潍坊市', '安丘市', '370784', '3');
INSERT INTO `zw_m_administrative_divisions` VALUES ('0783ec34-51f8-40ab-8970-818aad50a769', '新疆维吾尔自治区', '喀什地区', '疏勒县', '653122', '3');
INSERT INTO `zw_m_administrative_divisions` VALUES ('07a4db83-b7ca-4506-8004-3a4d636dbb18', '湖南省', '湘西土家族苗族自治州', '古丈县', '433126', '3');
INSERT INTO `zw_m_administrative_divisions` VALUES ('07a8a1c1-5d4b-4ebe-88d3-9463a0a95964', '云南省', '德宏傣族景颇族自治州', '瑞丽市', '533102', '3');
INSERT INTO `zw_m_administrative_divisions` VALUES ('07acd65d-14e8-4098-8e58-563c0f50bd5f', '重庆市', '重庆市市辖区', null, '500100', '2');
INSERT INTO `zw_m_administrative_divisions` VALUES ('08070e0f-bd6c-47f6-ae36-5b7a5a4660de', '黑龙江省', '伊春市', '友好区', '230704', '3');
INSERT INTO `zw_m_administrative_divisions` VALUES ('0809f28e-e03b-424d-9800-4b8db7879be7', '安徽省', '马鞍山市', '和县', '340523', '3');
INSERT INTO `zw_m_administrative_divisions` VALUES ('080afb0c-b567-4956-8d20-249f778e29d1', '江苏省', '南京市', '浦口区', '320111', '3');
INSERT INTO `zw_m_administrative_divisions` VALUES ('080ce687-4961-4ff4-a79f-f52f616c903c', '山西省', '长治市', '壶关县', '140427', '3');
INSERT INTO `zw_m_administrative_divisions` VALUES ('0815b4f8-eec7-4c24-a29c-68de5087345f', '浙江省', '宁波市', '奉化市', '330283', '3');
INSERT INTO `zw_m_administrative_divisions` VALUES ('08194fbb-dddc-45ec-8f6a-4be7e5524d16', '福建省', '南平市', '光泽县', '350723', '3');
INSERT INTO `zw_m_administrative_divisions` VALUES ('0820d18e-8bd0-42a7-b18c-336812068f90', '云南省', '楚雄彝族自治州', null, '532300', '2');
INSERT INTO `zw_m_administrative_divisions` VALUES ('0835b279-14a0-48ba-9ef7-0731f69c325a', '四川省', '绵阳市', '三台县', '510722', '3');
INSERT INTO `zw_m_administrative_divisions` VALUES ('08407e73-7eaf-4530-953e-bd5554e14c19', '云南省', '普洱市', '西盟佤族自治县', '530829', '3');
INSERT INTO `zw_m_administrative_divisions` VALUES ('084f0f86-7c84-4c1d-a529-e85880a49e7b', '北京市', '北京市市辖区', '崇文区', '110103', '3');
INSERT INTO `zw_m_administrative_divisions` VALUES ('08502920-c217-4236-a437-09239a763f8a', '河北省', '保定市', '北市区', '130603', '3');
INSERT INTO `zw_m_administrative_divisions` VALUES ('08771627-dd4d-44f2-9cbe-d3c646ff1253', '西藏自治区', '日喀则地区', '仁布县', '542330', '3');
INSERT INTO `zw_m_administrative_divisions` VALUES ('0878a257-b6b4-45ba-b1ab-76d671008310', '内蒙古自治区', '赤峰市', '克什克腾旗', '150425', '3');
INSERT INTO `zw_m_administrative_divisions` VALUES ('08878141-458a-4b03-9860-219550aee545', '贵州省', '铜仁地区', '沿河土家族自治县', '522228', '3');
INSERT INTO `zw_m_administrative_divisions` VALUES ('0887d138-ee5c-44f3-bca2-fb28b10a35c4', '广东省', '珠海市', '横琴新区', '440442', '3');
INSERT INTO `zw_m_administrative_divisions` VALUES ('088fa857-0255-4c9c-bb5b-01e021d371ea', '福建省', '莆田市', '荔城区', '350304', '3');
INSERT INTO `zw_m_administrative_divisions` VALUES ('0892cbd6-dd98-45e3-8549-e4b99d675d7c', '安徽省', '安庆市', null, '340800', '2');
INSERT INTO `zw_m_administrative_divisions` VALUES ('08ba4f3e-89dc-4f4d-b616-a54f23c76afb', '湖北省', '黄石市', '黄石市经济技术开发区', '420240', '3');
INSERT INTO `zw_m_administrative_divisions` VALUES ('08c053b6-5f97-4c30-b2a3-5d211bba3ba4', '黑龙江省', '伊春市', '美溪区', '230708', '3');
INSERT INTO `zw_m_administrative_divisions` VALUES ('08eb5620-444a-46bf-84ec-a7ae0c79a4aa', '山西省', '长治市', '长子县', '140428', '3');
INSERT INTO `zw_m_administrative_divisions` VALUES ('08ede806-7c74-4ba9-87fc-7afe940ff3cd', '新疆维吾尔自治区', '哈密地区', '伊吾县', '652223', '3');
INSERT INTO `zw_m_administrative_divisions` VALUES ('08f248b4-6ec5-49d9-bfd7-4ca14a2233c7', '贵州省', '毕节地区', '金沙县', '522424', '3');
INSERT INTO `zw_m_administrative_divisions` VALUES ('09263ae0-4e9a-4419-baf6-bad2b351b1be', '黑龙江省', '绥化市', '兰西县', '231222', '3');
INSERT INTO `zw_m_administrative_divisions` VALUES ('0927bd73-7ccf-4ae1-8454-de87561c925d', '浙江省', '绍兴市', '上虞市', '330682', '3');
INSERT INTO `zw_m_administrative_divisions` VALUES ('092b34b7-45f1-4dd2-919e-48a337135c33', '广东省', '揭阳市', '普宁市', '445281', '3');
INSERT INTO `zw_m_administrative_divisions` VALUES ('094c4ea0-d80c-4aac-b815-8c4746b2a46e', '辽宁省', '朝阳市', '龙城区', '211303', '3');
INSERT INTO `zw_m_administrative_divisions` VALUES ('095c4879-a7ce-4460-a7e1-c57cd1301a65', '安徽省', '黄山市', null, '341000', '2');
INSERT INTO `zw_m_administrative_divisions` VALUES ('0962d410-91ca-4223-b29e-c8494af02d8e', '山东省', '德州市', null, '371400', '2');
INSERT INTO `zw_m_administrative_divisions` VALUES ('096fa8b8-e8af-4b89-9fb7-b61a38a1c173', '河南省', '漯河市', null, '411100', '2');
INSERT INTO `zw_m_administrative_divisions` VALUES ('099c646f-153b-41cb-9b3b-fd5ed053bc7c', '黑龙江省', '省森工地区', '合江森工地区', '232803', '3');
INSERT INTO `zw_m_administrative_divisions` VALUES ('09bd5c13-53c8-4169-ab12-30e0ccce9aa6', '河北省', '邢台市', '柏乡县', '130524', '3');
INSERT INTO `zw_m_administrative_divisions` VALUES ('09c12586-5053-4174-a2b4-63ca396d09d8', '河北省', '石家庄市', '灵寿县', '130126', '3');
INSERT INTO `zw_m_administrative_divisions` VALUES ('09c5f0c0-3b3a-48d8-98af-54e4bf37bfac', '四川省', '自贡市', '自贡高新技术产业开发区', '510340', '3');
INSERT INTO `zw_m_administrative_divisions` VALUES ('09d54e20-1ea0-44ea-aaac-6fd44a008618', '湖北省', '荆门市', '钟祥市', '420881', '3');
INSERT INTO `zw_m_administrative_divisions` VALUES ('09dd8773-919d-45f6-bfed-6afed9082ee3', '贵州省', '遵义市', '遵义县', '520321', '3');
INSERT INTO `zw_m_administrative_divisions` VALUES ('0a151da7-b9e7-4b71-9713-37851072bbd9', '四川省', '德阳市', '旌阳区', '510603', '3');
INSERT INTO `zw_m_administrative_divisions` VALUES ('0a1b0c33-425f-40ef-a09b-8160c4c53dc0', '四川省', '雅安市', '荥经县', '511822', '3');
INSERT INTO `zw_m_administrative_divisions` VALUES ('0a2602c5-02d9-4218-8bf6-f982a8c2fa57', '河北省', '邯郸市', '广平县', '130432', '3');
INSERT INTO `zw_m_administrative_divisions` VALUES ('0a31cd28-977f-440c-89d1-146a27f94b0b', '天津市', '天津市市辖区', '武清区', '120114', '3');
INSERT INTO `zw_m_administrative_divisions` VALUES ('0a350845-abdb-4231-8aad-6d8190c840ee', '河北省', '邯郸市', '魏县', '130434', '3');
INSERT INTO `zw_m_administrative_divisions` VALUES ('0a38bd62-37df-4370-bf01-f277b37c4c56', '广东省', '云浮市', '郁南县', '445322', '3');
INSERT INTO `zw_m_administrative_divisions` VALUES ('0a56779c-b4a1-41c6-8d09-255993d6f9f4', '陕西省', '安康市', '石泉县', '610922', '3');
INSERT INTO `zw_m_administrative_divisions` VALUES ('0a6762f8-b5b5-448d-a8e8-8acd1f24c03d', '辽宁省', '朝阳市', '凌源市', '211382', '3');
INSERT INTO `zw_m_administrative_divisions` VALUES ('0a6bd43f-673c-4d31-9e9d-36cde3e99ddb', '黑龙江省', '佳木斯市', null, '230800', '2');
INSERT INTO `zw_m_administrative_divisions` VALUES ('0a75e568-3bcb-4557-9d7f-72bdb778063f', '甘肃省', '兰州市', '西固区', '620104', '3');
INSERT INTO `zw_m_administrative_divisions` VALUES ('0a80f45f-28ec-4cea-a8be-4e1312bc6fef', '贵州省', '黔东南苗族侗族自治州', '黎平县', '522631', '3');
INSERT INTO `zw_m_administrative_divisions` VALUES ('0ab1d7af-2de6-43a5-8af6-05596940fbc8', '广西壮族自治区', '梧州市', '龙圩区', '450406', '3');
INSERT INTO `zw_m_administrative_divisions` VALUES ('0ac0c888-256c-44d8-9d45-6f80a0381552', '安徽省', '六安市', null, '341500', '2');
INSERT INTO `zw_m_administrative_divisions` VALUES ('0ac59c96-6201-4ffe-ba38-100f74a1f41d', '湖南省', '张家界市', '桑植县', '430822', '3');
INSERT INTO `zw_m_administrative_divisions` VALUES ('0ad23ca4-2664-4f9b-bdce-be5611fc8b1d', '广东省', '清远市', '连州市', '441882', '3');
INSERT INTO `zw_m_administrative_divisions` VALUES ('0ae50b7f-773d-42cf-bf05-59f7e5708d06', '新疆维吾尔自治区', '博尔塔拉蒙古自治州', '温泉县', '652723', '3');
INSERT INTO `zw_m_administrative_divisions` VALUES ('0aed95ec-a943-4fa1-9280-1f799e8ce238', '江苏省', '徐州市', '铜山县', '320323', '3');
INSERT INTO `zw_m_administrative_divisions` VALUES ('0b1e5b85-bdf6-42d2-9cfd-dea946003814', '新疆维吾尔自治区', '塔城地区', null, '654200', '2');
INSERT INTO `zw_m_administrative_divisions` VALUES ('0b21eb3e-848e-4175-9cb3-f3b9468b3813', '广西壮族自治区', '柳州市', '融安县', '450224', '3');
INSERT INTO `zw_m_administrative_divisions` VALUES ('0b29a75f-462c-4e3f-babd-d0bdf0ee259d', '广西壮族自治区', '防城港市', '东兴市', '450681', '3');
INSERT INTO `zw_m_administrative_divisions` VALUES ('0b2c5cf9-5bed-4609-9b80-a3faceac8301', '河北省', '唐山市', '路北区', '130203', '3');
INSERT INTO `zw_m_administrative_divisions` VALUES ('0b436bdb-94eb-4afd-a1e6-97fb7042a325', '北京市', null, null, '110000', '1');
INSERT INTO `zw_m_administrative_divisions` VALUES ('0b4d94df-a7b7-4afa-8742-ac74c87f23ae', '广东省', '阳江市', '阳春市', '441780', '3');
INSERT INTO `zw_m_administrative_divisions` VALUES ('0b642db7-0caf-41fb-9f8f-2df591b5fcad', '福建省', '莆田市', null, '350300', '2');
INSERT INTO `zw_m_administrative_divisions` VALUES ('0b6d37f6-e1e1-4f55-90c2-f0322323f232', '陕西省', '宝鸡市', '渭滨区', '610302', '3');
INSERT INTO `zw_m_administrative_divisions` VALUES ('0b70ac0f-0d62-4422-b8d9-bb8c847729fb', '山西省', '临汾市', '洪洞县', '141024', '3');
INSERT INTO `zw_m_administrative_divisions` VALUES ('0b73545c-5f8b-4815-9182-b2e63ba5a6de', '新疆维吾尔自治区', '乌鲁木齐市', '沙依巴克区', '650103', '3');
INSERT INTO `zw_m_administrative_divisions` VALUES ('0b74dd17-8930-4a4c-a978-ae240e880f50', '浙江省', '杭州市', '江干区', '330104', '3');
INSERT INTO `zw_m_administrative_divisions` VALUES ('0b7e27d4-4617-40ea-90b9-33d463ee5697', '四川省', '南充市', '南部县', '511321', '3');
INSERT INTO `zw_m_administrative_divisions` VALUES ('0b80f371-05ee-49d4-a96b-b917f59bff34', '西藏自治区', '昌都地区', '昌都地区本级', '542199', '3');
INSERT INTO `zw_m_administrative_divisions` VALUES ('0ba69c12-5abf-472f-ba8a-616919329c33', '甘肃省', '天水市', '秦安县', '620522', '3');
INSERT INTO `zw_m_administrative_divisions` VALUES ('0bb3cab9-c768-4f19-901a-4c0535c88ab9', '湖南省', '湘西土家族苗族自治州', '龙山县', '433130', '3');
INSERT INTO `zw_m_administrative_divisions` VALUES ('0bc104c5-98a8-42d9-91af-57ccff83998a', '内蒙古自治区', '锡林郭勒盟', '镶黄旗', '152528', '3');
INSERT INTO `zw_m_administrative_divisions` VALUES ('0bc6aa32-347d-49a8-96fd-cb8d4838ce5c', '天津市', '天津市市辖区', '保税区', '120141', '3');
INSERT INTO `zw_m_administrative_divisions` VALUES ('0be2e74c-86fe-40e4-80ad-a3964086cf44', '河南省', '新乡市', '红旗区', '410702', '3');
INSERT INTO `zw_m_administrative_divisions` VALUES ('0c013a26-7ce6-4a5c-b55c-201cf6bd6173', '甘肃省', '甘南藏族自治州', '卓尼县', '623022', '3');
INSERT INTO `zw_m_administrative_divisions` VALUES ('0c08634c-52d3-4277-a8cf-61450663ea0e', '安徽省', '合肥市', null, '340100', '2');
INSERT INTO `zw_m_administrative_divisions` VALUES ('0c1954d6-4331-47c1-bbd0-66f0bec688f6', '江西省', '九江市', '共青城开放开发区', '360442', '3');
INSERT INTO `zw_m_administrative_divisions` VALUES ('0c31c3d2-efd0-4d86-8d45-3d3a3a3510bb', '山西省', '朔州市', '右玉县', '140623', '3');
INSERT INTO `zw_m_administrative_divisions` VALUES ('0c39ce4d-2c05-4220-843a-9c1d46f8b834', '江苏省', '徐州市', '鼓楼区', '320302', '3');
INSERT INTO `zw_m_administrative_divisions` VALUES ('0c3d962d-e194-49bb-8689-27495e419f4e', '吉林省', '通化市', '通化县', '220521', '3');
INSERT INTO `zw_m_administrative_divisions` VALUES ('0c5331b4-15c2-4b13-8ffe-8a008a74ceae', '山西省', '吕梁市', '中阳县', '141129', '3');
INSERT INTO `zw_m_administrative_divisions` VALUES ('0c7a6e28-57e7-4516-b8b9-132c2a391072', '广东省', '惠州市', '惠东县', '441323', '3');
INSERT INTO `zw_m_administrative_divisions` VALUES ('0c831403-b144-41e9-b34d-6f3bbeddc3e6', '四川省', '内江市', null, '511000', '2');
INSERT INTO `zw_m_administrative_divisions` VALUES ('0c836af9-0f4e-49f8-b583-d954cbe07a4c', '四川省', '达州市', '宣汉县', '511722', '3');
INSERT INTO `zw_m_administrative_divisions` VALUES ('0c90c7ab-6442-49b7-af87-1490c19e1f52', '陕西省', '咸阳市', '永寿县', '610426', '3');
INSERT INTO `zw_m_administrative_divisions` VALUES ('0c93f11a-6fd3-483c-8bc7-871f1f216fcc', '重庆市', '重庆市市辖区', '巫山县', '500237', '3');
INSERT INTO `zw_m_administrative_divisions` VALUES ('0c9bb980-7ca7-4985-be5a-19deb8c1fc6f', '四川省', '达州市', '开江县', '511723', '3');
INSERT INTO `zw_m_administrative_divisions` VALUES ('0cb9a808-55e2-4547-872e-dd0087c64dc1', '江苏省', '苏州市', '吴中区', '320506', '3');
INSERT INTO `zw_m_administrative_divisions` VALUES ('0cc6cb6b-98cb-43a1-87b4-9e83bef8591f', '甘肃省', '庆阳市', '正宁县', '621025', '3');
INSERT INTO `zw_m_administrative_divisions` VALUES ('0cc71e08-ae71-4997-b1f9-bb9cd3b85a6d', '江苏省', '徐州市', '九里区', '320304', '3');
INSERT INTO `zw_m_administrative_divisions` VALUES ('0cea2b1d-0d8a-4261-aece-67b5875f2109', '湖北省', '荆门市', '沙洋县', '420822', '3');
INSERT INTO `zw_m_administrative_divisions` VALUES ('0cf6746d-d88d-486f-8612-a8db0f3a75c3', '湖南省', '株洲市', '云龙示范区', '430240', '3');
INSERT INTO `zw_m_administrative_divisions` VALUES ('0d02441b-7fcc-456a-b40b-0cedb97d82ae', '湖南省', '长沙市', '开福区', '430105', '3');
INSERT INTO `zw_m_administrative_divisions` VALUES ('0d0b789c-bb88-49d5-859e-f7df54d98493', '辽宁省', '丹东市', '振兴区', '210603', '3');
INSERT INTO `zw_m_administrative_divisions` VALUES ('0d26cab1-279e-4324-a262-16e9136028fe', '浙江省', '台州市', '三门县', '331022', '3');
INSERT INTO `zw_m_administrative_divisions` VALUES ('0d43b493-b718-4ce6-a02b-05d0daf04f9b', '贵州省', '黔南布依族苗族自治州', '长顺县', '522729', '3');
INSERT INTO `zw_m_administrative_divisions` VALUES ('0d4c4faa-075a-4c95-be29-90b7f5eb7c88', '吉林省', '白山市', '八道江区', '220602', '3');
INSERT INTO `zw_m_administrative_divisions` VALUES ('0d6102c2-a78f-438c-93fd-cadcf38a56f8', '吉林省', '白山市', '临江市', '220681', '3');
INSERT INTO `zw_m_administrative_divisions` VALUES ('0d76668d-1c45-4a5d-a607-2bd304762c9c', '广西壮族自治区', '河池市', '都安瑶族自治县', '451228', '3');
INSERT INTO `zw_m_administrative_divisions` VALUES ('0d7b4afb-1fc7-42b1-b8b9-17639133db79', '河北省', '唐山市', '迁安市', '130283', '3');
INSERT INTO `zw_m_administrative_divisions` VALUES ('0d852692-cb17-4d5d-b44e-217017ec3e41', '湖北省', '恩施土家族苗族自治州', '恩施土家族苗族自治州州本级', '422899', '3');
INSERT INTO `zw_m_administrative_divisions` VALUES ('0da0d851-2998-469e-8511-8be1cf8ae054', '四川省', '甘孜藏族自治州', '甘孜县', '513328', '3');
INSERT INTO `zw_m_administrative_divisions` VALUES ('0db1961f-1c53-45df-865a-e3ac27ed652e', '广西壮族自治区', '河池市', '天峨县', '451222', '3');
INSERT INTO `zw_m_administrative_divisions` VALUES ('0dbd5ee4-4ff9-44f4-874b-c788b37ac883', '西藏自治区', '山南地区', '加查县', '542229', '3');
INSERT INTO `zw_m_administrative_divisions` VALUES ('0de4da73-ec72-4d63-a144-d575eac573bd', '福建省', '三明市', '泰宁县', '350429', '3');
INSERT INTO `zw_m_administrative_divisions` VALUES ('0de66574-a7b8-4c82-b5ad-5cd3a0985030', '新疆维吾尔自治区', '和田地区', '和田地区本级', '653299', '3');
INSERT INTO `zw_m_administrative_divisions` VALUES ('0df4b438-9b61-4901-b65a-766e3b74fe88', '陕西省', '榆林市', '子洲县', '610831', '3');
INSERT INTO `zw_m_administrative_divisions` VALUES ('0e294b78-988f-4ada-a852-120dc1e5fd79', '四川省', '甘孜藏族自治州', '甘孜藏族自治州州本级', '513399', '3');
INSERT INTO `zw_m_administrative_divisions` VALUES ('0e4cc078-238a-411d-983c-f28d7568abfa', '新疆维吾尔自治区', '伊犁哈萨克自治州', '伊犁哈萨克自治州州本级', '654099', '3');
INSERT INTO `zw_m_administrative_divisions` VALUES ('0e956630-6f6d-44f1-9e51-f12be0a039bb', '云南省', '昆明市', '西山区', '530112', '3');
INSERT INTO `zw_m_administrative_divisions` VALUES ('0ea3e6ee-57eb-47dd-9144-31c85e8422cd', '四川省', '甘孜藏族自治州', '石渠县', '513332', '3');
INSERT INTO `zw_m_administrative_divisions` VALUES ('0eb7e9a2-941d-4cda-b427-fde026e1fe4d', '黑龙江省', '绥化市', '肇东市', '231282', '3');
INSERT INTO `zw_m_administrative_divisions` VALUES ('0eba5890-da13-42f8-9a90-520b607e25ab', '陕西省', '咸阳市', '长武县', '610428', '3');
INSERT INTO `zw_m_administrative_divisions` VALUES ('0ec6978f-c936-40aa-adbb-0ad15fc8598f', '吉林省', '长春市', '榆树市', '220182', '3');
INSERT INTO `zw_m_administrative_divisions` VALUES ('0ee785e6-4aa4-42e6-a9d5-549a2042cf14', '福建省', '泉州市', '石狮市', '350581', '3');
INSERT INTO `zw_m_administrative_divisions` VALUES ('0f2f9da1-eda2-4e5b-81e8-b842302de848', '山东省', '烟台市', '昆嵛山国家级自然保护区', '370642', '3');
INSERT INTO `zw_m_administrative_divisions` VALUES ('0f3e5e27-8106-4b07-be12-bfb933a84b8e', '江西省', '宜春市', null, '360900', '2');
INSERT INTO `zw_m_administrative_divisions` VALUES ('0f45b2ca-41e6-483d-938b-da5344af039e', '广东省', '梅州市', '大埔县', '441422', '3');
INSERT INTO `zw_m_administrative_divisions` VALUES ('0f71d8aa-2eb9-4ec2-a280-f58be9183d59', '云南省', '昆明市', '富民县', '530124', '3');
INSERT INTO `zw_m_administrative_divisions` VALUES ('0fc7b922-eeb8-440b-aeab-a8e752245b2f', '甘肃省', '甘南藏族自治州', '舟曲县', '623023', '3');
INSERT INTO `zw_m_administrative_divisions` VALUES ('0fd1e980-b27d-4625-b6bc-282255f615dc', '广西壮族自治区', '崇左市', '天等县', '451425', '3');
INSERT INTO `zw_m_administrative_divisions` VALUES ('0fd867d0-3f54-4cfd-a2ce-4eb21da527e8', '四川省', '成都市', '天府新区', '510141', '3');
INSERT INTO `zw_m_administrative_divisions` VALUES ('0fdb7f36-4a91-4572-96cb-63dc4489de64', '黑龙江省', '牡丹江市', '绥芬河市', '231081', '3');
INSERT INTO `zw_m_administrative_divisions` VALUES ('0ffe4dd5-c57e-4e61-9466-2ea63ffdb050', '河南省', '安阳市', '内黄县', '410527', '3');
INSERT INTO `zw_m_administrative_divisions` VALUES ('10022ac8-5e24-4ad8-a39f-fce46c5db012', '安徽省', '合肥市', '新站综合开发实验区', '340142', '3');
INSERT INTO `zw_m_administrative_divisions` VALUES ('10158910-f76c-4013-a349-47fbe9593712', '山东省', '临沂市', '临沂市经济开发区', '371340', '3');
INSERT INTO `zw_m_administrative_divisions` VALUES ('102639df-1a5f-4a70-a735-88e64dd3e0c4', '宁夏回族自治区', '银川市', '灵武市', '640181', '3');
INSERT INTO `zw_m_administrative_divisions` VALUES ('1030726a-69f7-47e9-a867-6402fb6421fd', '吉林省', '吉林市', '蛟河市', '220281', '3');
INSERT INTO `zw_m_administrative_divisions` VALUES ('1035c09c-a5df-45a2-a3e5-33090d7e50e6', '陕西省', '杨凌示范区', null, '611100', '2');
INSERT INTO `zw_m_administrative_divisions` VALUES ('1037b555-fcb3-476d-9a1f-b44c2dacefc7', '湖南省', '湘西土家族苗族自治州', '花垣县', '433124', '3');
INSERT INTO `zw_m_administrative_divisions` VALUES ('103a0337-dec1-46f3-987b-40e77291199a', '河南省', '平顶山市', '平顶山高新技术产业开发区', '410441', '3');
INSERT INTO `zw_m_administrative_divisions` VALUES ('103e1241-67a1-470c-a939-faf81ebf7054', '安徽省', '芜湖市', '弋江区', '340203', '3');
INSERT INTO `zw_m_administrative_divisions` VALUES ('104537db-6c97-4699-93f6-60aae85e54c1', '云南省', '昆明市', '昆明高新技术产业开发区', '530143', '3');
INSERT INTO `zw_m_administrative_divisions` VALUES ('10513936-ba6f-46f1-9bfb-37c76516e845', '山西省', '运城市', '永济市', '140881', '3');
INSERT INTO `zw_m_administrative_divisions` VALUES ('105c2028-c667-4c2c-88d7-aee48568bd04', '浙江省', '宁波市', '大榭开发区', '330243', '3');
INSERT INTO `zw_m_administrative_divisions` VALUES ('105e6713-7961-40c9-b4da-91c42b8b0dd5', '河北省', '承德市', '承德县', '130821', '3');
INSERT INTO `zw_m_administrative_divisions` VALUES ('10a02332-09ab-44a5-8245-031030aa8c5e', '湖南省', '岳阳市', '汨罗市', '430681', '3');
INSERT INTO `zw_m_administrative_divisions` VALUES ('10b7ac86-8c2a-46dc-b0cc-c3dd8f8ad223', '江苏省', '泰州市', null, '321200', '2');
INSERT INTO `zw_m_administrative_divisions` VALUES ('10c42982-e383-4bb0-af2e-6d88d10caf26', '黑龙江省', '大兴安岭地区', '林管局农工商联合', '232745', '3');
INSERT INTO `zw_m_administrative_divisions` VALUES ('10c652d5-3486-4ac6-bbfb-75be1e1e1024', '河北省', '邯郸市', '开发区', '130440', '3');
INSERT INTO `zw_m_administrative_divisions` VALUES ('10c90507-cae3-4707-9868-0a3c7c5757af', '河南省', '信阳市', '上天梯非金属矿管理区', '411542', '3');
INSERT INTO `zw_m_administrative_divisions` VALUES ('10f5bb17-4a06-4ad7-81f9-d2c634f1542b', '黑龙江省', '省农垦总局', '农垦哈尔滨分局', '232910', '3');
INSERT INTO `zw_m_administrative_divisions` VALUES ('110a0bc7-6a52-43a6-b6df-d064348a579b', '河北省', '邢台市', '威县', '130533', '3');
INSERT INTO `zw_m_administrative_divisions` VALUES ('110e6d06-99a6-4b28-8fee-3b7176516649', '贵州省', '黔南布依族苗族自治州', null, '522700', '2');
INSERT INTO `zw_m_administrative_divisions` VALUES ('110eceb4-1db0-4acf-adc7-3ecd42056152', '青海省', '海西蒙古族藏族自治州', '乌兰县', '632821', '3');
INSERT INTO `zw_m_administrative_divisions` VALUES ('11206179-15ec-4644-86e9-32dfe5bb0aaf', '河北省', '唐山市', '滦县', '130223', '3');
INSERT INTO `zw_m_administrative_divisions` VALUES ('1128b250-9c95-4e57-86cb-e8ec180b1757', '山西省', '朔州市', '应县', '140622', '3');
INSERT INTO `zw_m_administrative_divisions` VALUES ('112e4ce2-f939-4a8a-99ec-116157dc8363', '贵州省', '铜仁市', '玉屏侗族自治县', '520622', '3');
INSERT INTO `zw_m_administrative_divisions` VALUES ('1130033b-57e2-4058-bf5c-8564ce9b6393', '四川省', '甘孜藏族自治州', '白玉县', '513331', '3');
INSERT INTO `zw_m_administrative_divisions` VALUES ('11342167-0b02-49a2-bce6-51b095b0fcd1', '吉林省', '延边朝鲜族自治州', '延边朝鲜族自治州州本级', '222499', '3');
INSERT INTO `zw_m_administrative_divisions` VALUES ('113576a7-26cf-45fd-a6c4-5b6dd9cb4970', '四川省', '阿坝藏族羌族自治州', '小金县', '513227', '3');
INSERT INTO `zw_m_administrative_divisions` VALUES ('113e2bb2-bc1f-4958-bbc4-8ced7ddc8ffb', '云南省', '迪庆藏族自治州', '香格里拉县', '533421', '3');
INSERT INTO `zw_m_administrative_divisions` VALUES ('1163f96a-3628-4444-8fa8-e046f3a2d5af', '福建省', '福州市', '平潭县', '350128', '3');
INSERT INTO `zw_m_administrative_divisions` VALUES ('117379c7-b7aa-428f-a58e-ea296cc9e7ee', '黑龙江省', '齐齐哈尔市', '昂昂溪区', '230205', '3');
INSERT INTO `zw_m_administrative_divisions` VALUES ('11ac2cc7-30d7-473c-a324-c3e1992fecf9', '江苏省', '南通市', '海安县', '320621', '3');
INSERT INTO `zw_m_administrative_divisions` VALUES ('11b66163-0940-4fb2-8b40-5d2ed5879fa3', '河南省', '濮阳市', '清丰县', '410922', '3');
INSERT INTO `zw_m_administrative_divisions` VALUES ('11bc0246-991d-4560-b293-221daacf60d9', '内蒙古自治区', '呼和浩特市', '托克托县', '150122', '3');
INSERT INTO `zw_m_administrative_divisions` VALUES ('11c184b9-f95a-4e09-907f-36141e2fa628', '浙江省', '温州市', '平阳县', '330326', '3');
INSERT INTO `zw_m_administrative_divisions` VALUES ('11cbd058-a831-4071-bd9d-2c7304d96af5', '贵州省', '毕节地区', '威宁彝族回族苗族自治县', '522427', '3');
INSERT INTO `zw_m_administrative_divisions` VALUES ('11dad02c-8741-47ce-b6ba-723c97ea64cd', '新疆维吾尔自治区', '巴音郭楞蒙古自治州', '博湖县', '652829', '3');
INSERT INTO `zw_m_administrative_divisions` VALUES ('11f1b03e-2ad4-4348-92e7-cd44e2e6795e', '西藏自治区', '林芝地区', '察隅县', '542626', '3');
INSERT INTO `zw_m_administrative_divisions` VALUES ('11f32745-8aa2-4820-9f8a-4039fee253fd', '河北省', '石家庄市', '井陉矿区', '130107', '3');
INSERT INTO `zw_m_administrative_divisions` VALUES ('1218a7f5-ac00-4977-90b3-5f97a75a5a44', '云南省', null, null, '530000', '1');
INSERT INTO `zw_m_administrative_divisions` VALUES ('12229d79-778a-4717-9dd4-06cd395e08ed', '四川省', '眉山市', '青神县', '511425', '3');
INSERT INTO `zw_m_administrative_divisions` VALUES ('12544ddc-fb05-4f0a-985c-24f59c5306f1', '安徽省', '淮南市', '大通区', '340402', '3');
INSERT INTO `zw_m_administrative_divisions` VALUES ('12684fe7-22ac-46b2-9080-aa1027d0c8dd', '四川省', '内江市', '市中区', '511002', '3');
INSERT INTO `zw_m_administrative_divisions` VALUES ('127b8835-4fbe-4a37-8dc8-a95c3a54c9da', '陕西省', '西安市', '碑林区', '610103', '3');
INSERT INTO `zw_m_administrative_divisions` VALUES ('12a13956-b954-4b2d-961f-44182b759171', '甘肃省', '陇南市', '宕昌县', '621223', '3');
INSERT INTO `zw_m_administrative_divisions` VALUES ('12ad58cc-fed8-4fe8-938a-e65b3e70e17f', '山东省', '青岛市', '李沧区', '370213', '3');
INSERT INTO `zw_m_administrative_divisions` VALUES ('12b48706-6bf8-4710-b2e5-b246b931cc86', '新疆维吾尔自治区', '乌鲁木齐市', null, '650100', '2');
INSERT INTO `zw_m_administrative_divisions` VALUES ('12ca021a-da2c-4898-975a-d9f5c38e6d35', '广东省', '韶关市', '浈江区', '440204', '3');
INSERT INTO `zw_m_administrative_divisions` VALUES ('12ce02db-6fc5-4442-9d73-3d7c79a406b1', '浙江省', '衢州市', '衢江区', '330803', '3');
INSERT INTO `zw_m_administrative_divisions` VALUES ('12fdd040-e9ca-43fe-8f42-e9f0bbca9fda', '河北省', '保定市', '高碑店市', '130684', '3');
INSERT INTO `zw_m_administrative_divisions` VALUES ('1324d2a1-dc39-4521-b80b-93c57cee0760', '四川省', '成都市', '温江区', '510115', '3');
INSERT INTO `zw_m_administrative_divisions` VALUES ('133798d9-3487-4d91-b99a-a6b728c43364', '广西壮族自治区', '桂林市', '平乐县', '450330', '3');
INSERT INTO `zw_m_administrative_divisions` VALUES ('13531fcd-82d6-42dc-b079-008ea70ec630', '吉林省', null, null, '220000', '1');
INSERT INTO `zw_m_administrative_divisions` VALUES ('135b5012-2b9e-43b7-85bb-6794558413ad', '云南省', '普洱市', '镇沅彝族哈尼族拉祜族自治县', '530825', '3');
INSERT INTO `zw_m_administrative_divisions` VALUES ('137d8bcb-d722-45af-b3ab-aa28dbe7b64f', '福建省', '南平市', '建瓯市', '350783', '3');
INSERT INTO `zw_m_administrative_divisions` VALUES ('1393102e-0ffa-4aad-bd8d-4e6c2b504d68', '甘肃省', '平凉市', null, '620800', '2');
INSERT INTO `zw_m_administrative_divisions` VALUES ('13a14c13-706b-4905-a052-81ebf19d0e8a', '云南省', '迪庆藏族自治州', '迪庆藏族自治州州本级', '533499', '3');
INSERT INTO `zw_m_administrative_divisions` VALUES ('13a2a511-1fb5-46c0-b432-8c0b8b7c034d', '四川省', '甘孜藏族自治州', '雅江县', '513325', '3');
INSERT INTO `zw_m_administrative_divisions` VALUES ('13ab8b5b-68fa-485c-af6f-76eed4fde3fe', '青海省', '海西蒙古族藏族自治州', '格尔木市', '632801', '3');
INSERT INTO `zw_m_administrative_divisions` VALUES ('13b6e0c4-a0f2-4545-a5fa-d9ee0602626d', '山西省', '太原市', '娄烦县', '140123', '3');
INSERT INTO `zw_m_administrative_divisions` VALUES ('13cc28fb-baac-4b31-9e80-c731052e8fb4', '湖南省', '衡阳市', '蒸湘区', '430408', '3');
INSERT INTO `zw_m_administrative_divisions` VALUES ('13ddbcb9-ef94-4419-a2c0-4e2d847ce7b6', '陕西省', '西安市', '周至县', '610124', '3');
INSERT INTO `zw_m_administrative_divisions` VALUES ('1420b8c9-07e1-4dec-aac5-74ea745bd025', '福建省', '福州市', '马尾经济技术开发区', '350105', '3');
INSERT INTO `zw_m_administrative_divisions` VALUES ('14268df3-582d-4f25-b51b-fea864a19769', '上海市', '上海市市辖区', '闵行区', '310112', '3');
INSERT INTO `zw_m_administrative_divisions` VALUES ('1437be99-3508-4120-8b2b-8e75dc200184', '云南省', '玉溪市', '华宁县', '530424', '3');
INSERT INTO `zw_m_administrative_divisions` VALUES ('143cdc3a-6b72-4448-950c-5819b1dff889', '云南省', '临沧市', '镇康县', '530924', '3');
INSERT INTO `zw_m_administrative_divisions` VALUES ('14798f8f-f8d4-40a2-abd9-1e8b54bf82e0', '云南省', '昭通市', null, '530600', '2');
INSERT INTO `zw_m_administrative_divisions` VALUES ('1479b961-9b30-4690-a666-4a5d0b6a1630', '云南省', '曲靖市', '宣威市', '530381', '3');
INSERT INTO `zw_m_administrative_divisions` VALUES ('148259bc-b9b7-47aa-b667-ddeff89db4f9', '吉林省', '延边朝鲜族自治州', '龙井市', '222405', '3');
INSERT INTO `zw_m_administrative_divisions` VALUES ('14873ca9-b27a-4c97-a79b-8a98492093c7', '广东省', '广州市', '荔湾区', '440103', '3');
INSERT INTO `zw_m_administrative_divisions` VALUES ('148a6ea7-a004-4215-9b69-ae88390264a3', '甘肃省', '酒泉市', '肃北蒙古族自治县', '620923', '3');
INSERT INTO `zw_m_administrative_divisions` VALUES ('14948b74-759d-4e04-8cf0-a4c1aaeedf8e', '安徽省', '阜阳市', '太和县', '341222', '3');
INSERT INTO `zw_m_administrative_divisions` VALUES ('14cfdf23-8eae-43c9-9234-23ef6d77857f', '甘肃省', '张掖市', '甘州区', '620702', '3');
INSERT INTO `zw_m_administrative_divisions` VALUES ('14e984cc-f6ba-468d-842a-95800731a5ac', '西藏自治区', '山南地区', '贡嘎县', '542223', '3');
INSERT INTO `zw_m_administrative_divisions` VALUES ('14ef3149-c634-4ac0-96e0-b289eb5006a5', '湖南省', '岳阳市', '临湘市', '430682', '3');
INSERT INTO `zw_m_administrative_divisions` VALUES ('14f5c57c-793f-4223-a2b2-43d63663bea3', '河北省', '张家口市', '崇礼县', '130733', '3');
INSERT INTO `zw_m_administrative_divisions` VALUES ('15030ec3-cdf9-41d6-8ad7-3f499d902fec', '广东省', '揭阳市', '大南山区', '445242', '3');
INSERT INTO `zw_m_administrative_divisions` VALUES ('150747ae-dede-4d2d-998d-54795e16cd67', '青海省', '果洛藏族自治州', '甘德县', '632623', '3');
INSERT INTO `zw_m_administrative_divisions` VALUES ('15078d05-01cc-4527-973f-39d62c71e843', '安徽省', '滁州市', '全椒县', '341124', '3');
INSERT INTO `zw_m_administrative_divisions` VALUES ('1523f6f1-952d-4d3b-be6f-2e8e933bbfb6', '广西壮族自治区', '防城港市', null, '450600', '2');
INSERT INTO `zw_m_administrative_divisions` VALUES ('15481a52-52ab-4647-8379-9d49e902858a', '黑龙江省', '鹤岗市', '工农区', '230403', '3');
INSERT INTO `zw_m_administrative_divisions` VALUES ('156fd01f-c80e-4ed6-9bc9-1fb75d39b565', '辽宁省', '鞍山市', '鞍山经济开发区', '210340', '3');
INSERT INTO `zw_m_administrative_divisions` VALUES ('157ced36-1bcd-426e-bf68-f8a11172b44f', '新疆维吾尔自治区', '阿克苏地区', '库车县', '652923', '3');
INSERT INTO `zw_m_administrative_divisions` VALUES ('15a3c292-fab0-4bcd-9a72-f1a3f4114e89', '四川省', '绵阳市', '梓潼县', '510725', '3');
INSERT INTO `zw_m_administrative_divisions` VALUES ('15bcac9d-5df8-482e-b642-3f25ad4d51c8', '河南省', '焦作市', '博爱县', '410822', '3');
INSERT INTO `zw_m_administrative_divisions` VALUES ('1604ca61-54e0-4cb9-acc1-1d30ea377d01', '山东省', '菏泽市', null, '371700', '2');
INSERT INTO `zw_m_administrative_divisions` VALUES ('1604d56c-d18f-4234-b7fc-6c95decca862', '天津市', '天津市市辖区', '和平区', '120101', '3');
INSERT INTO `zw_m_administrative_divisions` VALUES ('16073a01-a34d-4908-acc4-8741f42c883e', '浙江省', '丽水市', '云和县', '331125', '3');
INSERT INTO `zw_m_administrative_divisions` VALUES ('161dc010-c687-45d5-b60b-29163c5c18a4', '湖北省', '黄石市', '大冶市', '420281', '3');
INSERT INTO `zw_m_administrative_divisions` VALUES ('162c0360-1d6d-4c70-baf6-e957632b5ce0', '湖北省', '武汉市', '汉南区', '420113', '3');
INSERT INTO `zw_m_administrative_divisions` VALUES ('163cf5ad-9ffe-4a6d-9d16-6b9491d7959a', '天津市', '天津市市辖区', '宝坻区', '120115', '3');
INSERT INTO `zw_m_administrative_divisions` VALUES ('163e3ba4-f42a-4e25-840e-579cda465ee1', '广东省', '汕头市', '濠江区', '440512', '3');
INSERT INTO `zw_m_administrative_divisions` VALUES ('163f2518-9212-4587-9d55-dade727cc1c1', '安徽省', '芜湖市', '南陵县', '340223', '3');
INSERT INTO `zw_m_administrative_divisions` VALUES ('164630a4-4d90-4174-9a66-4e5b36b38001', '山东省', '济宁市', '金乡县', '370828', '3');
INSERT INTO `zw_m_administrative_divisions` VALUES ('1658d732-3eed-4a2e-aebe-605c5870e266', '河南省', '周口市', '周口港口物流产业集聚区', '411643', '3');
INSERT INTO `zw_m_administrative_divisions` VALUES ('167f1cd0-bc36-44e6-8ffa-9af0606be38d', '青海省', '西宁市', '城西区', '630104', '3');
INSERT INTO `zw_m_administrative_divisions` VALUES ('16855f25-c4b2-48ec-adf8-79a776cabc4c', '广东省', '江门市', '新会区', '440705', '3');
INSERT INTO `zw_m_administrative_divisions` VALUES ('169cd6b4-3a6e-47e7-b18f-5e6ef9b39581', '山西省', '临汾市', '永和县', '141032', '3');
INSERT INTO `zw_m_administrative_divisions` VALUES ('16a0c7b0-2c96-493f-b424-4efee8c8aa7f', '河南省', '洛阳市', '栾川县', '410324', '3');
INSERT INTO `zw_m_administrative_divisions` VALUES ('16b1ad9d-0fe8-46c9-a5ab-32425051a8e7', '辽宁省', '盘锦市', '兴隆台区', '211103', '3');
INSERT INTO `zw_m_administrative_divisions` VALUES ('16ba16a6-91ce-46f5-9069-922ec414871f', '贵州省', '毕节地区', null, '522400', '2');
INSERT INTO `zw_m_administrative_divisions` VALUES ('16d39b46-d9b5-4317-b45b-adfd84b8d77c', '辽宁省', '沈阳市', '东陵区', '210112', '3');
INSERT INTO `zw_m_administrative_divisions` VALUES ('16e71a1d-5796-4b99-9977-fac87731e0e0', '广西壮族自治区', '来宾市', '武宣县', '451323', '3');
INSERT INTO `zw_m_administrative_divisions` VALUES ('16f1fc73-f23f-4c7b-ab46-444eca99fe05', '湖北省', '黄冈市', '英山县', '421124', '3');
INSERT INTO `zw_m_administrative_divisions` VALUES ('16f91a13-5e13-4bf2-91f3-5df7f2446b16', '新疆维吾尔自治区', '博尔塔拉蒙古自治州', '阿拉山口市', '652702', '3');
INSERT INTO `zw_m_administrative_divisions` VALUES ('16fae273-1735-427d-bb62-63bad12fbfea', '四川省', '巴中市', '巴中经济开发区', '511940', '3');
INSERT INTO `zw_m_administrative_divisions` VALUES ('170cebc4-1b0d-4f2a-8699-3c9365a120bf', '四川省', '成都市', '双流县', '510122', '3');
INSERT INTO `zw_m_administrative_divisions` VALUES ('1712cd79-4663-4c92-add2-0d8efe20269c', '湖北省', '荆州市', '江陵县', '421024', '3');
INSERT INTO `zw_m_administrative_divisions` VALUES ('1735ab9f-8ea1-4505-86cb-61a57e7e5e9d', '甘肃省', '酒泉市', '阿克塞哈萨克族自治县', '620924', '3');
INSERT INTO `zw_m_administrative_divisions` VALUES ('174957b0-fcc3-4845-85fa-2400529560d2', '云南省', '保山市', '腾冲县', '530522', '3');
INSERT INTO `zw_m_administrative_divisions` VALUES ('174df703-5529-4ec4-9b65-635711bd968e', '青海省', '海南藏族自治州', '兴海县', '632524', '3');
INSERT INTO `zw_m_administrative_divisions` VALUES ('17511bd3-5b93-4a8b-b5bb-dea0a3393624', '北京市', '北京市市辖区', '宣武区', '110104', '3');
INSERT INTO `zw_m_administrative_divisions` VALUES ('1768b972-c300-4fe1-b47f-92318f9993d1', '湖南省', '邵阳市', '邵阳县', '430523', '3');
INSERT INTO `zw_m_administrative_divisions` VALUES ('178d3b85-5df0-48b8-b4ad-e8e79f8671ba', '黑龙江省', '齐齐哈尔市', '甘南县', '230225', '3');
INSERT INTO `zw_m_administrative_divisions` VALUES ('1790b825-2c88-4759-a482-04f5c8f41448', '河北省', '保定市', '博野县', '130637', '3');
INSERT INTO `zw_m_administrative_divisions` VALUES ('179b273c-e8d7-4263-8c5a-8fc1168988e2', '贵州省', '毕节市', '纳雍县', '520525', '3');
INSERT INTO `zw_m_administrative_divisions` VALUES ('17a860ce-614b-49be-81a8-c603662e4901', '江苏省', '扬州市', '高邮市', '321084', '3');
INSERT INTO `zw_m_administrative_divisions` VALUES ('17ab303e-484c-41bb-94f7-6d81ce8dc2ca', '黑龙江省', '齐齐哈尔市', '依安县', '230223', '3');
INSERT INTO `zw_m_administrative_divisions` VALUES ('17b41d91-5a82-4264-bfca-bc37bfa527fd', '安徽省', '宣城市', '宁国市', '341881', '3');
INSERT INTO `zw_m_administrative_divisions` VALUES ('17c4a795-9a0d-4535-b186-e775f7e41732', '山西省', '大同市', '天镇县', '140222', '3');
INSERT INTO `zw_m_administrative_divisions` VALUES ('17c65edd-46f9-4101-b67a-49193b2037b0', '吉林省', '吉林市', '舒兰市', '220283', '3');
INSERT INTO `zw_m_administrative_divisions` VALUES ('17c7b4f7-643d-494f-990c-ec34295e89e5', '浙江省', '台州市', '温岭市', '331081', '3');
INSERT INTO `zw_m_administrative_divisions` VALUES ('17d948bc-1f5a-47f7-b51a-e05b10fdb9b8', '江苏省', '南京市', '白下区', '320103', '3');
INSERT INTO `zw_m_administrative_divisions` VALUES ('17e3babc-7943-45d1-9539-9c7471faeed3', '四川省', '甘孜藏族自治州', null, '513300', '2');
INSERT INTO `zw_m_administrative_divisions` VALUES ('17ea8c0a-c9ed-4d9f-bb8d-0a30705c1924', '甘肃省', '临夏回族自治州', '临夏市', '622901', '3');
INSERT INTO `zw_m_administrative_divisions` VALUES ('17ee0c9d-fc24-4532-8e92-e8493f9e834f', '云南省', '丽江市', '宁蒗彝族自治县', '530724', '3');
INSERT INTO `zw_m_administrative_divisions` VALUES ('17fed00c-8ea1-4564-8a94-7d42f8461666', '河北省', '承德市', '宽城满族自治县', '130827', '3');
INSERT INTO `zw_m_administrative_divisions` VALUES ('1807f2fa-f61a-45f7-9c7d-50d0ee42ef01', '湖北省', '荆州市', '沙市区', '421002', '3');
INSERT INTO `zw_m_administrative_divisions` VALUES ('18098a55-9cd7-45b6-8666-914d8f3745c2', '安徽省', '滁州市', '来安县', '341122', '3');
INSERT INTO `zw_m_administrative_divisions` VALUES ('180aaad3-e33e-4ac6-88ad-6aecde245cca', '内蒙古自治区', '鄂尔多斯市', '鄂托克前旗', '150623', '3');
INSERT INTO `zw_m_administrative_divisions` VALUES ('180fb24f-96e0-4cd1-b486-19f823805858', '云南省', '文山壮族苗族自治州', '丘北县', '532626', '3');
INSERT INTO `zw_m_administrative_divisions` VALUES ('1829f0a2-dd8c-460c-8f6f-05429d6262f6', '辽宁省', '丹东市', '丹东边境经济合作区', '210640', '3');
INSERT INTO `zw_m_administrative_divisions` VALUES ('18379204-5841-4e2c-81b7-68ab163f8055', '海南省', '洋浦经济开发区', null, '462000', '2');
INSERT INTO `zw_m_administrative_divisions` VALUES ('1851e5b4-f541-4ef2-be67-3d442d0b456c', '云南省', '普洱市', '思茅区', '530802', '3');
INSERT INTO `zw_m_administrative_divisions` VALUES ('186058e9-d077-4935-90ca-b810c625a9f2', '云南省', '曲靖市', '师宗县', '530323', '3');
INSERT INTO `zw_m_administrative_divisions` VALUES ('1896c679-7632-4017-9618-2f9aa46b3f86', '山东省', '青岛市', '平度市', '370283', '3');
INSERT INTO `zw_m_administrative_divisions` VALUES ('18995e7f-4520-4c03-8e72-1529b87f1739', '湖北省', '咸宁市', '通山县', '421224', '3');
INSERT INTO `zw_m_administrative_divisions` VALUES ('18aa5dd6-8312-4eba-a248-27abc07ab646', '江苏省', '淮安市', '淮安生态新城', '320841', '3');
INSERT INTO `zw_m_administrative_divisions` VALUES ('18ab86d6-fa8d-452f-af8b-03fab9fd8dfd', '黑龙江省', '省农垦总局', null, '232900', '2');
INSERT INTO `zw_m_administrative_divisions` VALUES ('18b0b07a-12f6-4c3e-a159-bc80f44d88eb', '浙江省', '嘉兴市', null, '330400', '2');
INSERT INTO `zw_m_administrative_divisions` VALUES ('18c0862b-55d9-4d7e-bbe1-d2cefabc1823', '浙江省', '湖州市', '安吉县', '330523', '3');
INSERT INTO `zw_m_administrative_divisions` VALUES ('190c983f-8eac-4fd3-81f0-871fb8a00bde', '贵州省', '贵阳市', '修文县', '520123', '3');
INSERT INTO `zw_m_administrative_divisions` VALUES ('193132ad-9207-4492-baa6-326c95c41fc9', '西藏自治区', '林芝地区', '波密县', '542625', '3');
INSERT INTO `zw_m_administrative_divisions` VALUES ('19445ea0-2b87-4305-85ed-b7d7c795b57b', '新疆维吾尔自治区', '喀什地区', '疏附县', '653121', '3');
INSERT INTO `zw_m_administrative_divisions` VALUES ('1972f3a4-2d76-4c12-a2af-ab17cf5c4f4b', '湖北省', '宜昌市', '西陵区', '420502', '3');
INSERT INTO `zw_m_administrative_divisions` VALUES ('19775bf5-e1e6-4e9a-b111-7b656743e3fb', '河北省', '石家庄市', null, '130100', '2');
INSERT INTO `zw_m_administrative_divisions` VALUES ('19914e2e-0f89-40fc-88df-058836b2dc31', '贵州省', '遵义市', '正安县', '520324', '3');
INSERT INTO `zw_m_administrative_divisions` VALUES ('19922b3f-ab24-473a-9849-6a6a3cfd932a', '山西省', '晋中市', '寿阳县', '140725', '3');
INSERT INTO `zw_m_administrative_divisions` VALUES ('19f83a5e-00c7-486e-b810-7534c993ab37', '河北省', '衡水市', '饶阳县', '131124', '3');
INSERT INTO `zw_m_administrative_divisions` VALUES ('1a07b16d-bbbb-4c9f-8f18-b18f34d92844', '山东省', '菏泽市', '单县', '371722', '3');
INSERT INTO `zw_m_administrative_divisions` VALUES ('1a0b097f-f2e7-46eb-bbf2-02a6008e5cd2', '河南省', '平顶山市', '舞钢市', '410481', '3');
INSERT INTO `zw_m_administrative_divisions` VALUES ('1a20d74c-650e-4095-886a-3a0af91fb062', '广东省', '梅州市', null, '441400', '2');
INSERT INTO `zw_m_administrative_divisions` VALUES ('1a4bfb3a-8fff-4d87-ae55-91b099defe87', '山东省', '潍坊市', '潍坊高新技术产业开发区', '370741', '3');
INSERT INTO `zw_m_administrative_divisions` VALUES ('1a547020-e8ff-4005-81da-2362374ec083', '福建省', '三明市', '宁化县', '350424', '3');
INSERT INTO `zw_m_administrative_divisions` VALUES ('1a63db72-d256-42be-b9a3-be5f0b26d992', '江西省', '景德镇市', null, '360200', '2');
INSERT INTO `zw_m_administrative_divisions` VALUES ('1a66f303-9cbd-4441-b541-a2e76657fcbd', '西藏自治区', '昌都地区', '芒康县', '542129', '3');
INSERT INTO `zw_m_administrative_divisions` VALUES ('1a9c8ef7-920e-4b74-b873-bbc1f8ed5b57', '河南省', '南阳市', '桐柏县', '411330', '3');
INSERT INTO `zw_m_administrative_divisions` VALUES ('1aaf7025-cd61-495a-8d2e-3090ea670c45', '四川省', '甘孜藏族自治州', '泸定县', '513322', '3');
INSERT INTO `zw_m_administrative_divisions` VALUES ('1ab6c79f-3613-461a-9207-8f173600aabe', '浙江省', '台州市', '仙居县', '331024', '3');
INSERT INTO `zw_m_administrative_divisions` VALUES ('1abe537a-fc03-465e-a9b5-aa737f708a44', '山东省', '东营市', '东营港经济开发区', '370541', '3');
INSERT INTO `zw_m_administrative_divisions` VALUES ('1ac53f47-7fcb-4c26-8c9b-ff06c9cb0cec', '湖南省', '长沙市', '芙蓉区', '430102', '3');
INSERT INTO `zw_m_administrative_divisions` VALUES ('1ad44988-9022-4d0c-8ce9-700790cf384f', '四川省', '南充市', '阆中市', '511381', '3');
INSERT INTO `zw_m_administrative_divisions` VALUES ('1aedd375-5673-4b55-9dd9-245a17d20c9b', '山东省', '泰安市', null, '370900', '2');
INSERT INTO `zw_m_administrative_divisions` VALUES ('1b036c0a-8074-4e74-8db8-c0898438ec69', '吉林省', '辽源市', '东丰县', '220421', '3');
INSERT INTO `zw_m_administrative_divisions` VALUES ('1b0b4b92-3d6c-4935-ac8c-76390d470262', '福建省', '福州市', '长乐市', '350182', '3');
INSERT INTO `zw_m_administrative_divisions` VALUES ('1b1b2eb4-4748-4109-8afe-ae48bd4198f1', '四川省', '广元市', '苍溪县', '510824', '3');
INSERT INTO `zw_m_administrative_divisions` VALUES ('1b1d1e19-544e-4308-b1ec-d9f3e82e7de9', '江苏省', '盐城市', '响水县', '320921', '3');
INSERT INTO `zw_m_administrative_divisions` VALUES ('1b51b223-9c6c-43d8-a411-a897c028a111', '山西省', '晋中市', '太谷县', '140726', '3');
INSERT INTO `zw_m_administrative_divisions` VALUES ('1b6d8a1b-974c-4efa-89c3-b2afe1859324', '广西壮族自治区', '柳州市', '柳北区', '450205', '3');
INSERT INTO `zw_m_administrative_divisions` VALUES ('1b768224-7bae-44e0-839f-86c66a873a90', '云南省', '玉溪市', '澄江县', '530422', '3');
INSERT INTO `zw_m_administrative_divisions` VALUES ('1b7f3d49-714b-4c12-b9d6-30a591fe0740', '吉林省', '通化市', '东昌区', '220502', '3');
INSERT INTO `zw_m_administrative_divisions` VALUES ('1b845e7e-41bc-4088-a696-93c429daebf1', '河北省', '邯郸市', '馆陶县', '130433', '3');
INSERT INTO `zw_m_administrative_divisions` VALUES ('1b896c07-20ca-4625-aaa6-fe79ae74c37b', '新疆维吾尔自治区', '克孜勒苏柯尔克孜自治州', '阿克陶县', '653022', '3');
INSERT INTO `zw_m_administrative_divisions` VALUES ('1ba4838e-e471-44e2-b0d7-e9a0fbd39da9', '云南省', '玉溪市', '元江哈尼族彝族傣族自治县', '530428', '3');
INSERT INTO `zw_m_administrative_divisions` VALUES ('1ba6b308-9ada-46a7-90ce-ccc2eccc60ba', '江西省', '上饶市', '万年县', '361129', '3');
INSERT INTO `zw_m_administrative_divisions` VALUES ('1be4866e-73e2-4e65-a768-54a0f9366a2c', '河北省', '沧州市', '河间市', '130984', '3');
INSERT INTO `zw_m_administrative_divisions` VALUES ('1c012327-3cf6-4054-bd6b-2ab424f5e015', '江西省', '吉安市', null, '360800', '2');
INSERT INTO `zw_m_administrative_divisions` VALUES ('1c012f0d-f77a-4911-97c5-a560c905a1bf', '江西省', '宜春市', '丰城市', '360981', '3');
INSERT INTO `zw_m_administrative_divisions` VALUES ('1c511d32-a1af-408f-a567-40b93267f9d1', '山西省', '晋中市', '和顺县', '140723', '3');
INSERT INTO `zw_m_administrative_divisions` VALUES ('1c6129ff-5fb9-4ff0-92b2-8f1d16414871', '广东省', '云浮市', null, '445300', '2');
INSERT INTO `zw_m_administrative_divisions` VALUES ('1c694e97-4806-41c8-8f80-e99f97f148bd', '云南省', '大理白族自治州', '大理市', '532901', '3');
INSERT INTO `zw_m_administrative_divisions` VALUES ('1c6f9c35-9040-41fb-aa79-6146416624bd', '甘肃省', '定西市', '渭源县', '621123', '3');
INSERT INTO `zw_m_administrative_divisions` VALUES ('1c8239fe-005d-449e-a277-4bcb3874136e', '黑龙江省', '鸡西市', '恒山区', '230303', '3');
INSERT INTO `zw_m_administrative_divisions` VALUES ('1c83dc1b-bb9a-43aa-b973-b590b2bc9d30', '贵州省', '遵义市', '习水县', '520330', '3');
INSERT INTO `zw_m_administrative_divisions` VALUES ('1c96ef0b-89c6-4128-a5fb-5b76584e7f92', '湖南省', '长沙市', '宁乡县', '430124', '3');
INSERT INTO `zw_m_administrative_divisions` VALUES ('1cb124fb-4add-4713-9564-1396feedf4e5', '山东省', '泰安市', '新泰市', '370982', '3');
INSERT INTO `zw_m_administrative_divisions` VALUES ('1ceaa9f2-0008-4927-9cfc-e122705bc349', '江西省', '上饶市', '婺源县', '361130', '3');
INSERT INTO `zw_m_administrative_divisions` VALUES ('1d043341-a02f-4d32-b60a-2cc1f93a31ab', '新疆维吾尔自治区', '阿克苏地区', '温宿县', '652922', '3');
INSERT INTO `zw_m_administrative_divisions` VALUES ('1d1416e2-7ab7-46a3-993a-cb2b27968958', '浙江省', '衢州市', '江山市', '330881', '3');
INSERT INTO `zw_m_administrative_divisions` VALUES ('1d197506-1420-4a47-badc-13a5ab4124f7', '内蒙古自治区', '呼伦贝尔市', '陈巴尔虎旗', '150725', '3');
INSERT INTO `zw_m_administrative_divisions` VALUES ('1d204e06-9230-470c-a93b-a19fff9d4fe2', '河北省', '张家口市', '涿鹿县', '130731', '3');
INSERT INTO `zw_m_administrative_divisions` VALUES ('1d27c823-c276-417f-8072-a03d7d6db303', '河北省', '唐山市', '路南区', '130202', '3');
INSERT INTO `zw_m_administrative_divisions` VALUES ('1d33d4a8-2c1e-4ee0-a4f1-66a5ce4c2704', '新疆维吾尔自治区', '博尔塔拉蒙古自治州', '精河县', '652722', '3');
INSERT INTO `zw_m_administrative_divisions` VALUES ('1d42b6a0-0344-4172-a4dd-99af6d4b9857', '辽宁省', '阜新市', '太平区', '210904', '3');
INSERT INTO `zw_m_administrative_divisions` VALUES ('1d526dcf-1f96-4c11-91cb-865c3b5366a8', '广西壮族自治区', '梧州市', '岑溪市', '450481', '3');
INSERT INTO `zw_m_administrative_divisions` VALUES ('1d52b68f-0168-4629-b38b-11854d1cbdc3', '云南省', '怒江傈僳族自治州', '福贡县', '533323', '3');
INSERT INTO `zw_m_administrative_divisions` VALUES ('1d7b0931-d946-4663-a787-c768cf2fcb0b', '陕西省', '榆林市', '佳县', '610828', '3');
INSERT INTO `zw_m_administrative_divisions` VALUES ('1dc283f9-405c-4554-861b-4839a7c8caa9', '山西省', '太原市', '杏花岭区', '140107', '3');
INSERT INTO `zw_m_administrative_divisions` VALUES ('1dc4ad4e-08c0-43d4-95d4-e1021ab1dd9c', '四川省', '眉山市', '彭山县', '511422', '3');
INSERT INTO `zw_m_administrative_divisions` VALUES ('1dd43699-4d76-4ed4-a551-08feb99448db', '黑龙江省', '绥化市', '青冈县', '231223', '3');
INSERT INTO `zw_m_administrative_divisions` VALUES ('1ddcd405-88a7-43da-92c3-709f17470591', '云南省', '普洱市', '景谷傣族彝族自治县', '530824', '3');
INSERT INTO `zw_m_administrative_divisions` VALUES ('1ddd1fb3-d0de-4226-81f6-9795500a9fbb', '西藏自治区', '昌都地区', '左贡县', '542128', '3');
INSERT INTO `zw_m_administrative_divisions` VALUES ('1de5378f-98e1-4e8e-aab4-449969dfed21', '贵州省', '毕节地区', '百里杜鹃管理区', '522440', '3');
INSERT INTO `zw_m_administrative_divisions` VALUES ('1dfd010a-2cc0-4f7a-a2d9-ae856e57a855', '黑龙江省', '大兴安岭地区', '十八站林业局', '232741', '3');
INSERT INTO `zw_m_administrative_divisions` VALUES ('1e1c7332-c2de-418f-b695-4f476392046f', '上海市', '上海市市辖区', '嘉定区', '310114', '3');
INSERT INTO `zw_m_administrative_divisions` VALUES ('1e212a1e-168b-421a-8d39-8c14b615e894', '青海省', '海西蒙古族藏族自治州', '省石油管理局', '632843', '3');
INSERT INTO `zw_m_administrative_divisions` VALUES ('1e304aed-3f3c-470a-a9c6-0393185eace1', '甘肃省', '白银市', null, '620400', '2');
INSERT INTO `zw_m_administrative_divisions` VALUES ('1e310403-0873-4f4b-8cef-bfe6447aa4d3', '山西省', '吕梁市', null, '141100', '2');
INSERT INTO `zw_m_administrative_divisions` VALUES ('1e4a4282-f678-4ad5-8328-acc03fe109a6', '河南省', '安阳市', null, '410500', '2');
INSERT INTO `zw_m_administrative_divisions` VALUES ('1e4c83a9-0c63-421d-92d1-6043689a8ca5', '甘肃省', '定西市', '通渭县', '621121', '3');
INSERT INTO `zw_m_administrative_divisions` VALUES ('1e73954c-ceab-4a38-a448-06d698bfe31b', '北京市', '北京市市辖区', null, '110100', '2');
INSERT INTO `zw_m_administrative_divisions` VALUES ('1e87b3fd-5331-4183-84a6-e13d3a7e9b75', '辽宁省', '葫芦岛市', null, '211400', '2');
INSERT INTO `zw_m_administrative_divisions` VALUES ('1e960f46-fa80-49df-929c-0317467ebfcf', '安徽省', '合肥市', '高新技术产业开发区', '340140', '3');
INSERT INTO `zw_m_administrative_divisions` VALUES ('1e9d8683-6473-4051-991a-283f6ef6281f', '海南省', '省直辖县级行政单位', '万宁市', '469006', '3');
INSERT INTO `zw_m_administrative_divisions` VALUES ('1e9e1e22-e82f-4f87-b279-a8f74f22c058', '新疆维吾尔自治区', '伊犁哈萨克自治州', '霍城县', '654023', '3');
INSERT INTO `zw_m_administrative_divisions` VALUES ('1eadf592-0143-482f-9340-ad137717f76f', '广西壮族自治区', '百色市', null, '451000', '2');
INSERT INTO `zw_m_administrative_divisions` VALUES ('1ec0b645-1ac2-4531-871a-ac5e5ead69c4', '山东省', '潍坊市', '坊子区', '370704', '3');
INSERT INTO `zw_m_administrative_divisions` VALUES ('1ed1c6f5-f806-4183-bf88-ab31f4b85f9a', '辽宁省', '朝阳市', '北票市', '211381', '3');
INSERT INTO `zw_m_administrative_divisions` VALUES ('1ed6da46-1390-4683-a290-b4077023bc65', '安徽省', '安庆市', '安庆经济技术开发区', '340840', '3');
INSERT INTO `zw_m_administrative_divisions` VALUES ('1ed83c22-ee95-485f-8e24-f8a58a0e209c', '四川省', '凉山彝族自治州', '越西县', '513434', '3');
INSERT INTO `zw_m_administrative_divisions` VALUES ('1efb2779-3165-449d-a826-afe8a18534e5', '黑龙江省', '牡丹江市', '阳明区', '231003', '3');
INSERT INTO `zw_m_administrative_divisions` VALUES ('1f1a281f-e891-4c3b-83c9-d38ef582452b', '河北省', '保定市', '蠡县', '130635', '3');
INSERT INTO `zw_m_administrative_divisions` VALUES ('1f40e8f3-962a-4ea4-a570-15f27e24431a', '湖南省', '岳阳市', '华容县', '430623', '3');
INSERT INTO `zw_m_administrative_divisions` VALUES ('1f4278ce-d055-47ad-9937-75264d519bec', '江西省', '宜春市', '万载县', '360922', '3');
INSERT INTO `zw_m_administrative_divisions` VALUES ('1f481aa9-d5d8-4598-a4e7-8fda8a275356', '浙江省', '金华市', '浦江县', '330726', '3');
INSERT INTO `zw_m_administrative_divisions` VALUES ('1f73f379-b404-4c6a-8a40-ef81634cbaf3', '福建省', '漳州市', '云霄县', '350622', '3');
INSERT INTO `zw_m_administrative_divisions` VALUES ('1f74c1f6-608e-498b-a304-e21b6c3e5be0', '黑龙江省', '双鸭山市', '友谊县', '230522', '3');
INSERT INTO `zw_m_administrative_divisions` VALUES ('1f7f17d1-d217-4ee3-b183-864d3b1380a2', '安徽省', '宿州市', null, '341300', '2');
INSERT INTO `zw_m_administrative_divisions` VALUES ('1faab75e-01cd-4f91-ae00-d63507689216', '陕西省', '铜川市', '耀州区', '610204', '3');
INSERT INTO `zw_m_administrative_divisions` VALUES ('1fbbe3b9-e602-4108-9c15-85209ec044f8', '四川省', '甘孜藏族自治州', '稻城县', '513337', '3');
INSERT INTO `zw_m_administrative_divisions` VALUES ('1fc10b83-41a4-410f-b470-260c4820b88f', '江苏省', '无锡市', null, '320200', '2');
INSERT INTO `zw_m_administrative_divisions` VALUES ('1fd4e85a-bcb3-4585-bf7d-7dea1a8967b5', '山东省', '菏泽市', '东明县', '371728', '3');
INSERT INTO `zw_m_administrative_divisions` VALUES ('1fd5af5b-9905-4eec-9cf7-22bcf0394c32', '西藏自治区', '阿里地区', '改则县', '542526', '3');
INSERT INTO `zw_m_administrative_divisions` VALUES ('1ffff7cb-0d8c-44ab-8f0a-b6d40f0dfd3e', '黑龙江省', '鹤岗市', null, '230400', '2');
INSERT INTO `zw_m_administrative_divisions` VALUES ('2013142e-b03b-4f65-ab22-8f25d3697516', '山东省', '枣庄市', '峄城区', '370404', '3');
INSERT INTO `zw_m_administrative_divisions` VALUES ('20160588-4fd4-4ca1-a1a3-7d3324e353d5', '广西壮族自治区', '桂林市', '资源县', '450329', '3');
INSERT INTO `zw_m_administrative_divisions` VALUES ('2032b1b6-9979-4eea-8fa9-edc32f8b8335', '河南省', '信阳市', '光山县', '411522', '3');
INSERT INTO `zw_m_administrative_divisions` VALUES ('20366402-05d2-47eb-9fac-4a34b374724c', '新疆维吾尔自治区', '和田地区', '于田县', '653226', '3');
INSERT INTO `zw_m_administrative_divisions` VALUES ('203a68cb-6aec-44c4-9bae-8ccf8cc98b17', '湖北省', '孝感市', '汉川市', '420984', '3');
INSERT INTO `zw_m_administrative_divisions` VALUES ('204621fc-cc72-47ce-a38d-c301f45cfe02', '浙江省', '湖州市', '德清县', '330521', '3');
INSERT INTO `zw_m_administrative_divisions` VALUES ('2055f8d8-45e9-4a77-8473-d6916a0936a2', '福建省', '南平市', '松溪县', '350724', '3');
INSERT INTO `zw_m_administrative_divisions` VALUES ('20a40652-0a99-4ee1-8ca2-44430fdcf539', '河北省', '承德市', null, '130800', '2');
INSERT INTO `zw_m_administrative_divisions` VALUES ('20ca9ce8-e29f-4580-b682-8c07157e44df', '山东省', '聊城市', '聊城经济技术开发区', '371540', '3');
INSERT INTO `zw_m_administrative_divisions` VALUES ('20e866aa-9002-4f12-90a0-7f2fd2fc1d2c', '江西省', '上饶市', '玉山县', '361123', '3');
INSERT INTO `zw_m_administrative_divisions` VALUES ('210bc854-3149-473a-bb11-26c4bcb4130c', '广西壮族自治区', '桂林市', '全州县', '450324', '3');
INSERT INTO `zw_m_administrative_divisions` VALUES ('21130c34-1701-46ef-bcfa-4a26ba226732', '内蒙古自治区', '包头市', '白云鄂博矿区', '150206', '3');
INSERT INTO `zw_m_administrative_divisions` VALUES ('2115f98e-c94c-4d8e-a82c-8bd303d61007', '江西省', '宜春市', '高安市', '360983', '3');
INSERT INTO `zw_m_administrative_divisions` VALUES ('211e3afa-8026-47a3-8093-48cbc050e9fa', '云南省', '昆明市', '昆明阳宗海风景名胜区', '530141', '3');
INSERT INTO `zw_m_administrative_divisions` VALUES ('2125955e-ec3d-4989-b41c-6490856e72f3', '黑龙江省', '哈尔滨市', '平房区', '230108', '3');
INSERT INTO `zw_m_administrative_divisions` VALUES ('2138dc59-a1a9-4a1b-b3f3-67b4cb1d5527', '江苏省', '常州市', '天宁区', '320402', '3');
INSERT INTO `zw_m_administrative_divisions` VALUES ('2150e779-06dc-44ae-9bd3-e7ebd99fcea8', '山西省', '太原市', '迎泽区', '140106', '3');
INSERT INTO `zw_m_administrative_divisions` VALUES ('2158119a-9324-498e-9fa6-f6042c120afc', '辽宁省', '沈阳市', '皇姑区', '210105', '3');
INSERT INTO `zw_m_administrative_divisions` VALUES ('216a0bb5-9056-449c-b1c8-192f4a655959', '广西壮族自治区', '河池市', '罗城仫佬族自治县', '451225', '3');
INSERT INTO `zw_m_administrative_divisions` VALUES ('2175c2de-6378-4edd-aa25-a49291082467', '陕西省', '延安市', '洛川县', '610629', '3');
INSERT INTO `zw_m_administrative_divisions` VALUES ('218a3dc7-65c8-4019-8d53-aec2cb7d8789', '江西省', '南昌市', '高新区', '360113', '3');
INSERT INTO `zw_m_administrative_divisions` VALUES ('21999e8e-f62c-4368-bdc9-dccca2dfe0a2', '河北省', '石家庄市', '鹿泉市', '130185', '3');
INSERT INTO `zw_m_administrative_divisions` VALUES ('21a9b880-88cb-4f9b-ad2d-d7390a53234c', '江西省', '抚州市', '金巢区', '361040', '3');
INSERT INTO `zw_m_administrative_divisions` VALUES ('21b6f8a6-715e-4b60-81e8-01d9761e5b75', '云南省', '文山壮族苗族自治州', '文山壮族苗族自治州州本级', '532699', '3');
INSERT INTO `zw_m_administrative_divisions` VALUES ('21d6dc90-a14e-401d-80b4-1daf4c4a6645', '河北省', '保定市', '安新县', '130632', '3');
INSERT INTO `zw_m_administrative_divisions` VALUES ('21d8f85a-d4c0-415b-80d4-3b64f9871167', '内蒙古自治区', '呼和浩特市', '武川县', '150125', '3');
INSERT INTO `zw_m_administrative_divisions` VALUES ('221afbfc-d378-4201-8ef0-e85eaa27fcc5', '青海省', '海西蒙古族藏族自治州', '冷湖行委', '632842', '3');
INSERT INTO `zw_m_administrative_divisions` VALUES ('221d0513-d63f-4173-a745-d433c970318c', '云南省', '文山壮族苗族自治州', '砚山县', '532622', '3');
INSERT INTO `zw_m_administrative_divisions` VALUES ('2221c343-af33-4705-9ead-ab5bb32549ce', '黑龙江省', '大庆市', '肇源县', '230622', '3');
INSERT INTO `zw_m_administrative_divisions` VALUES ('22306520-66bd-437c-8dbd-81cd74bc228d', '河北省', '廊坊市', '固安县', '131022', '3');
INSERT INTO `zw_m_administrative_divisions` VALUES ('22352754-ac0c-41d4-acae-633455ec99ca', '内蒙古自治区', '赤峰市', '阿鲁科尔沁旗', '150421', '3');
INSERT INTO `zw_m_administrative_divisions` VALUES ('22365ee6-05d4-4652-ad99-29fc4fdf5204', '四川省', '雅安市', '天全县', '511825', '3');
INSERT INTO `zw_m_administrative_divisions` VALUES ('2242f5ad-841f-40c8-9ee2-7259d35cc2ab', '湖北省', '襄阳市', '谷城县', '420625', '3');
INSERT INTO `zw_m_administrative_divisions` VALUES ('22583738-d8fd-4433-8608-43eb1899802f', '黑龙江省', '哈尔滨市', '尚志市', '230183', '3');
INSERT INTO `zw_m_administrative_divisions` VALUES ('225f5bc0-6a31-4a0f-afc5-bddf8f8b6005', '湖南省', '常德市', '汉寿县', '430722', '3');
INSERT INTO `zw_m_administrative_divisions` VALUES ('22694754-140f-4026-9b9d-b7cc7296800e', '辽宁省', '盘锦市', '大洼县', '211121', '3');
INSERT INTO `zw_m_administrative_divisions` VALUES ('2291de69-19e2-4265-b5ec-87f69fedfb13', '新疆维吾尔自治区', '新疆维吾尔自治区区本级', null, '659900', '2');
INSERT INTO `zw_m_administrative_divisions` VALUES ('229e0672-13f8-4112-91f7-fcb7d3479f68', '贵州省', '黔西南布依族苗族自治州', '普安县', '522323', '3');
INSERT INTO `zw_m_administrative_divisions` VALUES ('22aa2997-9a3e-4c0b-8933-0f107fb40df6', '山东省', '泰安市', '肥城市', '370983', '3');
INSERT INTO `zw_m_administrative_divisions` VALUES ('22d264b9-ae78-4554-86e7-3f2734d38db2', '湖南省', '邵阳市', '邵东县', '430521', '3');
INSERT INTO `zw_m_administrative_divisions` VALUES ('22d7151b-114f-4e14-812f-ecf303b8236d', '福建省', '宁德市', '寿宁县', '350924', '3');
INSERT INTO `zw_m_administrative_divisions` VALUES ('23379aae-bfb3-445e-8faa-3c4c87d37f74', '江苏省', '宿迁市', '宿城区', '321302', '3');
INSERT INTO `zw_m_administrative_divisions` VALUES ('2343826e-8b32-4d04-8ca9-3479df365fa3', '北京市', '北京市市辖区', '东城区', '110101', '3');
INSERT INTO `zw_m_administrative_divisions` VALUES ('2359f313-2025-46a8-af68-a2b3824fd316', '辽宁省', '沈阳市', '蒲河新城', '210143', '3');
INSERT INTO `zw_m_administrative_divisions` VALUES ('2360c9f2-c42a-45dd-bd0b-7b40f3afd2c7', '西藏自治区', '拉萨市', '城关区', '540102', '3');
INSERT INTO `zw_m_administrative_divisions` VALUES ('23651ac1-2a20-45d4-b803-017a770b5bfa', '江西省', '九江市', '德安县', '360426', '3');
INSERT INTO `zw_m_administrative_divisions` VALUES ('236c0194-4c48-4fc8-aaf1-9582e50fb3dd', '陕西省', '宝鸡市', '麟游县', '610329', '3');
INSERT INTO `zw_m_administrative_divisions` VALUES ('2384a56c-859c-42cc-99a4-fb3a26c944ad', '广西壮族自治区', '柳州市', '融水苗族自治县', '450225', '3');
INSERT INTO `zw_m_administrative_divisions` VALUES ('2390af29-d9a3-4ab6-bf24-4c59fd7b7495', '新疆维吾尔自治区', '自治区直辖县级行政单位', '五家渠市', '659004', '3');
INSERT INTO `zw_m_administrative_divisions` VALUES ('23b3c130-b543-4b5f-a758-0641037f923a', '山西省', '晋中市', '榆次经济技术开发区', '140740', '3');
INSERT INTO `zw_m_administrative_divisions` VALUES ('23b6db4f-ece4-4fe1-8163-bfaebcaf3455', '贵州省', '黔南布依族苗族自治州', '贵定县', '522723', '3');
INSERT INTO `zw_m_administrative_divisions` VALUES ('23c58596-48f1-4a20-8e9e-640c488d9424', '河北省', '廊坊市', '广阳区', '131003', '3');
INSERT INTO `zw_m_administrative_divisions` VALUES ('23c75d7c-867c-42f5-b8bb-12ec13349b29', '安徽省', '宿州市', '泗县', '341324', '3');
INSERT INTO `zw_m_administrative_divisions` VALUES ('23dbc922-6a11-4c16-878b-160907f50a07', '湖南省', '常德市', '柳叶湖旅游度假区', '430743', '3');
INSERT INTO `zw_m_administrative_divisions` VALUES ('23e11b15-261a-47e1-9547-e33ab6ed56bf', '广西壮族自治区', '桂林市', '雁山区', '450311', '3');
INSERT INTO `zw_m_administrative_divisions` VALUES ('23e13d3d-9ed0-429c-b762-29aba8b54d01', '湖北省', '黄冈市', '罗田县', '421123', '3');
INSERT INTO `zw_m_administrative_divisions` VALUES ('23e5c435-fd2b-4786-be8a-7c652f418e2b', '新疆维吾尔自治区', '新疆维吾尔自治区区本级', '新疆维吾尔自治区区本级（区直）', '659901', '3');
INSERT INTO `zw_m_administrative_divisions` VALUES ('23eb79fc-4073-4fac-b524-08344ccf354d', '山西省', '太原市', '古交市', '140181', '3');
INSERT INTO `zw_m_administrative_divisions` VALUES ('2425f50e-c270-48f0-aae5-1ce6cfada4ef', '青海省', '海东地区', '平安县', '632121', '3');
INSERT INTO `zw_m_administrative_divisions` VALUES ('2427c60a-5940-4637-a903-78a5e964eea1', '福建省', '莆田市', '湄洲湾北岸', '350341', '3');
INSERT INTO `zw_m_administrative_divisions` VALUES ('24288c4e-0836-4204-a675-db2ced7137c8', '甘肃省', '平凉市', '灵台县', '620822', '3');
INSERT INTO `zw_m_administrative_divisions` VALUES ('24385a75-9858-450c-b525-3d21ee8dc983', '内蒙古自治区', '包头市', '达尔罕茂明安联合旗', '150223', '3');
INSERT INTO `zw_m_administrative_divisions` VALUES ('243b3cbd-02de-4436-bb02-a6e85f4de7b1', '江西省', '南昌市', null, '360100', '2');
INSERT INTO `zw_m_administrative_divisions` VALUES ('243fdf8a-9577-47c1-abac-1174890c0add', '新疆维吾尔自治区', '克拉玛依市', '白碱滩区', '650204', '3');
INSERT INTO `zw_m_administrative_divisions` VALUES ('244a92d7-94f9-4950-8877-c7fa57e3a85a', '贵州省', '安顺市', null, '520400', '2');
INSERT INTO `zw_m_administrative_divisions` VALUES ('244b2776-d121-4b0e-8b69-32d00776d5b9', '江苏省', '南京市', '六合区', '320116', '3');
INSERT INTO `zw_m_administrative_divisions` VALUES ('2456903e-e56e-4c36-bd71-22d53d02adce', '山东省', '聊城市', '江北水城旅游度假区', '371542', '3');
INSERT INTO `zw_m_administrative_divisions` VALUES ('246185a1-8a38-4035-a504-751a707b22f5', '河南省', '三门峡市', '渑池县', '411221', '3');
INSERT INTO `zw_m_administrative_divisions` VALUES ('2475a1a0-da44-484e-afc0-5fa23bc87d0a', '山东省', '烟台市', '龙口市', '370681', '3');
INSERT INTO `zw_m_administrative_divisions` VALUES ('247cb18b-35cf-46ee-b6a2-edc7793c9663', '河北省', '石家庄市', '藁城市', '130182', '3');
INSERT INTO `zw_m_administrative_divisions` VALUES ('248ee2a5-4ce1-47cd-8b52-b5a8719e49e3', '浙江省', '宁波市', '宁海县', '330226', '3');
INSERT INTO `zw_m_administrative_divisions` VALUES ('24af0c85-57bc-4de0-a37f-7a98006ba386', '湖北省', '鄂州市', null, '420700', '2');
INSERT INTO `zw_m_administrative_divisions` VALUES ('24c11ac8-f5e1-4da6-aa5e-381d70f2dea3', '陕西省', '西安市', '西安国际港务区', '610143', '3');
INSERT INTO `zw_m_administrative_divisions` VALUES ('24d17396-761a-48da-89f7-27bab6d7519a', '内蒙古自治区', '鄂尔多斯市', '鄂托克旗', '150624', '3');
INSERT INTO `zw_m_administrative_divisions` VALUES ('24f81480-5718-4f15-9ac7-192893c78407', '湖南省', '衡阳市', null, '430400', '2');
INSERT INTO `zw_m_administrative_divisions` VALUES ('24f9433e-c7b2-46b3-a521-67e273a3d70a', '浙江省', '绍兴市', null, '330600', '2');
INSERT INTO `zw_m_administrative_divisions` VALUES ('2503c4ed-2670-43ca-abcb-6c72cfdb4420', '黑龙江省', '鸡西市', '麻山区', '230307', '3');
INSERT INTO `zw_m_administrative_divisions` VALUES ('25067cbc-4147-41dd-a23a-754583528ffe', '甘肃省', '武威市', '古浪县', '620622', '3');
INSERT INTO `zw_m_administrative_divisions` VALUES ('251df6ab-32e8-4a49-905f-60dbd96affc1', '河北省', '衡水市', '景县', '131127', '3');
INSERT INTO `zw_m_administrative_divisions` VALUES ('252d9420-375b-4eca-99ad-b5a0c4dc6288', '四川省', '巴中市', '恩阳区', '511903', '3');
INSERT INTO `zw_m_administrative_divisions` VALUES ('253020fa-9d48-4ff8-a2ed-4963d00fb0a2', '贵州省', '毕节地区', '赫章县', '522428', '3');
INSERT INTO `zw_m_administrative_divisions` VALUES ('25322248-c8f1-4f77-9cc9-d3ba82df908d', '广西壮族自治区', '柳州市', '鱼峰区', '450203', '3');
INSERT INTO `zw_m_administrative_divisions` VALUES ('253645e5-303a-43e8-96b4-d913ae723d7c', '黑龙江省', '绥化市', '海伦市', '231283', '3');
INSERT INTO `zw_m_administrative_divisions` VALUES ('253b75de-0e39-494a-a093-ae2736201bee', '河南省', '鹤壁市', null, '410600', '2');
INSERT INTO `zw_m_administrative_divisions` VALUES ('253f1f49-cff9-4cd1-97d6-9e5eb53764f1', '天津市', '天津市市辖区', '津南区', '120112', '3');
INSERT INTO `zw_m_administrative_divisions` VALUES ('2542ee28-d955-4d27-9e06-7953bba95b64', '福建省', '南平市', '建阳市', '350784', '3');
INSERT INTO `zw_m_administrative_divisions` VALUES ('254e12be-0d37-41c8-9bf1-fd83c3b1f87e', '河北省', '保定市', '涞水县', '130623', '3');
INSERT INTO `zw_m_administrative_divisions` VALUES ('254e3119-8869-4d68-857b-4c7143728dab', '陕西省', '汉中市', '佛坪县', '610730', '3');
INSERT INTO `zw_m_administrative_divisions` VALUES ('256a31b7-6cbb-4741-9712-9d45a2cd5ca3', '湖北省', '孝感市', '孝南区', '420902', '3');
INSERT INTO `zw_m_administrative_divisions` VALUES ('25739f52-4a28-4051-b690-3eec2f59ae3e', '湖南省', '娄底市', '涟源市', '431382', '3');
INSERT INTO `zw_m_administrative_divisions` VALUES ('25865785-c817-42e5-a37b-32e94d0682cf', '河北省', '石家庄市', '石家庄综合保税区', '130143', '3');
INSERT INTO `zw_m_administrative_divisions` VALUES ('25a41039-02bb-4120-af30-edb9d8af4878', '黑龙江省', '齐齐哈尔市', '富拉尔基区', '230206', '3');
INSERT INTO `zw_m_administrative_divisions` VALUES ('25ace51b-fdd4-46a9-9d18-caa1b62e29c4', '广东省', '惠州市', '惠城区', '441302', '3');
INSERT INTO `zw_m_administrative_divisions` VALUES ('25e64483-d795-40e3-a719-987b1acc1725', '河南省', '郑州市', '二七区', '410103', '3');
INSERT INTO `zw_m_administrative_divisions` VALUES ('25ee5610-4165-4871-96dc-8151290ea73c', '湖南省', '常德市', '常德经济技术开发区', '430742', '3');
INSERT INTO `zw_m_administrative_divisions` VALUES ('25f1d652-1ce8-44fb-9e10-7b6134f8e998', '内蒙古自治区', '锡林郭勒盟', '西乌珠穆沁旗', '152526', '3');
INSERT INTO `zw_m_administrative_divisions` VALUES ('25f3eb7e-b450-4f70-9bbe-daba01ea0280', '江西省', '抚州市', '南城县', '361021', '3');
INSERT INTO `zw_m_administrative_divisions` VALUES ('2617a08d-fa42-4d5e-8e8f-789cff974e33', '四川省', '南充市', null, '511300', '2');
INSERT INTO `zw_m_administrative_divisions` VALUES ('261dad1d-ea67-43a3-9591-4e5e433e59cc', '河南省', '信阳市', '平桥区', '411503', '3');
INSERT INTO `zw_m_administrative_divisions` VALUES ('264384e3-5c55-4a31-a5a2-5c6fd615a169', '福建省', '福州市', '福清市', '350181', '3');
INSERT INTO `zw_m_administrative_divisions` VALUES ('264f1d87-4c69-44fb-8a7f-9834172af145', '湖南省', '益阳市', '安化县', '430923', '3');
INSERT INTO `zw_m_administrative_divisions` VALUES ('267246a2-1f29-4e86-bf8e-8e7f0f2a114c', '广西壮族自治区', '玉林市', null, '450900', '2');
INSERT INTO `zw_m_administrative_divisions` VALUES ('267be900-2479-4b8c-ad0e-ee9dad47f7d6', '江西省', '九江市', '浔阳区', '360403', '3');
INSERT INTO `zw_m_administrative_divisions` VALUES ('269d4f97-06d9-485a-ab67-2cb345d4c694', '河北省', '衡水市', '安平县', '131125', '3');
INSERT INTO `zw_m_administrative_divisions` VALUES ('26aa7d4a-e2e8-441b-9004-2fe85888be95', '浙江省', '金华市', '婺城区', '330702', '3');
INSERT INTO `zw_m_administrative_divisions` VALUES ('26d91ea1-8d74-4a76-989b-6eb0f271039c', '贵州省', '遵义市', null, '520300', '2');
INSERT INTO `zw_m_administrative_divisions` VALUES ('26de3ad5-2149-46fc-a4ae-3909d7e38e9c', '江西省', '南昌市', '青山湖区', '360111', '3');
INSERT INTO `zw_m_administrative_divisions` VALUES ('26e4000a-d7e9-4093-8691-bfddf5037e78', '贵州省', '六盘水市', '水城县', '520221', '3');
INSERT INTO `zw_m_administrative_divisions` VALUES ('270a9892-1fda-4b1e-a2d2-bf68a1e9ed68', '山西省', '运城市', '平陆县', '140829', '3');
INSERT INTO `zw_m_administrative_divisions` VALUES ('27128607-fda0-41e2-8f92-d48280103d57', '西藏自治区', '那曲地区', '那曲县', '542421', '3');
INSERT INTO `zw_m_administrative_divisions` VALUES ('272947bc-077d-4c55-95ac-070eb1aba479', '河南省', '商丘市', '永城市', '411481', '3');
INSERT INTO `zw_m_administrative_divisions` VALUES ('27419a8c-73b2-4d05-9d80-f5e0a364ac35', '西藏自治区', '林芝地区', '墨脱县', '542624', '3');
INSERT INTO `zw_m_administrative_divisions` VALUES ('274b9f26-70ca-4b7e-b7f1-8e5bc9d40947', '新疆维吾尔自治区', '巴音郭楞蒙古自治州', '库尔勒市', '652801', '3');
INSERT INTO `zw_m_administrative_divisions` VALUES ('275c806e-2dc4-494c-a2fd-911662519d8a', '重庆市', '重庆市市辖区', '彭水苗族土家族自治县', '500243', '3');
INSERT INTO `zw_m_administrative_divisions` VALUES ('27640d06-9745-42b5-bef9-1f757f38a366', '湖南省', '岳阳市', '岳阳楼区', '430602', '3');
INSERT INTO `zw_m_administrative_divisions` VALUES ('276b6b19-0fb0-4062-a219-d7245d3528e4', '湖北省', '武汉市', '黄陂区', '420116', '3');
INSERT INTO `zw_m_administrative_divisions` VALUES ('2777758b-1bbd-438a-8390-956a06ea20db', '江西省', '抚州市', '南丰县', '361023', '3');
INSERT INTO `zw_m_administrative_divisions` VALUES ('27792660-52da-4724-a240-7956855b1227', '河北省', '邢台市', '沙河市', '130582', '3');
INSERT INTO `zw_m_administrative_divisions` VALUES ('277b92b7-4451-479e-b33c-4f746e2b54dd', '新疆维吾尔自治区', '和田地区', '和田市', '653201', '3');
INSERT INTO `zw_m_administrative_divisions` VALUES ('27856ca5-659e-42c5-a295-ba04ed3e570a', '山西省', '吕梁市', '交口县', '141130', '3');
INSERT INTO `zw_m_administrative_divisions` VALUES ('27925c21-e46a-415f-b003-74c70dadd21b', '广东省', '广州市', '海珠区', '440105', '3');
INSERT INTO `zw_m_administrative_divisions` VALUES ('2798f6e5-17b6-42e2-94c1-3378fa330195', '辽宁省', '大连市', '中山区', '210202', '3');
INSERT INTO `zw_m_administrative_divisions` VALUES ('27a186ed-b103-4272-a178-6b9ffb2791f1', '河北省', '廊坊市', '文安县', '131026', '3');
INSERT INTO `zw_m_administrative_divisions` VALUES ('27d13374-0f26-4074-a7a0-b1cc0d992c7f', '四川省', '成都市', '崇州市', '510184', '3');
INSERT INTO `zw_m_administrative_divisions` VALUES ('27d2c555-e2c4-444b-b621-0ab003a9d9b0', '江西省', '抚州市', '东临新区', '361041', '3');
INSERT INTO `zw_m_administrative_divisions` VALUES ('27d4f03b-f52a-4df1-8c29-b009f20b4014', '云南省', '昭通市', '永善县', '530625', '3');
INSERT INTO `zw_m_administrative_divisions` VALUES ('27ea5772-a131-451f-91d4-19ea80efaa1b', '河北省', '衡水市', '深州市', '131182', '3');
INSERT INTO `zw_m_administrative_divisions` VALUES ('27ea865d-cd92-4d71-a49e-3d378a893bcd', '四川省', '成都市', '都江堰市', '510181', '3');
INSERT INTO `zw_m_administrative_divisions` VALUES ('27f97623-6380-405c-911c-cfd362788640', '浙江省', '绍兴市', '嵊州市', '330683', '3');
INSERT INTO `zw_m_administrative_divisions` VALUES ('2807236e-1fd6-4fcd-99fb-df772236328e', '辽宁省', '阜新市', '彰武县', '210922', '3');
INSERT INTO `zw_m_administrative_divisions` VALUES ('280ff892-dfa0-475f-bc82-9fb055931e42', '广东省', '肇庆市', '高新区', '441240', '3');
INSERT INTO `zw_m_administrative_divisions` VALUES ('28135425-e121-4d34-a32e-31e81f2a23b2', '内蒙古自治区', '赤峰市', '翁牛特旗', '150426', '3');
INSERT INTO `zw_m_administrative_divisions` VALUES ('281d544f-555e-41a8-9cdf-b622fa83a6d0', '新疆维吾尔自治区', '乌鲁木齐市', '米东区', '650109', '3');
INSERT INTO `zw_m_administrative_divisions` VALUES ('28221863-d213-4fa6-8f4f-07eb9580aaf7', '四川省', '广元市', '青川县', '510822', '3');
INSERT INTO `zw_m_administrative_divisions` VALUES ('2827c496-1ce9-4a09-a228-c6d4fe83a6db', '云南省', '普洱市', '景东彝族自治县', '530823', '3');
INSERT INTO `zw_m_administrative_divisions` VALUES ('284fda3c-325d-416b-8bf2-ea91c9f3d562', '江西省', '南昌市', '进贤县', '360124', '3');
INSERT INTO `zw_m_administrative_divisions` VALUES ('2858c301-925f-4a0b-8687-ff7313d6313a', '黑龙江省', '牡丹江市', '东宁县', '231024', '3');
INSERT INTO `zw_m_administrative_divisions` VALUES ('2863821b-fa26-4f6f-b112-576897ffbd7e', '广西壮族自治区', '桂林市', '灵川县', '450323', '3');
INSERT INTO `zw_m_administrative_divisions` VALUES ('287f1cd1-956b-4039-9219-b2ff48a2465b', '山东省', '淄博市', '文昌湖旅游度假区', '370341', '3');
INSERT INTO `zw_m_administrative_divisions` VALUES ('28806c4a-4d12-46a4-a6a4-8ba3e5d4cd6d', '安徽省', '淮南市', '谢家集区', '340404', '3');
INSERT INTO `zw_m_administrative_divisions` VALUES ('28a53177-d71a-40c2-9e59-12565cc8b93e', '浙江省', '衢州市', '常山县', '330822', '3');
INSERT INTO `zw_m_administrative_divisions` VALUES ('28a945aa-f084-4a66-ad9b-994754b0e200', '四川省', '达州市', '达县', '511721', '3');
INSERT INTO `zw_m_administrative_divisions` VALUES ('28adec38-51f8-4f55-b118-2a4edc053564', '青海省', '海东地区', '海东地区本级', '632199', '3');
INSERT INTO `zw_m_administrative_divisions` VALUES ('28b1bfea-8c90-4fb0-acf3-6e56256bdbc0', '安徽省', '淮北市', '相山区', '340603', '3');
INSERT INTO `zw_m_administrative_divisions` VALUES ('28b8e9e2-68a2-4544-a979-4ee1adc3bfd6', '山西省', '阳泉市', '盂县', '140322', '3');
INSERT INTO `zw_m_administrative_divisions` VALUES ('28bafba4-cefb-4415-987a-2dcd5b1be3b4', '广西壮族自治区', '钦州市', null, '450700', '2');
INSERT INTO `zw_m_administrative_divisions` VALUES ('28c1b927-b85f-4cfb-afaf-c0c19518c8a0', '甘肃省', '平凉市', '静宁县', '620826', '3');
INSERT INTO `zw_m_administrative_divisions` VALUES ('28c3a24e-7a1b-4d1d-bbb7-624a62c05a0b', '山西省', '临汾市', '襄汾县', '141023', '3');
INSERT INTO `zw_m_administrative_divisions` VALUES ('28d1cc00-57fb-4f26-9de8-7de8a4655bba', '云南省', '楚雄彝族自治州', '双柏县', '532322', '3');
INSERT INTO `zw_m_administrative_divisions` VALUES ('28d88581-4f41-4e77-83f4-c1c99dd109bf', '四川省', '雅安市', '芦山县', '511826', '3');
INSERT INTO `zw_m_administrative_divisions` VALUES ('28db3d92-251e-4b93-b64c-ae93a2d6a663', '海南省', '省直辖县级行政单位', null, '469000', '2');
INSERT INTO `zw_m_administrative_divisions` VALUES ('28e6f853-444a-49e4-9f40-7be079b13ea2', '贵州省', '六盘水市', '钟山经济开发区', '520240', '3');
INSERT INTO `zw_m_administrative_divisions` VALUES ('28ea0ead-b373-4535-8c88-1194cbc4b0c5', '山东省', '临沂市', '临沂综合保税区', '371344', '3');
INSERT INTO `zw_m_administrative_divisions` VALUES ('2922f830-815e-47a4-ad2a-c3e7f943d4ae', '湖北省', '恩施土家族苗族自治州', '建始县', '422822', '3');
INSERT INTO `zw_m_administrative_divisions` VALUES ('292af3e3-c11b-4a57-b930-75390da909c0', '广东省', '梅州市', '梅江区', '441402', '3');
INSERT INTO `zw_m_administrative_divisions` VALUES ('293d5900-e937-4889-83a0-fd08acd13e4e', '新疆维吾尔自治区', '阿克苏地区', '柯坪县', '652929', '3');
INSERT INTO `zw_m_administrative_divisions` VALUES ('29629cb2-0bd0-4fd7-8b48-9345bafc6e36', '云南省', '玉溪市', '峨山彝族自治县', '530426', '3');
INSERT INTO `zw_m_administrative_divisions` VALUES ('2967b306-318a-4fb6-8bcf-6bb1b1e89299', '江西省', '九江市', '修水县', '360424', '3');
INSERT INTO `zw_m_administrative_divisions` VALUES ('298adb22-0e77-461b-8e42-ad8e2dd26b86', '浙江省', '宁波市', '象山县', '330225', '3');
INSERT INTO `zw_m_administrative_divisions` VALUES ('299b88d4-c8b3-4c05-8aab-11ca89411e1d', '湖南省', '邵阳市', '双清区', '430502', '3');
INSERT INTO `zw_m_administrative_divisions` VALUES ('29bb13d3-b1aa-4577-a5df-841d5e4b38f6', '湖南省', '衡阳市', '衡东县', '430424', '3');
INSERT INTO `zw_m_administrative_divisions` VALUES ('29c97cd8-4258-421f-98e5-51587def4d14', '云南省', '红河哈尼族彝族自治州', '绿春县', '532531', '3');
INSERT INTO `zw_m_administrative_divisions` VALUES ('29d3f5c2-c980-45ab-bf74-b8f7aeae11a0', '吉林省', '长春市', null, '220100', '2');
INSERT INTO `zw_m_administrative_divisions` VALUES ('29dc9729-dbda-42f2-a734-593c6421256d', '辽宁省', '锦州市', '开发区', '210740', '3');
INSERT INTO `zw_m_administrative_divisions` VALUES ('29e4aaca-6cb5-46f9-b288-908f5469a0ec', '贵州省', '黔东南苗族侗族自治州', '镇远县', '522625', '3');
INSERT INTO `zw_m_administrative_divisions` VALUES ('29f980dc-b3e4-4921-84e7-3b167877c9c5', '辽宁省', '鞍山市', '岫岩满族自治县', '210323', '3');
INSERT INTO `zw_m_administrative_divisions` VALUES ('2a3ef85d-abfc-4e59-b69f-f36d1d742230', '陕西省', '汉中市', '南郑县', '610721', '3');
INSERT INTO `zw_m_administrative_divisions` VALUES ('2a53a40d-96fe-4b7c-895e-6895f5455fe1', '吉林省', '四平市', '双辽市', '220382', '3');
INSERT INTO `zw_m_administrative_divisions` VALUES ('2a598609-001b-467b-881c-f264fc7c74df', '陕西省', '咸阳市', '泾阳县', '610423', '3');
INSERT INTO `zw_m_administrative_divisions` VALUES ('2a72c792-f855-47a4-b378-c1e918c74c29', '湖南省', '郴州市', null, '431000', '2');
INSERT INTO `zw_m_administrative_divisions` VALUES ('2a76dd1b-207c-4423-9047-6cf30fe72640', '湖北省', '武汉市', '江夏区', '420115', '3');
INSERT INTO `zw_m_administrative_divisions` VALUES ('2a7c8347-7c78-4510-8ae9-a873b81fdf6e', '陕西省', '陕西省西咸新区', '陕西省西咸新区秦汉新城', '617003', '3');
INSERT INTO `zw_m_administrative_divisions` VALUES ('2a7f5cef-2fd0-4fe3-8a8b-ee337b2d4bfc', '湖北省', '襄阳市', '襄阳高新技术开发区', '420640', '3');
INSERT INTO `zw_m_administrative_divisions` VALUES ('2aa7e52d-7c6c-433c-ab4b-554ec929612b', '四川省', '甘孜藏族自治州', '色达县', '513333', '3');
INSERT INTO `zw_m_administrative_divisions` VALUES ('2abd6175-197a-433b-8365-9d4b6a0d0b31', '福建省', '漳州市', '芗城区', '350602', '3');
INSERT INTO `zw_m_administrative_divisions` VALUES ('2ad55f9b-730b-4f09-83ee-d92bae7913a0', '江西省', '上饶市', '铅山县', '361124', '3');
INSERT INTO `zw_m_administrative_divisions` VALUES ('2ae33398-75da-4369-be94-bc3faea339e2', '广东省', '揭阳市', '揭东县', '445221', '3');
INSERT INTO `zw_m_administrative_divisions` VALUES ('2b014822-1d80-4445-885b-ed8fcba23e4a', '湖北省', '十堰市', '张湾区', '420303', '3');
INSERT INTO `zw_m_administrative_divisions` VALUES ('2b14f343-0e2a-4fe6-b095-20d910ba9c51', '河南省', '平顶山市', '鲁山县', '410423', '3');
INSERT INTO `zw_m_administrative_divisions` VALUES ('2b1508c8-74aa-4e52-bba6-c9c877df9f57', '广东省', '揭阳市', '惠来县', '445224', '3');
INSERT INTO `zw_m_administrative_divisions` VALUES ('2b1859f6-c139-43b3-9949-15e758ee57c8', '江苏省', '苏州市', '张家港市', '320582', '3');
INSERT INTO `zw_m_administrative_divisions` VALUES ('2b1908c1-e5b1-4b56-9a95-b8e07e82cf65', '山东省', '临沂市', '临沂市高新开发区', '371341', '3');
INSERT INTO `zw_m_administrative_divisions` VALUES ('2b1f8437-01c7-48e3-a7a8-f979f3cc9f6a', '湖南省', '郴州市', '安仁县', '431028', '3');
INSERT INTO `zw_m_administrative_divisions` VALUES ('2b25c4d9-e5f0-407f-8c04-3b196786ecc3', '云南省', '昭通市', '盐津县', '530623', '3');
INSERT INTO `zw_m_administrative_divisions` VALUES ('2b2731b1-7c17-4e38-b4ad-378560f24a59', '江苏省', '宿迁市', '沭阳县', '321322', '3');
INSERT INTO `zw_m_administrative_divisions` VALUES ('2b2d98e5-c08e-423a-869d-f0cf8ea6e051', '湖南省', '怀化市', '鹤城区', '431202', '3');
INSERT INTO `zw_m_administrative_divisions` VALUES ('2b2e3ab4-c6ff-4e04-9dba-172b4cd4f969', '青海省', '黄南藏族自治州', null, '632300', '2');
INSERT INTO `zw_m_administrative_divisions` VALUES ('2b352abb-0ad8-48fa-9be9-176e88fe123e', '广东省', '阳江市', '阳西县', '441721', '3');
INSERT INTO `zw_m_administrative_divisions` VALUES ('2b3f751e-5672-4428-9a22-396ef74e92ba', '陕西省', '宝鸡市', '陈仓区', '610304', '3');
INSERT INTO `zw_m_administrative_divisions` VALUES ('2b445639-8541-43c1-ae6e-80d84ebafab4', '辽宁省', null, null, '210000', '1');
INSERT INTO `zw_m_administrative_divisions` VALUES ('2b56bd17-1bdb-45c1-ac18-e067d32f224e', '四川省', '甘孜藏族自治州', '乡城县', '513336', '3');
INSERT INTO `zw_m_administrative_divisions` VALUES ('2b5e833b-cc90-4760-8240-d1f1285151a8', '河北省', '邢台市', null, '130500', '2');
INSERT INTO `zw_m_administrative_divisions` VALUES ('2b63e401-192b-4a3f-9e17-402c74a99f8f', '内蒙古自治区', '巴彦淖尔市', '五原县', '150821', '3');
INSERT INTO `zw_m_administrative_divisions` VALUES ('2b6f4a8d-fff4-46f0-a4b7-b26ab3838e42', '黑龙江省', '鹤岗市', '兴安区', '230405', '3');
INSERT INTO `zw_m_administrative_divisions` VALUES ('2b791e93-e370-4f31-9a40-46aadb220692', '湖南省', '张家界市', '武陵源区', '430811', '3');
INSERT INTO `zw_m_administrative_divisions` VALUES ('2b7b2b25-28c7-40c2-9d2b-9a966b7df7dc', '黑龙江省', '齐齐哈尔市', '龙沙区', '230202', '3');
INSERT INTO `zw_m_administrative_divisions` VALUES ('2b7dfa22-ed67-4537-918a-790226bbe463', '新疆维吾尔自治区', '阿克苏地区', '阿瓦提县', '652928', '3');
INSERT INTO `zw_m_administrative_divisions` VALUES ('2b9fbf3f-fa92-42bf-ab6f-2b619a187aea', '湖北省', '襄阳市', '枣阳市', '420683', '3');
INSERT INTO `zw_m_administrative_divisions` VALUES ('2bb681d6-7d4a-4f92-b0c4-5621087d5e72', '四川省', '宜宾市', '江安县', '511523', '3');
INSERT INTO `zw_m_administrative_divisions` VALUES ('2bc5dd1f-b671-476d-9769-a8d85102d1da', '江西省', '新余市', '渝水区', '360502', '3');
INSERT INTO `zw_m_administrative_divisions` VALUES ('2bd08724-994e-4711-833e-e9069d2af94c', '浙江省', '杭州市', '淳安县', '330127', '3');
INSERT INTO `zw_m_administrative_divisions` VALUES ('2bd6d793-d113-430b-86f1-4a1ea9820d81', '辽宁省', '阜新市', '细河区', '210911', '3');
INSERT INTO `zw_m_administrative_divisions` VALUES ('2bde5c44-28c0-4a68-9bd2-0163fb780cde', '福建省', '泉州市', '惠安县', '350521', '3');
INSERT INTO `zw_m_administrative_divisions` VALUES ('2bea27c9-7013-4277-9471-0a0a5ca4e763', '山东省', '德州市', '陵县', '371421', '3');
INSERT INTO `zw_m_administrative_divisions` VALUES ('2bf3ca31-921a-41fd-b4d7-069e8202fd33', '河南省', '平顶山市', '郏县', '410425', '3');
INSERT INTO `zw_m_administrative_divisions` VALUES ('2c54a93e-eb18-451d-8651-7694d4dff5cc', '安徽省', '六安市', '金安区', '341502', '3');
INSERT INTO `zw_m_administrative_divisions` VALUES ('2c57d2b1-2dcf-4749-8637-96b7d3fa3454', '河北省', '邢台市', '高开区', '130540', '3');
INSERT INTO `zw_m_administrative_divisions` VALUES ('2c593ac4-cce8-49f4-8b20-ad1129cab87a', '四川省', '遂宁市', '射洪县', '510922', '3');
INSERT INTO `zw_m_administrative_divisions` VALUES ('2c743612-a1c0-443e-9140-30c0e2f0649a', '山东省', '德州市', '禹城市', '371482', '3');
INSERT INTO `zw_m_administrative_divisions` VALUES ('2c792105-6f1b-481e-bfed-f2ae6e6c2241', '新疆维吾尔自治区', '喀什地区', '莎车县', '653125', '3');
INSERT INTO `zw_m_administrative_divisions` VALUES ('2c835e6d-6a11-4635-81d1-990ab4ad58f9', '山东省', '泰安市', '泰安市泰山风景名胜区', '370941', '3');
INSERT INTO `zw_m_administrative_divisions` VALUES ('2ca237bd-1dde-4d02-94e1-3b16d4d82bdd', '贵州省', '黔东南苗族侗族自治州', null, '522600', '2');
INSERT INTO `zw_m_administrative_divisions` VALUES ('2cad6c1b-e122-4510-bf48-8244ee3362e3', '山西省', '晋城市', '高平市', '140581', '3');
INSERT INTO `zw_m_administrative_divisions` VALUES ('2cbba29d-8123-45b5-90c3-38637da095d8', '海南省', '海口市', '龙华区', '460106', '3');
INSERT INTO `zw_m_administrative_divisions` VALUES ('2cfa262f-c00a-4af8-bb5b-9e4b69a93842', '山西省', '忻州市', null, '140900', '2');
INSERT INTO `zw_m_administrative_divisions` VALUES ('2d34d18d-4259-4d21-a32f-801e6fe79be3', '辽宁省', '锦州市', '黑山县', '210726', '3');
INSERT INTO `zw_m_administrative_divisions` VALUES ('2d383294-ced7-449e-8aad-417ccc5e157d', '陕西省', '渭南市', '高新技术产业开发区', '610540', '3');
INSERT INTO `zw_m_administrative_divisions` VALUES ('2d4bdc79-0cba-40c8-9de0-f1eb8fe58758', '河北省', '衡水市', '开发区', '131140', '3');
INSERT INTO `zw_m_administrative_divisions` VALUES ('2d53b886-df96-4821-a493-5497208a243e', '四川省', '南充市', '蓬安县', '511323', '3');
INSERT INTO `zw_m_administrative_divisions` VALUES ('2d5db510-3cba-4d8b-b9b6-97f1345af149', '云南省', '昆明市', '盘龙区', '530103', '3');
INSERT INTO `zw_m_administrative_divisions` VALUES ('2d5ee56a-29de-407e-8233-6d929b3bcf13', '宁夏回族自治区', '固原市', '原州区', '640402', '3');
INSERT INTO `zw_m_administrative_divisions` VALUES ('2d633fb7-c308-41b5-9834-4ce56feafae6', '浙江省', '台州市', '路桥区', '331004', '3');
INSERT INTO `zw_m_administrative_divisions` VALUES ('2d947918-28d2-40cd-9ec0-a663eda631df', '新疆维吾尔自治区', '新疆维吾尔自治区区本级', '塔里木油田公司', '659905', '3');
INSERT INTO `zw_m_administrative_divisions` VALUES ('2dcafdda-ffe8-42ad-b689-ea914f3aa7f9', '湖北省', '恩施土家族苗族自治州', '咸丰县', '422826', '3');
INSERT INTO `zw_m_administrative_divisions` VALUES ('2ddb0f3a-d223-4ccf-aa2f-589634a7a182', '辽宁省', '葫芦岛市', '南票区', '211404', '3');
INSERT INTO `zw_m_administrative_divisions` VALUES ('2de2003a-2655-49e5-833f-54e060c0cade', '湖南省', '衡阳市', '祁东县', '430426', '3');
INSERT INTO `zw_m_administrative_divisions` VALUES ('2df2dda5-a1e0-472a-b426-2ec5db02ca71', '辽宁省', '沈阳市', '和平区', '210102', '3');
INSERT INTO `zw_m_administrative_divisions` VALUES ('2e0ba0cd-9af1-45db-af1d-880e32d21793', '四川省', '遂宁市', '船山区', '510903', '3');
INSERT INTO `zw_m_administrative_divisions` VALUES ('2e21f0aa-f6b4-4d14-9058-c2f573fc5f3f', '河南省', '驻马店市', '确山县', '411725', '3');
INSERT INTO `zw_m_administrative_divisions` VALUES ('2e37015b-42d5-4cf4-bd71-6b5ff7a62161', '江西省', '宜春市', '奉新县', '360921', '3');
INSERT INTO `zw_m_administrative_divisions` VALUES ('2e4515f6-1753-4154-b121-d61f93b0ac33', '广西壮族自治区', '北海市', '合浦县', '450521', '3');
INSERT INTO `zw_m_administrative_divisions` VALUES ('2e5744d4-61e3-4b3a-91ef-9c5d77b47bcd', '吉林省', '长春市', '双阳区', '220112', '3');
INSERT INTO `zw_m_administrative_divisions` VALUES ('2e5f95b5-ad1c-412e-abf3-83e15002b741', '贵州省', '铜仁地区', '江口县', '522222', '3');
INSERT INTO `zw_m_administrative_divisions` VALUES ('2e94c384-ce94-440a-87d8-0fdcbae8fdfd', '甘肃省', '临夏回族自治州', '康乐县', '622922', '3');
INSERT INTO `zw_m_administrative_divisions` VALUES ('2e9e64c0-a9c0-48f7-b406-beacd723a493', '山东省', '潍坊市', '潍城区', '370702', '3');
INSERT INTO `zw_m_administrative_divisions` VALUES ('2eb9faba-8755-4ac6-a592-bd28760aed5f', '西藏自治区', '日喀则地区', '昂仁县', '542327', '3');
INSERT INTO `zw_m_administrative_divisions` VALUES ('2ebc2fc3-76c8-40f7-9a4a-02ef54659e3f', '吉林省', '通化市', '集安市', '220582', '3');
INSERT INTO `zw_m_administrative_divisions` VALUES ('2ed0e2fb-18b6-4d87-a0b0-8c6055c1db8c', '广西壮族自治区', '南宁市', '横县', '450127', '3');
INSERT INTO `zw_m_administrative_divisions` VALUES ('2edb756b-465e-447f-8a8b-ed87a1256b01', '吉林省', '白城市', '洮南市', '220881', '3');
INSERT INTO `zw_m_administrative_divisions` VALUES ('2ef51c0a-5618-43a7-98bf-5692eca256d5', '福建省', '龙岩市', null, '350800', '2');
INSERT INTO `zw_m_administrative_divisions` VALUES ('2f1c0241-2cf7-44ad-997f-f3fd55a0cdbc', '江西省', '赣州市', '章贡区', '360702', '3');
INSERT INTO `zw_m_administrative_divisions` VALUES ('2f2eebae-5280-4297-a468-38f68a2f0365', '湖南省', '岳阳市', null, '430600', '2');
INSERT INTO `zw_m_administrative_divisions` VALUES ('2f460a56-60a8-485e-9860-f65ee32f9f79', '广西壮族自治区', '南宁市', '宾阳县', '450126', '3');
INSERT INTO `zw_m_administrative_divisions` VALUES ('2f4f655c-9f40-4e63-830a-a3461b3b672a', '山西省', '长治市', '长治县', '140421', '3');
INSERT INTO `zw_m_administrative_divisions` VALUES ('2f556d1b-8f06-44bb-8ee0-ddee2539552f', '四川省', '眉山市', null, '511400', '2');
INSERT INTO `zw_m_administrative_divisions` VALUES ('2f6e9dc8-d432-4d51-862f-f74796373598', '湖北省', '荆门市', null, '420800', '2');
INSERT INTO `zw_m_administrative_divisions` VALUES ('2f7a17ff-3e04-4873-9662-43916f302404', '上海市', '上海市市辖区', '虹口区', '310109', '3');
INSERT INTO `zw_m_administrative_divisions` VALUES ('2f8eb6dc-98d6-4507-9ea0-db281f966aa6', '新疆维吾尔自治区', '巴音郭楞蒙古自治州', '轮台县', '652822', '3');
INSERT INTO `zw_m_administrative_divisions` VALUES ('2fb56052-04ba-4331-8e21-b515818e3a50', '四川省', '乐山市', '五通桥区', '511112', '3');
INSERT INTO `zw_m_administrative_divisions` VALUES ('2fc1f802-3fc5-442c-b46a-00e632eddafa', '贵州省', '黔东南苗族侗族自治州', '锦屏县', '522628', '3');
INSERT INTO `zw_m_administrative_divisions` VALUES ('2fdc9009-410a-4b26-8fa6-3f562e8c3ff2', '山西省', '晋中市', '介休市', '140781', '3');
INSERT INTO `zw_m_administrative_divisions` VALUES ('2fec1ef5-45eb-4fc8-b9ae-f8a2445963d7', '云南省', '昆明市', '嵩明县', '530127', '3');
INSERT INTO `zw_m_administrative_divisions` VALUES ('2ff7ae97-5da4-4302-aed2-732f49d5b888', '青海省', '海南藏族自治州', null, '632500', '2');
INSERT INTO `zw_m_administrative_divisions` VALUES ('3020c2b7-3689-4f20-bdf0-77747b097237', '天津市', null, null, '120000', '1');
INSERT INTO `zw_m_administrative_divisions` VALUES ('302883a5-0d1b-4674-bd99-e976afa78f04', '河南省', '信阳市', '浉河区', '411502', '3');
INSERT INTO `zw_m_administrative_divisions` VALUES ('30333ddf-d1bd-470f-920f-e9faf0460ecb', '山西省', '忻州市', '神池县', '140927', '3');
INSERT INTO `zw_m_administrative_divisions` VALUES ('303bf66f-1d28-4055-8aa1-12858074a495', '湖南省', '永州市', '双牌县', '431123', '3');
INSERT INTO `zw_m_administrative_divisions` VALUES ('306cd3d4-c9c7-4475-975a-197a7d836e44', '河南省', '洛阳市', '洛宁县', '410328', '3');
INSERT INTO `zw_m_administrative_divisions` VALUES ('3081e198-f1ba-45cd-b42d-50d0a650e06d', '辽宁省', '丹东市', '振安区', '210604', '3');
INSERT INTO `zw_m_administrative_divisions` VALUES ('3097a34a-c947-46fc-a2f8-69e0d2958098', '浙江省', '金华市', '金东区', '330703', '3');
INSERT INTO `zw_m_administrative_divisions` VALUES ('30cde0ab-9f90-44ea-9820-bda38ce3c1e4', '湖南省', '常德市', '武陵区', '430702', '3');
INSERT INTO `zw_m_administrative_divisions` VALUES ('30fd6e68-1f5d-4b66-acf2-cc92102285a3', '四川省', '成都市', '龙泉驿区', '510112', '3');
INSERT INTO `zw_m_administrative_divisions` VALUES ('310bf039-9038-4d44-88e3-8864f62be0c6', '湖南省', '湘潭市', '湘潭经济技术开发区', '430341', '3');
INSERT INTO `zw_m_administrative_divisions` VALUES ('3110971a-b377-440f-9677-458fbb9f9d2f', '西藏自治区', '拉萨市', '当雄县', '540122', '3');
INSERT INTO `zw_m_administrative_divisions` VALUES ('311f4a5b-61f2-4999-a555-8285980e1cb0', '贵州省', '贵阳市', '白云区', '520113', '3');
INSERT INTO `zw_m_administrative_divisions` VALUES ('31248922-42fc-44c1-a846-3cf53655a178', '黑龙江省', '大兴安岭地区', '塔河县', '232722', '3');
INSERT INTO `zw_m_administrative_divisions` VALUES ('31351439-2ed4-4df7-b481-1dd31f445317', '河南省', '周口市', '太康县', '411627', '3');
INSERT INTO `zw_m_administrative_divisions` VALUES ('3149975b-f236-4880-badf-43a5064e63e4', '江西省', '九江市', '庐山区', '360402', '3');
INSERT INTO `zw_m_administrative_divisions` VALUES ('3170afaf-1671-4245-8519-717ef1607988', '辽宁省', '鞍山市', null, '210300', '2');
INSERT INTO `zw_m_administrative_divisions` VALUES ('31775f55-845b-49ae-8976-9d71f2601a9f', '云南省', '曲靖市', '马龙县', '530321', '3');
INSERT INTO `zw_m_administrative_divisions` VALUES ('3188f821-d1d2-4584-855d-175739c3d39b', '河南省', '郑州市', '金水区', '410105', '3');
INSERT INTO `zw_m_administrative_divisions` VALUES ('318a09d7-6008-4ad3-9564-b0c20554cd64', '山东省', '济宁市', '嘉祥县', '370829', '3');
INSERT INTO `zw_m_administrative_divisions` VALUES ('31910b77-3db7-4284-9026-c2535d712669', '河北省', '邢台市', '桥东区', '130502', '3');
INSERT INTO `zw_m_administrative_divisions` VALUES ('31a11fa3-4c91-440a-a2e3-d9f66a125165', '湖北省', '黄冈市', '黄州区', '421102', '3');
INSERT INTO `zw_m_administrative_divisions` VALUES ('31b2e04f-13b2-4804-b9c0-5b0ec988ffc1', '新疆维吾尔自治区', '巴音郭楞蒙古自治州', '巴音郭楞蒙古自治州州本级', '652899', '3');
INSERT INTO `zw_m_administrative_divisions` VALUES ('31b2e9f5-d98b-4148-a28c-6eaaa20b3446', '重庆市', '重庆市市辖区', '荣昌县', '500226', '3');
INSERT INTO `zw_m_administrative_divisions` VALUES ('31cdd325-ac18-4981-a8f5-6aedf8b8b293', '四川省', '德阳市', '绵竹市', '510683', '3');
INSERT INTO `zw_m_administrative_divisions` VALUES ('31f41004-9978-4149-b47f-730fba4a7c1d', '湖南省', '永州市', '道县', '431124', '3');
INSERT INTO `zw_m_administrative_divisions` VALUES ('32023b04-0594-4057-8547-05bc1d6b7ec9', '黑龙江省', '绥化市', '安达市', '231281', '3');
INSERT INTO `zw_m_administrative_divisions` VALUES ('320a7669-c5ce-4771-a002-2b8fb4e654ef', '广东省', '惠州市', '博罗县', '441322', '3');
INSERT INTO `zw_m_administrative_divisions` VALUES ('323f5fe5-436a-4eb4-a563-9ea2d0b709bc', '广东省', null, null, '440000', '1');
INSERT INTO `zw_m_administrative_divisions` VALUES ('32631c31-e237-4093-a038-020f5cfbc653', '山东省', '临沂市', '蒙山旅游区', '371343', '3');
INSERT INTO `zw_m_administrative_divisions` VALUES ('32688a6f-2269-44db-a0a1-c4767ed4fb09', '山东省', '烟台市', '福山区', '370611', '3');
INSERT INTO `zw_m_administrative_divisions` VALUES ('326ec3c2-3ef9-4352-9c75-b6a25767c042', '青海省', '黄南藏族自治州', '同仁县', '632321', '3');
INSERT INTO `zw_m_administrative_divisions` VALUES ('328049dd-66d4-40a6-8d29-3ba7e07cea4b', '山东省', '淄博市', '张店区', '370303', '3');
INSERT INTO `zw_m_administrative_divisions` VALUES ('32f6ce24-0ba3-46ce-8a18-a2a4cc4698a8', '河南省', '洛阳市', '西工区', '410303', '3');
INSERT INTO `zw_m_administrative_divisions` VALUES ('32f8c1bb-3257-4690-b6e8-987a171ff271', '湖北省', '十堰市', '十堰经济技术开发区', '420341', '3');
INSERT INTO `zw_m_administrative_divisions` VALUES ('32fa8e71-8bdb-4264-8a54-9dfb4d9ae35a', '广东省', '茂名市', '茂南区', '440902', '3');
INSERT INTO `zw_m_administrative_divisions` VALUES ('32fe0dbd-c1e3-4409-878c-7f5b69c0171b', '山东省', '潍坊市', null, '370700', '2');
INSERT INTO `zw_m_administrative_divisions` VALUES ('33118364-889c-4744-bac3-12469e71e7e8', '吉林省', '白城市', '洮北区', '220802', '3');
INSERT INTO `zw_m_administrative_divisions` VALUES ('335b36fd-4a51-40c1-8c52-ec07c50284f0', '贵州省', '黔东南苗族侗族自治州', '施秉县', '522623', '3');
INSERT INTO `zw_m_administrative_divisions` VALUES ('339550bb-b807-423e-be5a-7dea682166ac', '湖南省', '怀化市', '会同县', '431225', '3');
INSERT INTO `zw_m_administrative_divisions` VALUES ('33b21379-4bfb-4515-9387-ebe68fff1e39', '山东省', '德州市', '德城区', '371402', '3');
INSERT INTO `zw_m_administrative_divisions` VALUES ('33b28922-55f8-48e1-8b58-6eef5c8172ba', '江苏省', '连云港市', '海州区', '320706', '3');
INSERT INTO `zw_m_administrative_divisions` VALUES ('33b3ab48-d803-4ed8-bf15-284009c79851', '河南省', '新乡市', '平原新区', '410741', '3');
INSERT INTO `zw_m_administrative_divisions` VALUES ('33e6ac3e-efc2-4f31-89b2-0d3932d1bc16', '内蒙古自治区', '赤峰市', '松山区', '150404', '3');
INSERT INTO `zw_m_administrative_divisions` VALUES ('33f135cb-67c6-466d-9bd4-1447e7d3a20b', '四川省', '攀枝花市', null, '510400', '2');
INSERT INTO `zw_m_administrative_divisions` VALUES ('340a3e81-498c-4c3c-980b-730a49060103', '内蒙古自治区', '阿拉善盟', '阿拉善盟盟本级', '152999', '3');
INSERT INTO `zw_m_administrative_divisions` VALUES ('340d79f5-90bb-49eb-900e-8e07be3d6145', '云南省', '昆明市', '晋宁县', '530122', '3');
INSERT INTO `zw_m_administrative_divisions` VALUES ('343aa685-0c8b-4342-913a-8406a95a153b', '江西省', '景德镇市', '昌江区', '360202', '3');
INSERT INTO `zw_m_administrative_divisions` VALUES ('34568f2a-fb86-423a-aa08-913bb73a208d', '辽宁省', '辽阳市', '文圣区', '211003', '3');
INSERT INTO `zw_m_administrative_divisions` VALUES ('347028e8-a769-4f63-a5d0-454103399ddf', '黑龙江省', '伊春市', '伊春区', '230702', '3');
INSERT INTO `zw_m_administrative_divisions` VALUES ('348825a0-96fd-4fe3-8d38-ef562347e38d', '甘肃省', '平凉市', '华亭县', '620824', '3');
INSERT INTO `zw_m_administrative_divisions` VALUES ('349f9a24-2b5f-4db9-8eeb-bb9a54232d66', '浙江省', '杭州市', '桐庐县', '330122', '3');
INSERT INTO `zw_m_administrative_divisions` VALUES ('34a2eecb-4104-4c0b-a9c4-a1f71bb57be3', '河北省', '邯郸市', '丛台区', '130403', '3');
INSERT INTO `zw_m_administrative_divisions` VALUES ('34ba88d3-039d-44da-a78d-af1deb8a0aaf', '浙江省', '杭州市', '建德市', '330182', '3');
INSERT INTO `zw_m_administrative_divisions` VALUES ('34bbfa6e-5e0e-4397-b809-9445e06cc2f6', '湖北省', '襄阳市', '襄城区', '420602', '3');
INSERT INTO `zw_m_administrative_divisions` VALUES ('34bc0871-95b9-47ad-98c9-5e06085392a9', '河北省', '保定市', '曲阳县', '130634', '3');
INSERT INTO `zw_m_administrative_divisions` VALUES ('34d7a17c-88a3-4bbf-942c-5e13ecd8634a', '广东省', '惠州市', null, '441300', '2');
INSERT INTO `zw_m_administrative_divisions` VALUES ('34f26c9f-cb65-4b20-a781-43ae120990db', '广东省', '广州市', '天河区', '440106', '3');
INSERT INTO `zw_m_administrative_divisions` VALUES ('3507e170-28eb-42e6-8030-0e4df26b3c28', '安徽省', '六安市', '霍邱县', '341522', '3');
INSERT INTO `zw_m_administrative_divisions` VALUES ('351f5717-4178-4967-81f3-d18a7b4e6663', '青海省', '海西蒙古族藏族自治州', '德令哈市', '632802', '3');
INSERT INTO `zw_m_administrative_divisions` VALUES ('3527d4d2-8a09-4cbb-ae73-d22d0a3ea449', '河北省', '廊坊市', null, '131000', '2');
INSERT INTO `zw_m_administrative_divisions` VALUES ('35323d60-dc99-4d81-b0af-56c5b242599e', '山西省', '长治市', '沁县', '140430', '3');
INSERT INTO `zw_m_administrative_divisions` VALUES ('35446709-18e0-49b8-bf3c-329d34abe2f9', '江苏省', '盐城市', '盐城城南新区', '320941', '3');
INSERT INTO `zw_m_administrative_divisions` VALUES ('354ac36d-12a6-458e-90ec-c75a1c3cbc85', '江西省', '抚州市', '宜黄县', '361026', '3');
INSERT INTO `zw_m_administrative_divisions` VALUES ('356695f6-2d02-415d-a777-15eb28a33793', '辽宁省', '沈阳市', '辽中县', '210122', '3');
INSERT INTO `zw_m_administrative_divisions` VALUES ('356a4162-6340-4ddf-96ea-b350e2bd9fc5', '湖南省', '邵阳市', null, '430500', '2');
INSERT INTO `zw_m_administrative_divisions` VALUES ('356c88ba-8ac8-4026-a819-da4f78465545', '陕西省', '西安市', '高陵区', '610117', '3');
INSERT INTO `zw_m_administrative_divisions` VALUES ('3575412e-ca58-4a07-b76e-3a6bc3ab0559', '福建省', '福州市', '连江县', '350122', '3');
INSERT INTO `zw_m_administrative_divisions` VALUES ('358ff8f1-fd19-4588-b4f5-c94cd5fbaa33', '贵州省', '铜仁地区', '松桃苗族自治县', '522229', '3');
INSERT INTO `zw_m_administrative_divisions` VALUES ('35a78c86-0f51-49b2-8ca1-af1e711a18e8', '四川省', '凉山彝族自治州', '会理县', '513425', '3');
INSERT INTO `zw_m_administrative_divisions` VALUES ('35c39b23-6454-455e-a350-fccb43727812', '云南省', '普洱市', null, '530800', '2');
INSERT INTO `zw_m_administrative_divisions` VALUES ('35c713c1-c206-48e5-aca9-15122e4099a3', '上海市', null, null, '310000', '1');
INSERT INTO `zw_m_administrative_divisions` VALUES ('35da6426-d5fd-4e6a-a6c5-630821909ff6', '河北省', '张家口市', null, '130700', '2');
INSERT INTO `zw_m_administrative_divisions` VALUES ('35dad2a2-1e10-40ba-8e65-a1a96548a480', '新疆维吾尔自治区', '哈密地区', '哈密市', '652201', '3');
INSERT INTO `zw_m_administrative_divisions` VALUES ('35e7d7a3-f389-48fc-9dec-7d1542d31d6d', '青海省', '果洛藏族自治州', '班玛县', '632622', '3');
INSERT INTO `zw_m_administrative_divisions` VALUES ('35ea718b-a4e2-4804-915c-ae0486ecf103', '浙江省', '绍兴市', '诸暨市', '330681', '3');
INSERT INTO `zw_m_administrative_divisions` VALUES ('35f0fd78-e0c4-450d-9d06-e6b1500070cf', '江苏省', '无锡市', '惠山区', '320206', '3');
INSERT INTO `zw_m_administrative_divisions` VALUES ('35f2cca1-32d3-4e3c-bb5d-bb0b9454fdef', '内蒙古自治区', '锡林郭勒盟', '二连浩特市', '152501', '3');
INSERT INTO `zw_m_administrative_divisions` VALUES ('35f69161-2196-4dac-bc57-a52039720368', '安徽省', '滁州市', '凤阳县', '341126', '3');
INSERT INTO `zw_m_administrative_divisions` VALUES ('35fa75da-9b29-4fe4-9db7-088cf4e574f9', '四川省', '绵阳市', '绵阳科学城', '510741', '3');
INSERT INTO `zw_m_administrative_divisions` VALUES ('3604f79a-da5e-4f7f-9184-9732698899e2', '广西壮族自治区', '百色市', '德保县', '451024', '3');
INSERT INTO `zw_m_administrative_divisions` VALUES ('363f5d94-3e39-44f6-a753-284e72213dd2', '四川省', '绵阳市', '盐亭县', '510723', '3');
INSERT INTO `zw_m_administrative_divisions` VALUES ('363fc7af-de39-449f-bc5d-fc956dbc1195', '湖北省', '宜昌市', null, '420500', '2');
INSERT INTO `zw_m_administrative_divisions` VALUES ('36413840-d1ab-4206-bec8-5f8946fd3ff9', '江西省', '吉安市', '万安县', '360828', '3');
INSERT INTO `zw_m_administrative_divisions` VALUES ('364ad177-1dea-4854-9e00-0a1bfafd11c1', '江苏省', '扬州市', '仪征市', '321081', '3');
INSERT INTO `zw_m_administrative_divisions` VALUES ('3664b7fc-40e8-4c44-8be4-02e0ee805ed4', '湖北省', '武汉市', '汉阳区', '420105', '3');
INSERT INTO `zw_m_administrative_divisions` VALUES ('3666a2ff-30de-461c-ad20-2e81e7dc5be9', '河北省', '邯郸市', '曲周县', '130435', '3');
INSERT INTO `zw_m_administrative_divisions` VALUES ('366bc193-0245-4917-a2a5-b16bf24521fc', '四川省', '乐山市', '马边彝族自治县', '511133', '3');
INSERT INTO `zw_m_administrative_divisions` VALUES ('367474f9-577f-42e5-92c0-3df7d9324599', '贵州省', '遵义市', '仁怀市', '520382', '3');
INSERT INTO `zw_m_administrative_divisions` VALUES ('368172e6-64cb-4f2e-a636-456708c90126', '江苏省', '无锡市', '宜兴市', '320282', '3');
INSERT INTO `zw_m_administrative_divisions` VALUES ('368309e4-d0f3-4839-a965-0c8b81acac62', '四川省', '攀枝花市', '米易县', '510421', '3');
INSERT INTO `zw_m_administrative_divisions` VALUES ('3684a879-b9c1-4d7b-9a67-1977bf4829bf', '山西省', '长治市', '城区', '140402', '3');
INSERT INTO `zw_m_administrative_divisions` VALUES ('3690f0ef-c3fa-47dd-be23-5189d9502e8f', '重庆市', '重庆市市辖区', '万州区', '500101', '3');
INSERT INTO `zw_m_administrative_divisions` VALUES ('36ad850f-50c8-4239-bb23-055ef3bc32d1', '四川省', '凉山彝族自治州', '甘洛县', '513435', '3');
INSERT INTO `zw_m_administrative_divisions` VALUES ('36b49547-3eea-4ed3-8845-6df25cc700b2', '贵州省', '黔南布依族苗族自治州', '瓮安县', '522725', '3');
INSERT INTO `zw_m_administrative_divisions` VALUES ('36c319cf-b1ef-474e-8924-9fe745e972a2', '福建省', null, null, '350000', '1');
INSERT INTO `zw_m_administrative_divisions` VALUES ('36d73a0a-4722-4d80-9fc6-40c2b3433324', '福建省', '南平市', '浦城县', '350722', '3');
INSERT INTO `zw_m_administrative_divisions` VALUES ('37061595-18bc-4e20-9c73-939d429fabf8', '西藏自治区', '昌都地区', '昌都县', '542121', '3');
INSERT INTO `zw_m_administrative_divisions` VALUES ('3709582e-0918-4b27-af33-354d29f3b625', '江苏省', '连云港市', '东海县', '320722', '3');
INSERT INTO `zw_m_administrative_divisions` VALUES ('372d8488-497b-4d20-a355-734faa136a3e', '广东省', '清远市', '阳山县', '441823', '3');
INSERT INTO `zw_m_administrative_divisions` VALUES ('3738a801-d34a-47f5-9fda-dc28d0f8aeb4', '辽宁省', '锦州市', '松山新区', '210741', '3');
INSERT INTO `zw_m_administrative_divisions` VALUES ('3746ebc1-7014-4dd3-9d7c-d7b658334dfe', '黑龙江省', '伊春市', '乌马河区', '230711', '3');
INSERT INTO `zw_m_administrative_divisions` VALUES ('3763a5fa-c14f-4e8c-87ef-ff2efb8778ae', '福建省', '宁德市', '屏南县', '350923', '3');
INSERT INTO `zw_m_administrative_divisions` VALUES ('37650551-3534-4a5b-bf26-6934e819d371', '辽宁省', '丹东市', '宽甸满族自治县', '210624', '3');
INSERT INTO `zw_m_administrative_divisions` VALUES ('3770f361-cc87-42d8-87c6-3adb86388581', '甘肃省', '陇南市', '武都区', '621202', '3');
INSERT INTO `zw_m_administrative_divisions` VALUES ('3772831f-d129-4fec-a4d9-2d797f4d55c1', '四川省', '凉山彝族自治州', '宁南县', '513427', '3');
INSERT INTO `zw_m_administrative_divisions` VALUES ('3789aa87-62a8-4569-a60a-1a48f4872ce2', '山东省', '聊城市', null, '371500', '2');
INSERT INTO `zw_m_administrative_divisions` VALUES ('379a0287-2595-4f45-83e9-7fdb4a8a5151', '山东省', '威海市', '威海临港经济技术开发区', '371042', '3');
INSERT INTO `zw_m_administrative_divisions` VALUES ('37ac1588-d4fd-4955-9a2c-a792cf6751c5', '内蒙古自治区', '赤峰市', '林西县', '150424', '3');
INSERT INTO `zw_m_administrative_divisions` VALUES ('37afe64c-073b-4ea8-800b-59c1b0555905', '青海省', '黄南藏族自治州', '泽库县', '632323', '3');
INSERT INTO `zw_m_administrative_divisions` VALUES ('37b32eee-c355-4ffb-8281-d76605bd2db0', '福建省', '福州市', '仓山区', '350104', '3');
INSERT INTO `zw_m_administrative_divisions` VALUES ('37f8c3d8-b451-4005-a54f-9b8d4a16ecf3', '河北省', '沧州市', '海兴县', '130924', '3');
INSERT INTO `zw_m_administrative_divisions` VALUES ('37fcba47-db44-4bcb-9965-e108f87ccf65', '河北省', '张家口市', '塞北管理区', '130742', '3');
INSERT INTO `zw_m_administrative_divisions` VALUES ('38202db9-2733-4432-bb48-7fb6784108fe', '福建省', '三明市', '永安市', '350481', '3');
INSERT INTO `zw_m_administrative_divisions` VALUES ('382b5abb-8f63-4a08-a322-14455a239201', '上海市', '上海市市辖区', '崇明县', '310230', '3');
INSERT INTO `zw_m_administrative_divisions` VALUES ('383b1c6a-b2bb-4d1b-9eb1-3f9cef263177', '浙江省', '台州市', '临海市', '331082', '3');
INSERT INTO `zw_m_administrative_divisions` VALUES ('387acd6c-5b1c-47d6-94ad-1087a5bd295f', '内蒙古自治区', '呼伦贝尔市', '鄂温克族自治旗', '150724', '3');
INSERT INTO `zw_m_administrative_divisions` VALUES ('389cfef1-9854-4b0a-a5f4-1782c50a0f44', '广东省', '汕头市', '澄海区', '440515', '3');
INSERT INTO `zw_m_administrative_divisions` VALUES ('38b17d4c-f14d-42fa-a5c8-7337960a34ae', '浙江省', '嘉兴市', '南湖区', '330402', '3');
INSERT INTO `zw_m_administrative_divisions` VALUES ('38ca4872-4013-4e48-b573-10c24ce4a615', '河南省', '三门峡市', '灵宝市', '411282', '3');
INSERT INTO `zw_m_administrative_divisions` VALUES ('38ca96f0-ef30-4e04-9d8c-b09ce74835f6', '山东省', '济宁市', '鱼台县', '370827', '3');
INSERT INTO `zw_m_administrative_divisions` VALUES ('38d526be-4a0a-48ba-9c44-bbe78a768d5d', '黑龙江省', '佳木斯市', '桦川县', '230826', '3');
INSERT INTO `zw_m_administrative_divisions` VALUES ('38da9610-d9b1-40d8-8ed4-3be900a6fd68', '重庆市', '重庆市市辖区', '巴南区', '500113', '3');
INSERT INTO `zw_m_administrative_divisions` VALUES ('39226f2b-c277-48f2-b4ea-87ca48e49efc', '安徽省', '巢湖市', '和县', '341424', '3');
INSERT INTO `zw_m_administrative_divisions` VALUES ('39239156-f51f-403d-9d1a-a927f2378966', '黑龙江省', '佳木斯市', '汤原县', '230828', '3');
INSERT INTO `zw_m_administrative_divisions` VALUES ('39263a8b-ab9b-41cc-9b76-fc617e32eb7b', '江苏省', '宿迁市', null, '321300', '2');
INSERT INTO `zw_m_administrative_divisions` VALUES ('39306f59-77b7-47c4-bcbc-df4cdeb2337e', '安徽省', '安庆市', '潜山县', '340824', '3');
INSERT INTO `zw_m_administrative_divisions` VALUES ('393262c2-cb72-4ee5-8717-78c194fc8a03', '辽宁省', '盘锦市', null, '211100', '2');
INSERT INTO `zw_m_administrative_divisions` VALUES ('3932b7a8-e705-475e-9e8d-2a941d39ba27', '陕西省', '汉中市', '西乡县', '610724', '3');
INSERT INTO `zw_m_administrative_divisions` VALUES ('393668d3-1ea5-4af1-80fa-f9b159bfe46c', '河南省', '济源市', null, '411800', '2');
INSERT INTO `zw_m_administrative_divisions` VALUES ('3937b6f1-2c41-42d3-8c26-7d8f92d68a74', '江苏省', '镇江市', '丹徒区', '321112', '3');
INSERT INTO `zw_m_administrative_divisions` VALUES ('39382e49-498b-4f20-89a0-23378cbff8fc', '河北省', '邢台市', '清河县', '130534', '3');
INSERT INTO `zw_m_administrative_divisions` VALUES ('394a671b-a113-4274-8de6-6539939c009f', '湖南省', '邵阳市', '新宁县', '430528', '3');
INSERT INTO `zw_m_administrative_divisions` VALUES ('3962cf5e-d378-4b04-a17c-f0a7d4cbfd2b', '辽宁省', '本溪市', '溪湖区', '210503', '3');
INSERT INTO `zw_m_administrative_divisions` VALUES ('39721b82-0071-4004-9280-76dda1012519', '河南省', '许昌市', '禹州市', '411081', '3');
INSERT INTO `zw_m_administrative_divisions` VALUES ('3978f4ad-2255-44fa-8084-b612ceecd1c8', '吉林省', '吉林市', null, '220200', '2');
INSERT INTO `zw_m_administrative_divisions` VALUES ('39836d16-80b9-4055-920a-5bdd1d3750c7', '陕西省', '铜川市', '王益区', '610202', '3');
INSERT INTO `zw_m_administrative_divisions` VALUES ('398660bd-8459-4a35-a514-f14a8cf9f3e7', '河北省', '沧州市', '沧州高新技术产业开发区', '130944', '3');
INSERT INTO `zw_m_administrative_divisions` VALUES ('398a8838-63df-44ac-b781-4cbc711e40e5', '福建省', '三明市', '建宁县', '350430', '3');
INSERT INTO `zw_m_administrative_divisions` VALUES ('3990bc97-899a-482a-8038-b6c87065e7fd', '新疆维吾尔自治区', '阿克苏地区', '阿克苏地区本级', '652999', '3');
INSERT INTO `zw_m_administrative_divisions` VALUES ('39972938-c833-439d-b642-dec7cf2d7187', '广西壮族自治区', '贺州市', '昭平县', '451121', '3');
INSERT INTO `zw_m_administrative_divisions` VALUES ('39aabd34-3276-4889-8ee1-cd8e080e2ad2', '宁夏回族自治区', '固原市', '彭阳县', '640425', '3');
INSERT INTO `zw_m_administrative_divisions` VALUES ('39ac65b1-1eb4-461a-a82d-4efef64a047e', '江西省', '景德镇市', '乐平市', '360281', '3');
INSERT INTO `zw_m_administrative_divisions` VALUES ('39adceda-fb1d-4aab-8403-b830d79e7e32', '广西壮族自治区', '南宁市', '上林县', '450125', '3');
INSERT INTO `zw_m_administrative_divisions` VALUES ('39bf3bdd-72a9-4701-acc0-c389522ca2f9', '河北省', '廊坊市', '香河县', '131024', '3');
INSERT INTO `zw_m_administrative_divisions` VALUES ('39f3942b-d491-4023-9c7d-0999a51b87f0', '广东省', '珠海市', '保税区', '440444', '3');
INSERT INTO `zw_m_administrative_divisions` VALUES ('3a17d2ba-780d-43dc-8a30-ae6b9a9e1419', '内蒙古自治区', '呼伦贝尔市', '阿荣旗', '150721', '3');
INSERT INTO `zw_m_administrative_divisions` VALUES ('3a45d05a-de05-4439-87fa-ef4544ed0c57', '云南省', '昆明市', '五华区', '530102', '3');
INSERT INTO `zw_m_administrative_divisions` VALUES ('3a675b26-079a-49a4-bd79-30d299805709', '黑龙江省', '大兴安岭地区', '加格达奇区', '232701', '3');
INSERT INTO `zw_m_administrative_divisions` VALUES ('3a89b503-1c44-4d39-bf48-d1df09f076e8', '内蒙古自治区', '内蒙古自治区区本级', '内蒙古自治区区本级（区直）', '159901', '3');
INSERT INTO `zw_m_administrative_divisions` VALUES ('3a8af054-fa16-49ee-bb4e-1e0d5566354e', '湖南省', '常德市', '鼎城区', '430703', '3');
INSERT INTO `zw_m_administrative_divisions` VALUES ('3a962eaa-6f87-48ea-be90-a30e055f9e08', '青海省', '海北藏族自治州', null, '632200', '2');
INSERT INTO `zw_m_administrative_divisions` VALUES ('3ac1267d-3fbb-4371-b821-24f46a4678f4', '河北省', '沧州市', '南皮县', '130927', '3');
INSERT INTO `zw_m_administrative_divisions` VALUES ('3aca0173-dc81-40c9-b3a2-964181e66b34', '河北省', '保定市', '白沟新城', '130640', '3');
INSERT INTO `zw_m_administrative_divisions` VALUES ('3b09f5a2-8ffb-4d4a-a146-519b4349fd9a', '河北省', '石家庄市', '行唐县', '130125', '3');
INSERT INTO `zw_m_administrative_divisions` VALUES ('3b18dc07-c45f-44ba-823f-be108bcdf62b', '河北省', '沧州市', '运河区', '130903', '3');
INSERT INTO `zw_m_administrative_divisions` VALUES ('3b2b0f68-78c4-4fbe-a818-fccc6a1eb261', '黑龙江省', '大庆市', '龙凤区', '230603', '3');
INSERT INTO `zw_m_administrative_divisions` VALUES ('3b4d723b-2e22-415b-9b22-454f3fd69f6b', '江苏省', '泰州市', '泰兴市', '321283', '3');
INSERT INTO `zw_m_administrative_divisions` VALUES ('3b5747b4-0f61-4366-8845-4a018a8a6bee', '陕西省', '安康市', '岚皋县', '610925', '3');
INSERT INTO `zw_m_administrative_divisions` VALUES ('3b6665f1-532d-4342-8cbc-9463af71f294', '重庆市', '重庆市市辖区', '大渡口区', '500104', '3');
INSERT INTO `zw_m_administrative_divisions` VALUES ('3b76af18-e20a-403e-bb9d-3137c63c6771', '陕西省', '安康市', '紫阳县', '610924', '3');
INSERT INTO `zw_m_administrative_divisions` VALUES ('3b7f4a3d-7ed5-4f7d-8149-26247a6b1ec7', '福建省', '莆田市', '仙游县', '350322', '3');
INSERT INTO `zw_m_administrative_divisions` VALUES ('3b8909e1-97ce-4c43-9f9e-e66cabf23933', '福建省', '泉州市', '丰泽区', '350503', '3');
INSERT INTO `zw_m_administrative_divisions` VALUES ('3b8f68a1-f7af-4152-a53a-0558c87217d7', '浙江省', '温州市', '瓯海区', '330304', '3');
INSERT INTO `zw_m_administrative_divisions` VALUES ('3b94650f-9423-4585-b0aa-95d140293948', '黑龙江省', '大兴安岭地区', '韩家园林业局', '232744', '3');
INSERT INTO `zw_m_administrative_divisions` VALUES ('3b95dcc1-69d9-4fa5-98bb-546af3cf937e', '新疆维吾尔自治区', '自治区直辖县级行政单位', '图木舒克市', '659003', '3');
INSERT INTO `zw_m_administrative_divisions` VALUES ('3b9c84ef-7e5d-481d-9de5-1dc0c705ae29', '山西省', '长治市', '开发区', '140440', '3');
INSERT INTO `zw_m_administrative_divisions` VALUES ('3bb3679c-5d2c-420b-b96c-c3b34c61df95', '山东省', '德州市', '庆云县', '371423', '3');
INSERT INTO `zw_m_administrative_divisions` VALUES ('3bd00b62-6017-4468-a2cc-f1fc336d9986', '贵州省', '铜仁地区', '石阡县', '522224', '3');
INSERT INTO `zw_m_administrative_divisions` VALUES ('3bd13b71-ea01-46a7-b89e-20cac1b9ce0a', '湖北省', '襄阳市', '东津新区（襄阳经济技术开发区）', '420641', '3');
INSERT INTO `zw_m_administrative_divisions` VALUES ('3c32df6e-299a-4bb5-b437-76ea6a6fa60e', '山东省', '枣庄市', null, '370400', '2');
INSERT INTO `zw_m_administrative_divisions` VALUES ('3c5769c9-6a37-488d-a467-7395107297ae', '浙江省', '温州市', '乐清市', '330382', '3');
INSERT INTO `zw_m_administrative_divisions` VALUES ('3ca8fa39-0bdd-40c9-8863-86664e7544f1', '西藏自治区', '拉萨市', '墨竹工卡县', '540127', '3');
INSERT INTO `zw_m_administrative_divisions` VALUES ('3caaef99-7a8f-4f60-8ffd-b6415bd16ea0', '陕西省', '汉中市', null, '610700', '2');
INSERT INTO `zw_m_administrative_divisions` VALUES ('3cae9e92-8901-4cdf-aea8-02d183020c5f', '江苏省', '连云港市', '灌南县', '320724', '3');
INSERT INTO `zw_m_administrative_divisions` VALUES ('3cb0173d-abec-4281-96ea-204e79c92c38', '吉林省', '四平市', '公主岭市', '220381', '3');
INSERT INTO `zw_m_administrative_divisions` VALUES ('3cb62b32-751f-4322-85cf-d5e91e6b2930', '广东省', '广州市', '越秀区', '440104', '3');
INSERT INTO `zw_m_administrative_divisions` VALUES ('3cbda363-172a-42c9-ac3e-335beb6990b9', '云南省', '昆明市', '昆明滇池国家旅游度假区', '530140', '3');
INSERT INTO `zw_m_administrative_divisions` VALUES ('3ccc4892-4588-4a17-ad97-e2426b41a3ae', '山东省', '济宁市', null, '370800', '2');
INSERT INTO `zw_m_administrative_divisions` VALUES ('3cd1c4a5-c622-4418-9923-4490a6510680', '陕西省', '渭南市', '富平县', '610528', '3');
INSERT INTO `zw_m_administrative_divisions` VALUES ('3cdc1b05-7664-47b1-b657-a517110c092d', '四川省', '甘孜藏族自治州', '丹巴县', '513323', '3');
INSERT INTO `zw_m_administrative_divisions` VALUES ('3cdddbb4-2272-4b73-bb76-0cf17d5c93a2', '甘肃省', '临夏回族自治州', '积石山保安族东乡族撒拉族自治县', '622927', '3');
INSERT INTO `zw_m_administrative_divisions` VALUES ('3ce56247-2757-49f3-be13-e96532087410', '上海市', '上海市市辖区', '青浦区', '310118', '3');
INSERT INTO `zw_m_administrative_divisions` VALUES ('3cf13ec5-f9c9-4212-85c2-795749d35a47', '湖北省', '襄阳市', '老河口市', '420682', '3');
INSERT INTO `zw_m_administrative_divisions` VALUES ('3cf1556a-5773-4d87-8ea9-484acfa5d7f8', '西藏自治区', '日喀则地区', '萨嘎县', '542337', '3');
INSERT INTO `zw_m_administrative_divisions` VALUES ('3cf60ac5-49f0-4f7a-b6f8-addab8cc6af3', '山东省', '烟台市', '莱山区', '370613', '3');
INSERT INTO `zw_m_administrative_divisions` VALUES ('3d02a351-e579-4ccc-a40e-2a2628db34d1', '山东省', '枣庄市', '滕州市', '370481', '3');
INSERT INTO `zw_m_administrative_divisions` VALUES ('3d199f7e-2784-405c-9caa-952affd4a7f4', '安徽省', '黄山市', '黄山区', '341003', '3');
INSERT INTO `zw_m_administrative_divisions` VALUES ('3d2e043c-9fc1-4311-80bb-51dbd70e6c74', '四川省', '攀枝花市', '仁和区', '510411', '3');
INSERT INTO `zw_m_administrative_divisions` VALUES ('3d38429c-0e79-4e37-a50c-37bc58dc787d', '江苏省', '苏州市', '常熟市', '320581', '3');
INSERT INTO `zw_m_administrative_divisions` VALUES ('3d580896-fa36-4b95-9f9c-0fbe7a2461dd', '辽宁省', '抚顺市', '抚顺县', '210421', '3');
INSERT INTO `zw_m_administrative_divisions` VALUES ('3d6b3e0c-e67b-47ab-a3e2-4847d9e62ab4', '江西省', '赣州市', '兴国县', '360732', '3');
INSERT INTO `zw_m_administrative_divisions` VALUES ('3d8db102-f165-45f1-95a2-253b60f00427', '江苏省', '扬州市', '新城西区', '321040', '3');
INSERT INTO `zw_m_administrative_divisions` VALUES ('3d9874d1-f5bb-4eab-8cda-4a7c7e649396', '四川省', '广元市', '旺苍县', '510821', '3');
INSERT INTO `zw_m_administrative_divisions` VALUES ('3dac6134-5682-40db-b172-b0042cd090cd', '四川省', '绵阳市', '仙海水利经济开发区', '510743', '3');
INSERT INTO `zw_m_administrative_divisions` VALUES ('3dbad9fc-1dba-4f85-a31d-6f8a8395308d', '河北省', '唐山市', '海港开发区', '130242', '3');
INSERT INTO `zw_m_administrative_divisions` VALUES ('3dcac212-e734-4691-bc86-06b877fb2e2d', '河北省', '唐山市', '唐山高新技术开发区', '130240', '3');
INSERT INTO `zw_m_administrative_divisions` VALUES ('3ddabc23-871f-44f9-9418-5e8ac81c050d', '四川省', '自贡市', '大安区', '510304', '3');
INSERT INTO `zw_m_administrative_divisions` VALUES ('3deb7fd3-af13-4aea-bd9a-eefbabed6f0a', '山东省', '济宁市', '市中区', '370802', '3');
INSERT INTO `zw_m_administrative_divisions` VALUES ('3e09db12-adc2-4df7-9194-a102f4ce1f1b', '云南省', '普洱市', '澜沧拉祜族自治县', '530828', '3');
INSERT INTO `zw_m_administrative_divisions` VALUES ('3e0a108d-f9ba-4630-80f4-4582d0a2da8a', '黑龙江省', null, null, '230000', '1');
INSERT INTO `zw_m_administrative_divisions` VALUES ('3e3f1c3e-2f61-4347-b59e-640e442dc0df', '广西壮族自治区', '柳州市', '柳江县', '450221', '3');
INSERT INTO `zw_m_administrative_divisions` VALUES ('3e50e9dc-ddf2-4464-b311-d76fb3603a81', '湖北省', '咸宁市', '崇阳县', '421223', '3');
INSERT INTO `zw_m_administrative_divisions` VALUES ('3e853f48-59ca-454c-b49c-d51568734cf6', '河南省', '新乡市', '卫辉市', '410781', '3');
INSERT INTO `zw_m_administrative_divisions` VALUES ('3eb0b9ff-cf9e-4331-bd83-ffc1b58abadc', '安徽省', '安庆市', '宜秀区', '340811', '3');
INSERT INTO `zw_m_administrative_divisions` VALUES ('3eb45b23-2cf7-4289-84d2-863399c26252', '甘肃省', '金昌市', null, '620300', '2');
INSERT INTO `zw_m_administrative_divisions` VALUES ('3eb9c6dd-41c7-4aee-9cd0-0bcc3a2a3be0', '吉林省', '四平市', '伊通满族自治县', '220323', '3');
INSERT INTO `zw_m_administrative_divisions` VALUES ('3ebaf1f1-bf0d-487e-8796-80b435c552c7', '湖北省', '襄阳市', '襄州区', '420607', '3');
INSERT INTO `zw_m_administrative_divisions` VALUES ('3ec5224e-1732-4021-ac8e-e70b96c2f7f9', '山西省', '阳泉市', '矿区', '140303', '3');
INSERT INTO `zw_m_administrative_divisions` VALUES ('3ed0d4b8-5bf9-4a2b-83dc-e1569c69f9ae', '西藏自治区', '那曲地区', '聂荣县', '542424', '3');
INSERT INTO `zw_m_administrative_divisions` VALUES ('3efb8344-6359-43d9-bc1b-d22b0279d067', '重庆市', '重庆市市辖区', '北部新区', '500142', '3');
INSERT INTO `zw_m_administrative_divisions` VALUES ('3f1030ad-64e4-4d59-b860-148d26a51df0', '江苏省', '扬州市', '宝应县', '321023', '3');
INSERT INTO `zw_m_administrative_divisions` VALUES ('3f25314f-d8c2-4c53-bd61-91430e5bf8ce', '内蒙古自治区', '乌兰察布市', '察哈尔右翼中旗', '150927', '3');
INSERT INTO `zw_m_administrative_divisions` VALUES ('3f2d4855-2ef6-43e4-82e4-6eb1d396f76c', '四川省', '南充市', '高坪区', '511303', '3');
INSERT INTO `zw_m_administrative_divisions` VALUES ('3f3ce25f-0df8-4ff8-8b47-b5a9674a5b44', '黑龙江省', '省农垦总局', '农垦宝泉岭分局', '232902', '3');
INSERT INTO `zw_m_administrative_divisions` VALUES ('3f528500-0d72-4ab4-a485-6cc8e7d5109a', '黑龙江省', '鹤岗市', '绥滨县', '230422', '3');
INSERT INTO `zw_m_administrative_divisions` VALUES ('3f64ab28-62e3-41a3-8491-0ad036c8d8ef', '山东省', '滨州市', '邹平县', '371626', '3');
INSERT INTO `zw_m_administrative_divisions` VALUES ('3f7642ba-98a0-485f-ae4c-544ed0b9e88e', '黑龙江省', '绥化市', '庆安县', '231224', '3');
INSERT INTO `zw_m_administrative_divisions` VALUES ('3f79fc81-f2a1-42a8-a607-b80af93b4df4', '山西省', '吕梁市', '交城县', '141122', '3');
INSERT INTO `zw_m_administrative_divisions` VALUES ('3f907930-abdc-4a1e-8b3d-ecdf60cdbacc', '云南省', '楚雄彝族自治州', '大姚县', '532326', '3');
INSERT INTO `zw_m_administrative_divisions` VALUES ('3fcac06e-5881-47d2-8011-bdaf0226b3b4', '河北省', '沧州市', '献县', '130929', '3');
INSERT INTO `zw_m_administrative_divisions` VALUES ('3fedfc74-b5d7-41ab-997b-5039d15ac643', '黑龙江省', '牡丹江市', '爱民区', '231004', '3');
INSERT INTO `zw_m_administrative_divisions` VALUES ('3fff8b13-59f3-4ac8-9043-451ba0f5027a', '广西壮族自治区', '百色市', '右江区', '451002', '3');
INSERT INTO `zw_m_administrative_divisions` VALUES ('40171551-91c3-4c45-9824-cbe457625835', '吉林省', '通化市', '柳河县', '220524', '3');
INSERT INTO `zw_m_administrative_divisions` VALUES ('402856ea-fb69-4163-a742-2c322de118e8', '四川省', '宜宾市', '翠屏区', '511502', '3');
INSERT INTO `zw_m_administrative_divisions` VALUES ('402a4fba-5632-41ac-a53a-4e9149c0c0b0', '宁夏回族自治区', null, null, '640000', '1');
INSERT INTO `zw_m_administrative_divisions` VALUES ('4057ba6b-5cb7-4ad0-a0e3-8f8bef308538', '四川省', '成都市', '锦江区', '510104', '3');
INSERT INTO `zw_m_administrative_divisions` VALUES ('40592ef7-fbe6-4666-bb2d-588749c94f83', '重庆市', '重庆市市辖区', '铜梁县', '500224', '3');
INSERT INTO `zw_m_administrative_divisions` VALUES ('406f6f22-2f9d-409c-8cc0-7c094bc8b50f', '云南省', '昭通市', '巧家县', '530622', '3');
INSERT INTO `zw_m_administrative_divisions` VALUES ('406fffc8-844d-495b-9ecf-c1718a1021f8', '山西省', '大同市', '云冈区', '140214', '3');
INSERT INTO `zw_m_administrative_divisions` VALUES ('40718b4b-a70f-43c7-b7cd-e6f7501c7a04', '黑龙江省', '齐齐哈尔市', '泰来县', '230224', '3');
INSERT INTO `zw_m_administrative_divisions` VALUES ('40b16965-df89-4a7a-a5d2-452ced6e3ae0', '山西省', '临汾市', '大宁县', '141030', '3');
INSERT INTO `zw_m_administrative_divisions` VALUES ('40b2e306-ecc4-4341-bc19-e36d720da26c', '内蒙古自治区', '呼和浩特市', '赛罕区', '150105', '3');
INSERT INTO `zw_m_administrative_divisions` VALUES ('40b3bcb7-e584-4743-ad51-550e5a22be88', '新疆维吾尔自治区', '巴音郭楞蒙古自治州', '和静县', '652827', '3');
INSERT INTO `zw_m_administrative_divisions` VALUES ('40b84b0e-db93-4cfc-9997-a7dad6189fbc', '内蒙古自治区', '乌兰察布市', '集宁区', '150902', '3');
INSERT INTO `zw_m_administrative_divisions` VALUES ('40bfc915-9158-4511-8e41-4f3c6f45673c', '安徽省', '合肥市', '庐阳区', '340103', '3');
INSERT INTO `zw_m_administrative_divisions` VALUES ('40ed3f77-3a04-4bfb-8548-4710cee4a53c', '宁夏回族自治区', '吴忠市', null, '640300', '2');
INSERT INTO `zw_m_administrative_divisions` VALUES ('40f411e9-82f9-4176-b040-0750e2a01b88', '浙江省', '湖州市', '长兴县', '330522', '3');
INSERT INTO `zw_m_administrative_divisions` VALUES ('40f6e1e5-657a-4145-a403-037df812b784', '湖南省', '永州市', null, '431100', '2');
INSERT INTO `zw_m_administrative_divisions` VALUES ('41015f4f-cca2-4a72-ae38-bf00a0fe8de1', '浙江省', '丽水市', '龙泉市', '331181', '3');
INSERT INTO `zw_m_administrative_divisions` VALUES ('4104d260-c3ff-46b1-a46a-72f0fa977772', '河北省', '沧州市', '肃宁县', '130926', '3');
INSERT INTO `zw_m_administrative_divisions` VALUES ('410748ba-2041-4e2f-9e04-ad59c1bc0590', '河北省', '邯郸市', '大名县', '130425', '3');
INSERT INTO `zw_m_administrative_divisions` VALUES ('4109b7fa-9e73-4aca-ad02-61ff44391c10', '山西省', '太原市', '小店区', '140105', '3');
INSERT INTO `zw_m_administrative_divisions` VALUES ('410ddef0-fa0b-4bad-a4fa-19a016a5fab5', '广东省', '深圳市', '宝安区', '440306', '3');
INSERT INTO `zw_m_administrative_divisions` VALUES ('4127a5cb-058f-4d94-b46d-a3500a8c1833', '青海省', '黄南藏族自治州', '河南蒙古族自治县', '632324', '3');
INSERT INTO `zw_m_administrative_divisions` VALUES ('4182a26b-f912-4bd9-9229-54cec7280f3d', '山东省', '青岛市', '四方区', '370205', '3');
INSERT INTO `zw_m_administrative_divisions` VALUES ('41863ba0-4152-49d7-8720-e9444b887446', '贵州省', '贵阳市', '清镇市', '520181', '3');
INSERT INTO `zw_m_administrative_divisions` VALUES ('41a08b19-1aff-4495-807a-9170f5dc9149', '江西省', null, null, '360000', '1');
INSERT INTO `zw_m_administrative_divisions` VALUES ('41b9f1ee-1b02-4330-93e4-898726601dd2', '黑龙江省', '大兴安岭地区', '阿木尔林业局', '232743', '3');
INSERT INTO `zw_m_administrative_divisions` VALUES ('41c0670f-716a-4174-8969-7bd460f2beed', '湖北省', '黄冈市', '团风县', '421121', '3');
INSERT INTO `zw_m_administrative_divisions` VALUES ('41c406dd-abb8-4e0c-8c8f-106db37ad94b', '山东省', '聊城市', '高唐县', '371526', '3');
INSERT INTO `zw_m_administrative_divisions` VALUES ('41faa475-b818-4733-a331-307098b2f191', '山东省', '济宁市', '邹城市', '370883', '3');
INSERT INTO `zw_m_administrative_divisions` VALUES ('420525ab-6d63-4229-a5e9-4d5f7f617518', '江西省', '鹰潭市', null, '360600', '2');
INSERT INTO `zw_m_administrative_divisions` VALUES ('420a7c60-f013-49e4-b730-2455ad2a4544', '四川省', '泸州市', '叙永县', '510524', '3');
INSERT INTO `zw_m_administrative_divisions` VALUES ('42196666-6db7-4169-962f-6483f9daf80a', '西藏自治区', '山南地区', '曲松县', '542226', '3');
INSERT INTO `zw_m_administrative_divisions` VALUES ('422130bf-e415-4e8b-b9a5-7cc728964074', '江苏省', null, null, '320000', '1');
INSERT INTO `zw_m_administrative_divisions` VALUES ('422d4f65-a855-4f63-bdc8-430bb3206463', '黑龙江省', '七台河市', '勃利县', '230921', '3');
INSERT INTO `zw_m_administrative_divisions` VALUES ('423b7e57-d940-494f-87af-515b36df2319', '福建省', '漳州市', '常山开发区', '350640', '3');
INSERT INTO `zw_m_administrative_divisions` VALUES ('4255583b-2eb7-4b88-91bd-213de6d1bc2c', '山东省', '烟台市', '开发区', '370640', '3');
INSERT INTO `zw_m_administrative_divisions` VALUES ('427132d5-e756-4757-a011-579c2454b083', '安徽省', '芜湖市', '鸠江区', '340207', '3');
INSERT INTO `zw_m_administrative_divisions` VALUES ('428dab09-6351-4375-80c7-3e6bef1ef123', '安徽省', '巢湖市', null, '341400', '2');
INSERT INTO `zw_m_administrative_divisions` VALUES ('4299a355-1702-43c0-84cd-27aba4b0bf2d', '山西省', '临汾市', '古县', '141025', '3');
INSERT INTO `zw_m_administrative_divisions` VALUES ('42a3292c-eb67-406a-a1d8-940721ba41f4', '山东省', '威海市', '乳山市', '371083', '3');
INSERT INTO `zw_m_administrative_divisions` VALUES ('42a367ee-7ecd-4bd7-b718-55a1e06328d5', '河南省', '开封市', '开封县', '410224', '3');
INSERT INTO `zw_m_administrative_divisions` VALUES ('42d02d8b-f029-41dc-a9af-f468dbf07670', '广东省', '河源市', '龙川县', '441622', '3');
INSERT INTO `zw_m_administrative_divisions` VALUES ('42dc98fb-fcaa-47f6-9ef8-e080a4bfce32', '广东省', '湛江市', '湛江经济技术开发区', '440840', '3');
INSERT INTO `zw_m_administrative_divisions` VALUES ('42e372a4-2d07-4a7c-85eb-3466ad1b4f17', '重庆市', '重庆市市辖区', '经济技术开发区', '500140', '3');
INSERT INTO `zw_m_administrative_divisions` VALUES ('42e538dd-5012-476b-b224-35891f28a129', '山西省', '大同市', '左云县', '140226', '3');
INSERT INTO `zw_m_administrative_divisions` VALUES ('42f10939-64b0-4087-b916-1ff1701951aa', '河南省', '商丘市', '睢县', '411422', '3');
INSERT INTO `zw_m_administrative_divisions` VALUES ('4310eb81-5c53-4ff1-a7f1-d53de5957233', '江苏省', '淮安市', '洪泽县', '320829', '3');
INSERT INTO `zw_m_administrative_divisions` VALUES ('4328ca61-e5a5-49b5-a7be-546cdc85c771', '甘肃省', '陇南市', null, '621200', '2');
INSERT INTO `zw_m_administrative_divisions` VALUES ('4329e440-0773-43e7-afd4-75335341127d', '辽宁省', '辽阳市', '灯塔市', '211081', '3');
INSERT INTO `zw_m_administrative_divisions` VALUES ('432bb8c3-4662-4f8a-9bcc-85dfe91d4402', '辽宁省', '大连市', '保税区', '210241', '3');
INSERT INTO `zw_m_administrative_divisions` VALUES ('43464858-1a36-468f-8f90-09b7a349ea8a', '江西省', '赣州市', '于都县', '360731', '3');
INSERT INTO `zw_m_administrative_divisions` VALUES ('43675329-db6e-4ef4-a6d7-643fcf6de9a8', '辽宁省', '沈阳市', '棋盘山', '210142', '3');
INSERT INTO `zw_m_administrative_divisions` VALUES ('436f1711-e551-401e-bb81-545c99e24913', '安徽省', '蚌埠市', '禹会区', '340304', '3');
INSERT INTO `zw_m_administrative_divisions` VALUES ('43754be1-f86c-418d-857f-3084da7fe05c', '黑龙江省', '哈尔滨市', '香坊区', '230110', '3');
INSERT INTO `zw_m_administrative_divisions` VALUES ('43780964-e053-440a-b0c5-6d9086b1e4ee', '陕西省', '西安市', '西安高新技术产业开发区', '610140', '3');
INSERT INTO `zw_m_administrative_divisions` VALUES ('439dae22-a190-40eb-ad41-e824a586cd7c', '河北省', '邢台市', '大曹庄', '130541', '3');
INSERT INTO `zw_m_administrative_divisions` VALUES ('43a582f9-6ab1-43f1-8b7b-5d6bf27160b5', '山东省', '淄博市', null, '370300', '2');
INSERT INTO `zw_m_administrative_divisions` VALUES ('43a821f5-647b-458f-af64-7f2225ba5fcd', '黑龙江省', '伊春市', '嘉荫县', '230722', '3');
INSERT INTO `zw_m_administrative_divisions` VALUES ('43b25d3b-489e-4f75-8afc-135a75f9701e', '江西省', '吉安市', '新干县', '360824', '3');
INSERT INTO `zw_m_administrative_divisions` VALUES ('43db7493-03fb-42c6-a4db-47bbbffd6e44', '福建省', '宁德市', '柘荣县', '350926', '3');
INSERT INTO `zw_m_administrative_divisions` VALUES ('43ddd4e4-9caa-497a-9b33-35205779070c', '安徽省', '黄山市', '徽州区', '341004', '3');
INSERT INTO `zw_m_administrative_divisions` VALUES ('43e7528e-12b5-4729-8a5d-90bfc8d5b552', '黑龙江省', '佳木斯市', '郊区', '230811', '3');
INSERT INTO `zw_m_administrative_divisions` VALUES ('43e821ce-7350-4c8d-97cb-dbbafa3fc38f', '河南省', '焦作市', '山阳区', '410811', '3');
INSERT INTO `zw_m_administrative_divisions` VALUES ('43f578df-8557-494c-b053-3667d0fc95df', '山西省', '忻州市', '保德县', '140931', '3');
INSERT INTO `zw_m_administrative_divisions` VALUES ('43fa350e-50ad-42b0-9400-7d610f913fc0', '河南省', '焦作市', '修武县', '410821', '3');
INSERT INTO `zw_m_administrative_divisions` VALUES ('43fca70c-b485-4c55-9cc0-e0315c4ef31d', '甘肃省', '甘肃矿区', null, '627000', '2');
INSERT INTO `zw_m_administrative_divisions` VALUES ('4407ec6a-df67-4042-9905-d3be7f445c02', '江苏省', '苏州市', '平江区', '320503', '3');
INSERT INTO `zw_m_administrative_divisions` VALUES ('4449a935-49fe-41fd-968b-438b548d4954', '西藏自治区', '山南地区', '错那县', '542232', '3');
INSERT INTO `zw_m_administrative_divisions` VALUES ('445af66b-6bc6-4ee1-a0cb-20ec57584a83', '四川省', '宜宾市', '屏山县', '511529', '3');
INSERT INTO `zw_m_administrative_divisions` VALUES ('4463b0b8-bfad-4eb8-aaf5-4739b8f1c83e', '黑龙江省', '省农垦总局', '农垦建三江分局', '232904', '3');
INSERT INTO `zw_m_administrative_divisions` VALUES ('4467784e-c844-468f-a9cf-df2817082623', '福建省', '厦门市', '思明区', '350203', '3');
INSERT INTO `zw_m_administrative_divisions` VALUES ('4470d79d-c0c3-4ed3-b470-c2ef50246fcf', '甘肃省', '定西市', '漳县', '621125', '3');
INSERT INTO `zw_m_administrative_divisions` VALUES ('4479391e-08e2-4b98-8667-25c9e946362e', '河南省', '驻马店市', '遂平县', '411728', '3');
INSERT INTO `zw_m_administrative_divisions` VALUES ('44826e36-b524-4d61-b349-5b45e1511512', '辽宁省', '盘锦市', '盘锦辽河口生态经济区', '211141', '3');
INSERT INTO `zw_m_administrative_divisions` VALUES ('4484199e-5e59-480a-af8c-b039262c983f', '甘肃省', '甘肃矿区', '甘肃矿区本级', '627099', '3');
INSERT INTO `zw_m_administrative_divisions` VALUES ('448ba77a-f6bb-4471-b8fd-46f3c9256b20', '辽宁省', '鞍山市', '海城市', '210381', '3');
INSERT INTO `zw_m_administrative_divisions` VALUES ('448fdba7-d698-4b89-9c4c-326a654b7a76', '湖北省', '恩施土家族苗族自治州', '巴东县', '422823', '3');
INSERT INTO `zw_m_administrative_divisions` VALUES ('44a767d3-9b96-4761-b8f9-f3333f5324f5', '云南省', '临沧市', '云县', '530922', '3');
INSERT INTO `zw_m_administrative_divisions` VALUES ('44ab90b6-a639-4f57-9817-c1a0dc34b096', '黑龙江省', '齐齐哈尔市', '铁锋区', '230204', '3');
INSERT INTO `zw_m_administrative_divisions` VALUES ('44af12cc-e973-410b-a52a-d0e7f226a943', '湖南省', '娄底市', '新化县', '431322', '3');
INSERT INTO `zw_m_administrative_divisions` VALUES ('44b75ac2-9586-4e6b-b754-cda9e7890ce2', '陕西省', '陕西省西咸新区', '陕西省西咸新区泾河新城', '617005', '3');
INSERT INTO `zw_m_administrative_divisions` VALUES ('44b7c072-2ed2-46b8-aa1c-5873d20c998f', '河南省', '郑州市', '郑州高新技术产业开发区', '410140', '3');
INSERT INTO `zw_m_administrative_divisions` VALUES ('44bf52a0-19b7-4c29-aa3d-1a8b3368f769', '福建省', '三明市', '清流县', '350423', '3');
INSERT INTO `zw_m_administrative_divisions` VALUES ('44dd2722-50cf-495f-98c0-04d06b7215ef', '湖南省', '郴州市', '宜章县', '431022', '3');
INSERT INTO `zw_m_administrative_divisions` VALUES ('44e5cf12-b5bc-4213-a058-4d466b250e29', '青海省', '果洛藏族自治州', '玛沁县', '632621', '3');
INSERT INTO `zw_m_administrative_divisions` VALUES ('4508c4ec-6987-4da4-8dbc-007c837608be', '黑龙江省', '大庆市', null, '230600', '2');
INSERT INTO `zw_m_administrative_divisions` VALUES ('4519d8bf-d665-4f00-bf8d-13edae212af5', '甘肃省', '金昌市', '永昌县', '620321', '3');
INSERT INTO `zw_m_administrative_divisions` VALUES ('451e752b-e47d-4010-8a91-58a502e14e6d', '河北省', '唐山市', '南堡开发区', '130241', '3');
INSERT INTO `zw_m_administrative_divisions` VALUES ('454f085d-b002-4125-8882-2a0f71c829f9', '广东省', '湛江市', null, '440800', '2');
INSERT INTO `zw_m_administrative_divisions` VALUES ('455420d8-3fed-40b8-b33b-cbc2d2707c63', '江西省', '景德镇市', '珠山区', '360203', '3');
INSERT INTO `zw_m_administrative_divisions` VALUES ('456119a3-9e5a-4036-98ad-51ea820237ca', '内蒙古自治区', '兴安盟', '阿尔山市', '152202', '3');
INSERT INTO `zw_m_administrative_divisions` VALUES ('4561c1d8-a584-4861-8cfa-75901d256e24', '西藏自治区', '山南地区', '桑日县', '542224', '3');
INSERT INTO `zw_m_administrative_divisions` VALUES ('45737d49-dd3f-4f1d-81a6-04b0ea50b860', '吉林省', '四平市', null, '220300', '2');
INSERT INTO `zw_m_administrative_divisions` VALUES ('457aad0c-aa1f-4a10-bafc-739003944f1a', '安徽省', '阜阳市', '颍上县', '341226', '3');
INSERT INTO `zw_m_administrative_divisions` VALUES ('457b45df-765e-41d8-ba85-613558514d85', '重庆市', '重庆市市辖区', '沙坪坝区', '500106', '3');
INSERT INTO `zw_m_administrative_divisions` VALUES ('458a1388-cef7-4f67-b71b-711263a15f3e', '黑龙江省', '牡丹江市', '林口县', '231025', '3');
INSERT INTO `zw_m_administrative_divisions` VALUES ('45952686-fa33-4133-b7bf-b7f0ac9532c9', '山西省', '运城市', '运城经济开发区', '140840', '3');
INSERT INTO `zw_m_administrative_divisions` VALUES ('45b5a472-4b89-4419-bfff-c005f68bea52', '黑龙江省', '黑河市', '五大连池市', '231182', '3');
INSERT INTO `zw_m_administrative_divisions` VALUES ('45c8fdf7-a58e-4e8a-92cd-dada3109989f', '吉林省', '长春市', '宽城区', '220103', '3');
INSERT INTO `zw_m_administrative_divisions` VALUES ('4607b631-e7a2-4217-8c15-999b580f52e0', '西藏自治区', '山南地区', '隆子县', '542231', '3');
INSERT INTO `zw_m_administrative_divisions` VALUES ('46330798-a4a9-4ce1-88d0-a9a603be45d4', '黑龙江省', '省农垦总局', '农垦绥化分局', '232909', '3');
INSERT INTO `zw_m_administrative_divisions` VALUES ('464ecb6f-121e-476a-b649-238ff216f863', '黑龙江省', '鹤岗市', '东山区', '230406', '3');
INSERT INTO `zw_m_administrative_divisions` VALUES ('46559403-0808-4015-bb7f-b221d70a4419', '黑龙江省', '佳木斯市', '抚远市', '230883', '3');
INSERT INTO `zw_m_administrative_divisions` VALUES ('467bf2f1-91a9-44a4-86e3-cd3e1da429e3', '黑龙江省', '鹤岗市', '向阳区', '230402', '3');
INSERT INTO `zw_m_administrative_divisions` VALUES ('46855f07-c947-4453-b74b-a7bd165d57ba', '广东省', '珠海市', '高新技术产业开发区', '440441', '3');
INSERT INTO `zw_m_administrative_divisions` VALUES ('4689443b-0379-451d-9aaa-66044c78ac79', '浙江省', '舟山市', '嵊泗县', '330922', '3');
INSERT INTO `zw_m_administrative_divisions` VALUES ('46945792-0f33-4264-b850-8ae718833401', '宁夏回族自治区', '石嘴山市', '惠农区', '640205', '3');
INSERT INTO `zw_m_administrative_divisions` VALUES ('46999622-d433-4e0e-a591-4332ed75fedf', '山东省', '潍坊市', '诸城市', '370782', '3');
INSERT INTO `zw_m_administrative_divisions` VALUES ('46a40fa8-345d-467c-8811-4928d566cf7f', '贵州省', '贵阳市', '云岩区', '520103', '3');
INSERT INTO `zw_m_administrative_divisions` VALUES ('46afde99-93f6-49fc-95f1-52e8addcbf92', '新疆维吾尔自治区', '克拉玛依市', '独山子区', '650202', '3');
INSERT INTO `zw_m_administrative_divisions` VALUES ('46cecc77-bbd8-4fde-87e1-7d590a4ad772', '广东省', '韶关市', '南雄市', '440282', '3');
INSERT INTO `zw_m_administrative_divisions` VALUES ('46d43ea6-00bc-4e7d-9f98-693d4117c90a', '天津市', '天津市市辖区', null, '120100', '2');
INSERT INTO `zw_m_administrative_divisions` VALUES ('46f8232b-c245-4e44-84cf-1ddbc13cec9d', '山东省', '滨州市', '惠民县', '371621', '3');
INSERT INTO `zw_m_administrative_divisions` VALUES ('470bfcb7-9b88-4954-97b3-9bc5dee4c5c8', '湖北省', '十堰市', '郧西县', '420322', '3');
INSERT INTO `zw_m_administrative_divisions` VALUES ('4717ed96-4dfd-4552-b2d5-851305e09cb4', '山东省', '枣庄市', '山亭区', '370406', '3');
INSERT INTO `zw_m_administrative_divisions` VALUES ('47392941-653c-4db4-a36c-9f625ee6c198', '青海省', '黄南藏族自治州', '尖扎县', '632322', '3');
INSERT INTO `zw_m_administrative_divisions` VALUES ('4755f548-7bb4-4873-89ee-79d2e35c8c4c', '贵州省', '毕节市', '赫章县', '520527', '3');
INSERT INTO `zw_m_administrative_divisions` VALUES ('476a9058-72a4-4ba0-9bab-e20a0b1811b4', '江西省', '南昌市', '昌北区', '360140', '3');
INSERT INTO `zw_m_administrative_divisions` VALUES ('4779ccca-3240-4d8b-8fd9-fc460a67b6db', '吉林省', '白山市', null, '220600', '2');
INSERT INTO `zw_m_administrative_divisions` VALUES ('477fd623-907f-403d-92a7-e2130267d3b8', '河北省', '保定市', '定兴县', '130626', '3');
INSERT INTO `zw_m_administrative_divisions` VALUES ('47858b1c-b08b-4baf-852d-9a7f5b11155e', '吉林省', '通化市', '梅河口市', '220581', '3');
INSERT INTO `zw_m_administrative_divisions` VALUES ('4788d686-e7e8-4afa-abb8-1c7454a157fe', '吉林省', '通化市', null, '220500', '2');
INSERT INTO `zw_m_administrative_divisions` VALUES ('478ae608-b37f-4eb2-9e94-5bbf7cdbe93d', '河北省', '唐山市', '遵化市', '130281', '3');
INSERT INTO `zw_m_administrative_divisions` VALUES ('47a638ee-671d-4779-b009-eaa577e15a26', '贵州省', '毕节市', '威宁彝族回族苗族自治县', '520526', '3');
INSERT INTO `zw_m_administrative_divisions` VALUES ('47afdbe8-c49f-488d-8654-f730d95e0ade', '河北省', '沧州市', '任丘市', '130982', '3');
INSERT INTO `zw_m_administrative_divisions` VALUES ('47c01ce1-a097-4c3b-82f5-4a6a6f32b780', '甘肃省', '兰州市', '榆中县', '620123', '3');
INSERT INTO `zw_m_administrative_divisions` VALUES ('47c63cf9-a909-4634-af2c-d69bad54916a', '辽宁省', '锦州市', null, '210700', '2');
INSERT INTO `zw_m_administrative_divisions` VALUES ('47d98c3d-d955-4dd2-a269-02bbd82ca57f', '浙江省', '温州市', '泰顺县', '330329', '3');
INSERT INTO `zw_m_administrative_divisions` VALUES ('47ecf6b0-a236-47ae-9a0d-ba0c5e0c9500', '黑龙江省', '伊春市', '翠峦区', '230706', '3');
INSERT INTO `zw_m_administrative_divisions` VALUES ('4834559e-50dc-4cec-b83c-c420ccfba088', '新疆维吾尔自治区', '和田地区', '和田县', '653221', '3');
INSERT INTO `zw_m_administrative_divisions` VALUES ('48649faf-3d68-43d0-8018-0c40b0bbc551', '河南省', '郑州市', '航空港经济综合实验区', '410173', '3');
INSERT INTO `zw_m_administrative_divisions` VALUES ('4867e310-edbd-440d-a513-04427ec4d48e', '内蒙古自治区', '包头市', '昆都仑区', '150203', '3');
INSERT INTO `zw_m_administrative_divisions` VALUES ('4871f9a0-449d-4307-830f-5c9c7e17f255', '湖北省', '咸宁市', '通城县', '421222', '3');
INSERT INTO `zw_m_administrative_divisions` VALUES ('487e90df-de65-48c7-b051-fd20172a9e90', '江西省', '赣州市', '上犹县', '360724', '3');
INSERT INTO `zw_m_administrative_divisions` VALUES ('48bf5684-780f-4ce0-a9b3-c249ce98c2bc', '广东省', '韶关市', '始兴县', '440222', '3');
INSERT INTO `zw_m_administrative_divisions` VALUES ('48d25051-3600-405d-9253-85d6d3ea99ea', '广东省', '韶关市', '翁源县', '440229', '3');
INSERT INTO `zw_m_administrative_divisions` VALUES ('48d60d31-1cdf-47bd-ab71-84a817fc16b0', '广西壮族自治区', '梧州市', '苍梧县', '450421', '3');
INSERT INTO `zw_m_administrative_divisions` VALUES ('491bbc82-0cc7-4a93-a6ad-aeba3ea30f95', '吉林省', '长春市', '绿园区', '220106', '3');
INSERT INTO `zw_m_administrative_divisions` VALUES ('49232a60-12b8-43a2-b354-0a842d22ed7f', '湖北省', '随州市', '曾都区', '421302', '3');
INSERT INTO `zw_m_administrative_divisions` VALUES ('4932841a-3b05-4128-b663-b155c1fc7984', '河南省', '新乡市', '原阳县', '410725', '3');
INSERT INTO `zw_m_administrative_divisions` VALUES ('493ff374-d4ca-4d4f-ae04-b40889a716ec', '云南省', '西双版纳傣族自治州', '景洪市', '532801', '3');
INSERT INTO `zw_m_administrative_divisions` VALUES ('4941ec43-c80a-4a95-9411-d0e30881e091', '广西壮族自治区', '百色市', '凌云县', '451027', '3');
INSERT INTO `zw_m_administrative_divisions` VALUES ('4965677d-09ca-475a-b72e-d0b26c65b311', '新疆维吾尔自治区', '昌吉回族自治州', '昌吉回族自治州州本级', '652399', '3');
INSERT INTO `zw_m_administrative_divisions` VALUES ('496c24b5-260c-4858-ab71-cd22ea744a23', '甘肃省', '兰州市', '永登县', '620121', '3');
INSERT INTO `zw_m_administrative_divisions` VALUES ('497f1d00-47b2-489b-aefc-6841db6e13c2', '甘肃省', '武威市', null, '620600', '2');
INSERT INTO `zw_m_administrative_divisions` VALUES ('498efd29-9f6e-4ae0-b0d3-70b1da3d7bd0', '安徽省', '马鞍山市', '花山区', '340503', '3');
INSERT INTO `zw_m_administrative_divisions` VALUES ('49e0543b-6a12-4f35-83a0-6fcc8fa8b834', '山东省', '东营市', '利津县', '370522', '3');
INSERT INTO `zw_m_administrative_divisions` VALUES ('49f14bd9-a67b-4e5f-bd30-2aabdb767f2d', '陕西省', '商洛市', '山阳县', '611024', '3');
INSERT INTO `zw_m_administrative_divisions` VALUES ('49f20910-6380-4471-9d23-11365e2e1f2d', '辽宁省', '营口市', '大石桥市', '210882', '3');
INSERT INTO `zw_m_administrative_divisions` VALUES ('49fb5038-7072-401a-89d6-c4c4f7ce2dda', '广西壮族自治区', '梧州市', '藤县', '450422', '3');
INSERT INTO `zw_m_administrative_divisions` VALUES ('4a0a7fff-9626-4ee8-bf36-9b6163fe8d16', '云南省', '怒江傈僳族自治州', '怒江傈僳族自治州州本级', '533399', '3');
INSERT INTO `zw_m_administrative_divisions` VALUES ('4a3703bc-193d-4d7e-8938-71c7aada8f03', '辽宁省', '铁岭市', '昌图县', '211224', '3');
INSERT INTO `zw_m_administrative_divisions` VALUES ('4a4181dd-0722-45a5-bacf-8c8e1c4bdf25', '江西省', '南昌市', '湾里区', '360105', '3');
INSERT INTO `zw_m_administrative_divisions` VALUES ('4a4d3d15-c48f-4683-941b-ec98e692d416', '山西省', '长治市', '潞城市', '140481', '3');
INSERT INTO `zw_m_administrative_divisions` VALUES ('4a9f3e49-a8da-4b30-ab51-a87598d344b8', '河北省', '保定市', '徐水县', '130625', '3');
INSERT INTO `zw_m_administrative_divisions` VALUES ('4ab58314-159d-4082-a5e4-fc4874613e4a', '河南省', '洛阳市', '洛阳高新技术开发区', '410340', '3');
INSERT INTO `zw_m_administrative_divisions` VALUES ('4ac1e999-1aa8-455e-9dcc-740d5cef46f6', '河南省', '濮阳市', '南乐县', '410923', '3');
INSERT INTO `zw_m_administrative_divisions` VALUES ('4af21634-9ae2-4a55-ac5e-c613618833af', '广东省', '河源市', '连平县', '441623', '3');
INSERT INTO `zw_m_administrative_divisions` VALUES ('4b062f9e-52c5-4789-9cd7-8f238e131a2e', '江西省', '南昌市', '安义县', '360123', '3');
INSERT INTO `zw_m_administrative_divisions` VALUES ('4b1ff47a-739b-4efe-938b-f203aedb0de4', '福建省', '龙岩市', '永定县', '350822', '3');
INSERT INTO `zw_m_administrative_divisions` VALUES ('4b268228-5943-412f-b19d-16547389ada6', '河南省', '周口市', '项城市', '411681', '3');
INSERT INTO `zw_m_administrative_divisions` VALUES ('4b343dbe-90bc-446a-a0b1-5c5022586039', '广西壮族自治区', '河池市', '环江毛南族自治县', '451226', '3');
INSERT INTO `zw_m_administrative_divisions` VALUES ('4b3962e2-7e6d-4ad7-be81-fa184358f0dc', '山东省', '临沂市', null, '371300', '2');
INSERT INTO `zw_m_administrative_divisions` VALUES ('4b42a58e-3f72-48dc-8986-e975f7247aba', '辽宁省', '本溪市', '本溪市高新技术产业开发区', '210540', '3');
INSERT INTO `zw_m_administrative_divisions` VALUES ('4b462dd2-12a5-4d50-9092-c9b6fe984e38', '江西省', '赣州市', '龙南县', '360727', '3');
INSERT INTO `zw_m_administrative_divisions` VALUES ('4b494c21-a925-43a7-b40b-4cf0b284995f', '吉林省', '松原市', '扶余县', '220724', '3');
INSERT INTO `zw_m_administrative_divisions` VALUES ('4b5b4dce-89b6-440d-8d3f-12ca29902456', '福建省', '厦门市', '集美区', '350211', '3');
INSERT INTO `zw_m_administrative_divisions` VALUES ('4b5c38e9-c737-47a7-ab7e-10b441f95447', '湖南省', '永州市', '新田县', '431128', '3');
INSERT INTO `zw_m_administrative_divisions` VALUES ('4b81c00d-8de1-40c1-9252-235677ca010e', '辽宁省', '营口市', null, '210800', '2');
INSERT INTO `zw_m_administrative_divisions` VALUES ('4b928e61-6411-4d46-8148-98de5cd14ce5', '安徽省', '宣城市', '绩溪县', '341824', '3');
INSERT INTO `zw_m_administrative_divisions` VALUES ('4b9ab041-172f-4c23-8ced-9955f602fe33', '辽宁省', '本溪市', '桓仁满族自治县', '210522', '3');
INSERT INTO `zw_m_administrative_divisions` VALUES ('4ba3303c-4f12-4310-9ef8-5643f5ea3571', '浙江省', '杭州市', '西湖区', '330106', '3');
INSERT INTO `zw_m_administrative_divisions` VALUES ('4ba87d9b-4311-4eb0-9152-79d5f44f2ca5', '湖南省', '衡阳市', '雁峰区', '430406', '3');
INSERT INTO `zw_m_administrative_divisions` VALUES ('4badb78c-15fc-4966-afc3-f09ab0d1fe70', '甘肃省', '甘南藏族自治州', '甘南藏族自治州州本级', '623099', '3');
INSERT INTO `zw_m_administrative_divisions` VALUES ('4bb78fd3-097a-47cb-b7e4-320df0d8f547', '湖南省', '张家界市', '慈利县', '430821', '3');
INSERT INTO `zw_m_administrative_divisions` VALUES ('4bbaedb5-e2d0-471e-b60a-6f7b59a8b748', '新疆维吾尔自治区', '新疆维吾尔自治区区本级', '乌鲁木齐铁路局', '659903', '3');
INSERT INTO `zw_m_administrative_divisions` VALUES ('4bd8a859-bbab-47e8-b424-26ad43941f6f', '贵州省', '黔南布依族苗族自治州', '罗甸县', '522728', '3');
INSERT INTO `zw_m_administrative_divisions` VALUES ('4be10795-4532-4086-884d-669224bb773f', '辽宁省', '大连市', '沙河口区', '210204', '3');
INSERT INTO `zw_m_administrative_divisions` VALUES ('4bec6bfa-65b9-4e32-866e-044a78bf6004', '贵州省', '黔西南布依族苗族自治州', '望谟县', '522326', '3');
INSERT INTO `zw_m_administrative_divisions` VALUES ('4bfa3fa8-b078-4c47-83e5-3d13ad3cb4c3', '广西壮族自治区', '贵港市', '港北区', '450802', '3');
INSERT INTO `zw_m_administrative_divisions` VALUES ('4c062c48-62f6-4c60-ae89-8f376503e9a2', '江西省', '上饶市', '广丰县', '361122', '3');
INSERT INTO `zw_m_administrative_divisions` VALUES ('4c3271b9-261e-44ec-ae54-a21f9c18bb45', '河南省', '安阳市', '文峰区', '410502', '3');
INSERT INTO `zw_m_administrative_divisions` VALUES ('4c33b31e-19b7-454c-a97a-6989960fd4b0', '浙江省', '宁波市', '余姚市', '330281', '3');
INSERT INTO `zw_m_administrative_divisions` VALUES ('4c45691b-591d-4584-91c9-1faccd7376b5', '河北省', '张家口市', '赤城县', '130732', '3');
INSERT INTO `zw_m_administrative_divisions` VALUES ('4c62239e-de16-42f9-9e66-d46d16c22a77', '安徽省', '合肥市', '经济技术开发区', '340141', '3');
INSERT INTO `zw_m_administrative_divisions` VALUES ('4c771f78-e5a6-4877-9a93-99998ee4bbab', '湖北省', '宜昌市', '五峰土家族自治县', '420529', '3');
INSERT INTO `zw_m_administrative_divisions` VALUES ('4cb3f3e0-715c-4f43-a5ad-6a8fb86a2f0f', '福建省', '泉州市', '晋江市', '350582', '3');
INSERT INTO `zw_m_administrative_divisions` VALUES ('4cb60418-01ad-461a-adff-513be4b9bda1', '云南省', '文山壮族苗族自治州', '富宁县', '532628', '3');
INSERT INTO `zw_m_administrative_divisions` VALUES ('4cb650a5-7cfc-4aaa-a639-6c9aa8b90a28', '浙江省', '温州市', '文成县', '330328', '3');
INSERT INTO `zw_m_administrative_divisions` VALUES ('4cd89421-f423-47d2-8109-f5e40c621ce8', '广东省', '梅州市', '梅县', '441421', '3');
INSERT INTO `zw_m_administrative_divisions` VALUES ('4cfa1f2c-152a-4808-b352-e92a4486d46d', '四川省', null, null, '510000', '1');
INSERT INTO `zw_m_administrative_divisions` VALUES ('4cfc342b-2af6-4e9a-a6c2-666ff07edec3', '湖南省', '岳阳市', '南湖旅游度假区', '430642', '3');
INSERT INTO `zw_m_administrative_divisions` VALUES ('4d1af5ec-21ca-45e4-9c23-7bfb1393e04d', '河北省', '廊坊市', '大厂回族自治县', '131028', '3');
INSERT INTO `zw_m_administrative_divisions` VALUES ('4d1b6d7e-eded-41ef-bd8d-fbfad8a85676', '陕西省', '铜川市', '印台区', '610203', '3');
INSERT INTO `zw_m_administrative_divisions` VALUES ('4d29e53d-ea6e-41bc-bd71-f33947178e13', '河南省', '郑州市', '中牟县', '410122', '3');
INSERT INTO `zw_m_administrative_divisions` VALUES ('4d2da059-e324-43e1-a2fb-4745aaf23d26', '广东省', '江门市', null, '440700', '2');
INSERT INTO `zw_m_administrative_divisions` VALUES ('4d409a67-5e4c-458e-a16a-9c7d6e5c6551', '青海省', '西宁市', null, '630100', '2');
INSERT INTO `zw_m_administrative_divisions` VALUES ('4d539fc9-0096-4571-95fc-73e2d36f4c0c', '四川省', '阿坝藏族羌族自治州', '壤塘县', '513230', '3');
INSERT INTO `zw_m_administrative_divisions` VALUES ('4d58e918-fc70-4c95-81b2-67208b5109e5', '山东省', '济南市', '平阴县', '370124', '3');
INSERT INTO `zw_m_administrative_divisions` VALUES ('4d849f33-95bf-44c2-b525-7380affb6011', '广东省', '梅州市', '兴宁市', '441481', '3');
INSERT INTO `zw_m_administrative_divisions` VALUES ('4da6839c-a447-4a9e-be70-7c3b67b1be0d', '辽宁省', '本溪市', '本溪满族自治县', '210521', '3');
INSERT INTO `zw_m_administrative_divisions` VALUES ('4dcb699f-5f53-47ec-8d90-fa8674fe800f', '内蒙古自治区', '鄂尔多斯市', '乌审旗', '150626', '3');
INSERT INTO `zw_m_administrative_divisions` VALUES ('4dcc1675-0f60-4075-a42a-ac44236eb21e', '山东省', '滨州市', '阳信县', '371622', '3');
INSERT INTO `zw_m_administrative_divisions` VALUES ('4dd59561-942f-468b-8cfd-ad7483096e5d', '湖北省', '黄冈市', '浠水县', '421125', '3');
INSERT INTO `zw_m_administrative_divisions` VALUES ('4de05056-aaf1-4f68-a307-4baead7d687e', '陕西省', '汉中市', '宁强县', '610726', '3');
INSERT INTO `zw_m_administrative_divisions` VALUES ('4de7977a-895c-4ec2-a8e6-8a3de22655e8', '安徽省', '六安市', '寿县', '341521', '3');
INSERT INTO `zw_m_administrative_divisions` VALUES ('4ded6050-14cf-43af-850e-e6fda2b85c27', '陕西省', '榆林市', null, '610800', '2');
INSERT INTO `zw_m_administrative_divisions` VALUES ('4df2b5bc-efbf-43c3-bb2a-05fff4275eb7', '湖北省', '黄石市', '铁山区', '420205', '3');
INSERT INTO `zw_m_administrative_divisions` VALUES ('4e1747b0-1c7b-481c-8db1-a512b0040159', '四川省', '攀枝花市', '盐边县', '510422', '3');
INSERT INTO `zw_m_administrative_divisions` VALUES ('4e1b02f2-37d4-4f43-8b68-2429db0f0c11', '内蒙古自治区', '阿拉善盟', '阿拉善经济开发区', '152940', '3');
INSERT INTO `zw_m_administrative_divisions` VALUES ('4e235f69-d3dd-4df0-a0ce-0c887274b2f0', '山西省', '忻州市', '忻府区', '140902', '3');
INSERT INTO `zw_m_administrative_divisions` VALUES ('4e626629-5c30-4c1f-8f31-b46d55a20e58', '河北省', '沧州市', '沧州市南大港管理区', '130942', '3');
INSERT INTO `zw_m_administrative_divisions` VALUES ('4e790157-506d-42cc-82e8-8f9820ca7f47', '江苏省', '淮安市', '楚州区', '320803', '3');
INSERT INTO `zw_m_administrative_divisions` VALUES ('4e93dd88-352d-4f67-af75-aaf2e3d5421a', '河南省', '洛阳市', '新安县', '410323', '3');
INSERT INTO `zw_m_administrative_divisions` VALUES ('4e97c985-6b07-4c32-b7a3-2dd6a7568998', '西藏自治区', '昌都地区', null, '542100', '2');
INSERT INTO `zw_m_administrative_divisions` VALUES ('4e985886-010d-44ed-b5f8-b6bf7aee53d5', '内蒙古自治区', '锡林郭勒盟', '东乌珠穆沁旗', '152525', '3');
INSERT INTO `zw_m_administrative_divisions` VALUES ('4e9c0c8e-5bb1-4571-8648-56af1e6bb1a8', '陕西省', '延安市', '子长县', '610623', '3');
INSERT INTO `zw_m_administrative_divisions` VALUES ('4eb3afa2-7658-4e84-8ab0-21787b962092', '贵州省', '黔南布依族苗族自治州', '荔波县', '522722', '3');
INSERT INTO `zw_m_administrative_divisions` VALUES ('4ebd25f1-47ec-4320-9ca5-1d2ffc757f7f', '新疆维吾尔自治区', '克孜勒苏柯尔克孜自治州', '阿合奇县', '653023', '3');
INSERT INTO `zw_m_administrative_divisions` VALUES ('4ec01915-eb62-40af-9390-4e416bf7cc8a', '湖北省', '荆州市', '石首市', '421081', '3');
INSERT INTO `zw_m_administrative_divisions` VALUES ('4ed10a0b-ac72-4159-ac8c-89819eb831a2', '湖南省', '郴州市', '郴州高新技术产业园区', '431040', '3');
INSERT INTO `zw_m_administrative_divisions` VALUES ('4f0436ef-5d9d-41e1-86c4-bb5965284e19', '湖北省', null, null, '420000', '1');
INSERT INTO `zw_m_administrative_divisions` VALUES ('4f133846-2fa2-43d3-98ea-a09c19990577', '江苏省', '镇江市', null, '321100', '2');
INSERT INTO `zw_m_administrative_divisions` VALUES ('4f2c7990-9d5f-471c-8b23-809cf2ceecc2', '上海市', '上海市市辖区', '宝山区', '310113', '3');
INSERT INTO `zw_m_administrative_divisions` VALUES ('4f362fa4-aaef-411a-b311-4955d047e788', '辽宁省', '丹东市', null, '210600', '2');
INSERT INTO `zw_m_administrative_divisions` VALUES ('4f39d7db-5294-47b1-8e9a-59b239b296d3', '浙江省', '丽水市', '遂昌县', '331123', '3');
INSERT INTO `zw_m_administrative_divisions` VALUES ('4f3c0e89-c904-4665-a713-8e81c2c43afc', '河南省', '三门峡市', '城乡一体化示范区', '411240', '3');
INSERT INTO `zw_m_administrative_divisions` VALUES ('4f40ea6a-9b50-4177-8f5a-4d5045cc6374', '内蒙古自治区', '巴彦淖尔市', '杭锦后旗', '150826', '3');
INSERT INTO `zw_m_administrative_divisions` VALUES ('4f442e9f-7f50-4ff0-b513-021a7d88567e', '河南省', '焦作市', '沁阳市', '410882', '3');
INSERT INTO `zw_m_administrative_divisions` VALUES ('4f5111e0-95c6-49b7-a244-54e07cea0c89', '辽宁省', '沈阳市', '大东区', '210104', '3');
INSERT INTO `zw_m_administrative_divisions` VALUES ('4f577cb8-f601-4691-b640-15826a0ae304', '海南省', '省直辖县级行政单位', '白沙黎族自治县', '469025', '3');
INSERT INTO `zw_m_administrative_divisions` VALUES ('4f6c101c-ad38-422f-8d83-c6cd5aefaf37', '山东省', '潍坊市', '寿光市', '370783', '3');
INSERT INTO `zw_m_administrative_divisions` VALUES ('4f75690d-d50f-4698-afd4-7f4c386b9924', '广西壮族自治区', '崇左市', '扶绥县', '451421', '3');
INSERT INTO `zw_m_administrative_divisions` VALUES ('4f76fcc1-dd43-483e-a634-b2ea270dfed0', '河北省', '衡水市', '桃城区', '131102', '3');
INSERT INTO `zw_m_administrative_divisions` VALUES ('4f788067-f18a-4395-89ec-217c620ebc00', '西藏自治区', '日喀则地区', '吉隆县', '542335', '3');
INSERT INTO `zw_m_administrative_divisions` VALUES ('4f7bf7b1-6c41-4154-aaa6-4caea9c89d21', '山东省', '德州市', '临邑县', '371424', '3');
INSERT INTO `zw_m_administrative_divisions` VALUES ('4f95ca20-583b-43ff-b1fb-8a14d84e8c9d', '四川省', '达州市', '大竹县', '511724', '3');
INSERT INTO `zw_m_administrative_divisions` VALUES ('4fa8725a-07b1-41e0-81dd-07fda7592cf8', '甘肃省', '庆阳市', '环县', '621022', '3');
INSERT INTO `zw_m_administrative_divisions` VALUES ('4facc964-3b79-4a76-9223-1d8ee425b01d', '云南省', '丽江市', '永胜县', '530722', '3');
INSERT INTO `zw_m_administrative_divisions` VALUES ('4fe0e521-c086-4fed-b708-105a54eabfcc', '湖南省', '衡阳市', '衡阳高新技术产业开发区', '430440', '3');
INSERT INTO `zw_m_administrative_divisions` VALUES ('4fe13e6d-7cbe-4201-a9fa-a1e3020c2e02', '湖北省', '武汉市', null, '420100', '2');
INSERT INTO `zw_m_administrative_divisions` VALUES ('4fe8d5c1-efbe-4eb2-bf3a-880d379fa85f', '山东省', '烟台市', '芝罘区', '370602', '3');
INSERT INTO `zw_m_administrative_divisions` VALUES ('4ff878bd-b031-4dcf-b24a-dca73485faf9', '广东省', '潮州市', null, '445100', '2');
INSERT INTO `zw_m_administrative_divisions` VALUES ('500549a0-fc27-4032-b742-8c61db9629a8', '四川省', '自贡市', '贡井区', '510303', '3');
INSERT INTO `zw_m_administrative_divisions` VALUES ('50077077-7727-42c1-97c5-b62a760461eb', '广西壮族自治区', '河池市', '南丹县', '451221', '3');
INSERT INTO `zw_m_administrative_divisions` VALUES ('50176523-cf58-4e5f-ab3a-8bf80379aba0', '辽宁省', '丹东市', '凤城市', '210682', '3');
INSERT INTO `zw_m_administrative_divisions` VALUES ('5018bf53-331f-46db-b9b2-59fe6113f7cc', '贵州省', '黔南布依族苗族自治州', '独山县', '522726', '3');
INSERT INTO `zw_m_administrative_divisions` VALUES ('5023fe68-b34c-437c-b64c-4b8574e3bb93', '辽宁省', '沈阳市', '苏家屯区', '210111', '3');
INSERT INTO `zw_m_administrative_divisions` VALUES ('502652dd-85a9-4719-a436-0bf7d0c8e854', '内蒙古自治区', '呼和浩特市', '和林格尔县', '150123', '3');
INSERT INTO `zw_m_administrative_divisions` VALUES ('50628d67-d7a4-4b37-a4d0-5200edcd641c', '内蒙古自治区', '通辽市', '霍林郭勒市', '150581', '3');
INSERT INTO `zw_m_administrative_divisions` VALUES ('50869801-82ad-475b-8fc8-f8c602bcf099', '湖北省', '荆门市', '屈家岭管理区', '420840', '3');
INSERT INTO `zw_m_administrative_divisions` VALUES ('50a31d5c-5dab-472c-bd50-04e4e7a61553', '吉林省', '延边朝鲜族自治州', '汪清县', '222424', '3');
INSERT INTO `zw_m_administrative_divisions` VALUES ('50a8e83a-ee3a-4ea6-93c4-54ee58820924', '湖北省', '鄂州市', '葛店开发区', '420740', '3');
INSERT INTO `zw_m_administrative_divisions` VALUES ('50aa3012-19d0-4be9-9eea-1dc9883a84b4', '安徽省', '池州市', null, '341700', '2');
INSERT INTO `zw_m_administrative_divisions` VALUES ('50acbf0e-cbc3-4162-9e51-c83bd29a634c', '西藏自治区', '山南地区', '措美县', '542227', '3');
INSERT INTO `zw_m_administrative_divisions` VALUES ('50c4c299-6f66-4797-a171-82d99e9ec6c8', '广东省', '肇庆市', '四会市', '441284', '3');
INSERT INTO `zw_m_administrative_divisions` VALUES ('50e15249-10be-42ea-91e7-78c6ea7efea7', '黑龙江省', '佳木斯市', '桦南县', '230822', '3');
INSERT INTO `zw_m_administrative_divisions` VALUES ('50ef2587-ab54-4118-bcee-f5552960fc1e', '陕西省', '渭南市', null, '610500', '2');
INSERT INTO `zw_m_administrative_divisions` VALUES ('50f6b782-6ad0-4e6e-a464-842da64332af', '山东省', '滨州市', '无棣县', '371623', '3');
INSERT INTO `zw_m_administrative_divisions` VALUES ('510f609b-b429-4a79-a5d1-a94694c68868', '内蒙古自治区', '乌兰察布市', '四子王旗', '150929', '3');
INSERT INTO `zw_m_administrative_divisions` VALUES ('5117de68-7aea-46b9-9ec6-135f27204f26', '湖北省', '孝感市', '云梦县', '420923', '3');
INSERT INTO `zw_m_administrative_divisions` VALUES ('511d928b-89b4-4fa9-8c2b-ba5388a03c7c', '湖北省', '襄阳市', '南漳县', '420624', '3');
INSERT INTO `zw_m_administrative_divisions` VALUES ('51235c57-36f4-481f-b922-a06341a30324', '山东省', '东营市', '垦利县', '370521', '3');
INSERT INTO `zw_m_administrative_divisions` VALUES ('512fb614-b76e-483e-80f0-87eb82892d92', '辽宁省', '辽阳市', null, '211000', '2');
INSERT INTO `zw_m_administrative_divisions` VALUES ('514d6c67-1498-45f3-89a5-6e23331f99fd', '北京市', '北京市市辖区', '通州区', '110112', '3');
INSERT INTO `zw_m_administrative_divisions` VALUES ('5158323b-ce93-472c-be1a-178b844ee98f', '云南省', '西双版纳傣族自治州', '勐海县', '532822', '3');
INSERT INTO `zw_m_administrative_divisions` VALUES ('5174f57e-fa6d-4214-8cdc-4a6ebabaaded', '云南省', '玉溪市', '江川县', '530421', '3');
INSERT INTO `zw_m_administrative_divisions` VALUES ('51b1719f-87f0-4aa7-9572-fa35aa806829', '安徽省', '宣城市', '宣州区', '341802', '3');
INSERT INTO `zw_m_administrative_divisions` VALUES ('51b53364-ec32-4912-bb99-a30b40ae49f9', '河北省', '张家口市', '宣化区', '130705', '3');
INSERT INTO `zw_m_administrative_divisions` VALUES ('51c963ab-ea08-45c1-9cbb-59fe51b9e846', '云南省', '大理白族自治州', '漾濞彝族自治县', '532922', '3');
INSERT INTO `zw_m_administrative_divisions` VALUES ('51d556d6-ea41-40de-b403-ec1632460632', '云南省', '迪庆藏族自治州', '维西傈僳族自治县', '533423', '3');
INSERT INTO `zw_m_administrative_divisions` VALUES ('51eb4a2c-cfae-457b-94d1-83b7a6d544c6', '广西壮族自治区', '百色市', '田东县', '451022', '3');
INSERT INTO `zw_m_administrative_divisions` VALUES ('51f626c7-611f-44d7-ad22-149ce048d89f', '贵州省', '黔南布依族苗族自治州', '福泉市', '522702', '3');
INSERT INTO `zw_m_administrative_divisions` VALUES ('5230b8b1-b761-40bc-b511-9ad988ee2ffc', '吉林省', '吉林市', '船营区', '220204', '3');
INSERT INTO `zw_m_administrative_divisions` VALUES ('52664ef7-d28f-4348-ab9a-bb4490895b14', '山东省', '临沂市', '费县', '371325', '3');
INSERT INTO `zw_m_administrative_divisions` VALUES ('52919715-8f39-4112-a227-99434820682f', '西藏自治区', '昌都地区', '类乌齐县', '542124', '3');
INSERT INTO `zw_m_administrative_divisions` VALUES ('529c681e-3e55-4a70-b465-c84624b1c0de', '浙江省', '温州市', '鹿城区', '330302', '3');
INSERT INTO `zw_m_administrative_divisions` VALUES ('52aae73e-33cb-440a-b72f-117ce6a1e2d8', '甘肃省', '张掖市', null, '620700', '2');
INSERT INTO `zw_m_administrative_divisions` VALUES ('52afb6b1-eaf0-4069-b6d6-757f712f570f', '福建省', '泉州市', '永春县', '350525', '3');
INSERT INTO `zw_m_administrative_divisions` VALUES ('52b19689-da16-4960-80e0-a297143be7ff', '黑龙江省', '绥化市', '望奎县', '231221', '3');
INSERT INTO `zw_m_administrative_divisions` VALUES ('52bc5b87-def6-4e42-af73-83438a51a44e', '黑龙江省', '伊春市', '上甘岭区', '230716', '3');
INSERT INTO `zw_m_administrative_divisions` VALUES ('52c6c5e8-c8af-439e-9764-0ec3baf65a7e', '河北省', '唐山市', '丰润区', '130208', '3');
INSERT INTO `zw_m_administrative_divisions` VALUES ('52d078b5-2fcc-4495-94b5-ee8ce3d211b2', '贵州省', '六盘水市', '六枝特区', '520203', '3');
INSERT INTO `zw_m_administrative_divisions` VALUES ('52eb580c-637c-40f4-bc99-2e8f5666ec60', '江西省', '吉安市', '青原区', '360803', '3');
INSERT INTO `zw_m_administrative_divisions` VALUES ('52f5b350-4fe3-4e2b-af4e-4ae3f6eeda4d', '青海省', '海西蒙古族藏族自治州', '天峻县', '632823', '3');
INSERT INTO `zw_m_administrative_divisions` VALUES ('5307347e-cc87-4e5a-b176-b52aa70d4f0c', '山东省', '日照市', null, '371100', '2');
INSERT INTO `zw_m_administrative_divisions` VALUES ('5309d2b7-e0f1-44d3-afa9-cff764326e67', '云南省', '昆明市', '昆明倘甸产业园区和轿子山旅游开发区', '530144', '3');
INSERT INTO `zw_m_administrative_divisions` VALUES ('533309fe-10ef-48a2-a5e8-d478dfa2096f', '云南省', '临沧市', '临翔区', '530902', '3');
INSERT INTO `zw_m_administrative_divisions` VALUES ('53387a93-74c0-4455-a855-3a97a5a19b5b', '陕西省', '榆林市', '靖边县', '610824', '3');
INSERT INTO `zw_m_administrative_divisions` VALUES ('535406ff-964a-4ecb-8cba-0425d94603f1', '辽宁省', '朝阳市', null, '211300', '2');
INSERT INTO `zw_m_administrative_divisions` VALUES ('536a2958-23b7-4d89-ab62-871865aae3ab', '辽宁省', '沈阳市', '浑南新区', '210141', '3');
INSERT INTO `zw_m_administrative_divisions` VALUES ('536b50a6-32ac-4df7-a793-0a161cfee018', '黑龙江省', '省森工地区', null, '232800', '2');
INSERT INTO `zw_m_administrative_divisions` VALUES ('536bd2cb-87cf-4bfc-97ad-007e8c9e4de3', '湖南省', '郴州市', '嘉禾县', '431024', '3');
INSERT INTO `zw_m_administrative_divisions` VALUES ('536feaff-24e9-4fa0-857a-0d2cc0fc8c71', '江苏省', '常州市', '新北区', '320411', '3');
INSERT INTO `zw_m_administrative_divisions` VALUES ('53855b7f-2571-4609-95e5-7430120151c1', '北京市', '北京市市辖区', '昌平区', '110114', '3');
INSERT INTO `zw_m_administrative_divisions` VALUES ('53883ae2-e01f-4987-956e-a3c0a594e8fa', '河北省', '邯郸市', '肥乡县', '130428', '3');
INSERT INTO `zw_m_administrative_divisions` VALUES ('539b9125-a06c-4e50-afed-022d5bebcf20', '广西壮族自治区', '柳州市', null, '450200', '2');
INSERT INTO `zw_m_administrative_divisions` VALUES ('53a981bb-7f4b-435f-b80a-834f9e732c52', '河北省', '沧州市', '吴桥县', '130928', '3');
INSERT INTO `zw_m_administrative_divisions` VALUES ('53aac7e1-6e99-4492-b95c-94481633ec37', '西藏自治区', '拉萨市', '尼木县', '540123', '3');
INSERT INTO `zw_m_administrative_divisions` VALUES ('53eefe55-d331-4abc-92a7-9c46193cbf33', '新疆维吾尔自治区', '博尔塔拉蒙古自治州', '博乐市', '652701', '3');
INSERT INTO `zw_m_administrative_divisions` VALUES ('54225924-884b-4b98-a5d9-e9c79e94c924', '甘肃省', '庆阳市', '合水县', '621024', '3');
INSERT INTO `zw_m_administrative_divisions` VALUES ('54496c23-1e8d-47a0-afb2-317f4b307093', '云南省', '昆明市', '呈贡县', '530121', '3');
INSERT INTO `zw_m_administrative_divisions` VALUES ('545961bf-0677-4b3e-9c5b-99319d8f1887', '广东省', '湛江市', '赤坎区', '440802', '3');
INSERT INTO `zw_m_administrative_divisions` VALUES ('5460465a-d2b2-41c0-bb3a-b2e94ecb101d', '河北省', '唐山市', '芦台开发区', '130243', '3');
INSERT INTO `zw_m_administrative_divisions` VALUES ('5471f068-5303-42dd-9ea1-eee047925c2b', '新疆维吾尔自治区', '伊犁哈萨克自治州', '昭苏县', '654026', '3');
INSERT INTO `zw_m_administrative_divisions` VALUES ('54c92ca0-b32c-4d65-bf91-3331bd437b2c', '浙江省', '温州市', '永嘉县', '330324', '3');
INSERT INTO `zw_m_administrative_divisions` VALUES ('54ce2536-216f-4153-aabc-4f92ba8e8b04', '贵州省', '安顺市', '普定县', '520422', '3');
INSERT INTO `zw_m_administrative_divisions` VALUES ('54d0570d-a47d-4009-82a7-b317fa832f62', '湖南省', '株洲市', '石峰区', '430204', '3');
INSERT INTO `zw_m_administrative_divisions` VALUES ('54d3c84b-7734-4b28-bd78-ed540d0a8bc7', '甘肃省', '庆阳市', '镇原县', '621027', '3');
INSERT INTO `zw_m_administrative_divisions` VALUES ('54d5d145-6f9c-4c63-bf31-c87c6c85ac16', '西藏自治区', '日喀则地区', null, '542300', '2');
INSERT INTO `zw_m_administrative_divisions` VALUES ('54e53475-f7c5-4bfe-8298-5581b36ee017', '内蒙古自治区', '乌兰察布市', '察哈尔右翼前旗', '150926', '3');
INSERT INTO `zw_m_administrative_divisions` VALUES ('54fab9d3-deb8-43ab-9965-c0577af01d1a', '山西省', '朔州市', '怀仁县', '140624', '3');
INSERT INTO `zw_m_administrative_divisions` VALUES ('550dfab2-e123-4b4e-9a38-9cb850c4fe87', '辽宁省', '葫芦岛市', '连山区', '211402', '3');
INSERT INTO `zw_m_administrative_divisions` VALUES ('550e4359-29ef-41cf-bb9a-1918656fc972', '新疆维吾尔自治区', '伊犁哈萨克自治州', '伊宁市', '654002', '3');
INSERT INTO `zw_m_administrative_divisions` VALUES ('550f9e93-56a4-41c5-98ac-7b972ccf9ef8', '江苏省', '淮安市', '清河区', '320802', '3');
INSERT INTO `zw_m_administrative_divisions` VALUES ('5547fe5c-e448-46cc-9705-cc003b9f8939', '陕西省', '延安市', null, '610600', '2');
INSERT INTO `zw_m_administrative_divisions` VALUES ('55485292-0137-4337-b259-c5d50cb9d9ba', '山东省', '济南市', null, '370100', '2');
INSERT INTO `zw_m_administrative_divisions` VALUES ('556f459c-5fa2-412a-9030-9fc4bcfd9287', '江西省', '宜春市', '袁州区', '360902', '3');
INSERT INTO `zw_m_administrative_divisions` VALUES ('5589d1f1-4a87-4009-b4af-6cf88a91a1a8', '广东省', '珠海市', '香洲区', '440402', '3');
INSERT INTO `zw_m_administrative_divisions` VALUES ('5598c652-e8ea-47ad-9ce1-c120c8e85c91', '吉林省', '延边朝鲜族自治州', '安图县', '222426', '3');
INSERT INTO `zw_m_administrative_divisions` VALUES ('55b6144d-531d-4880-8e34-1a89d1ef2fc5', '湖南省', '永州市', '冷水滩区', '431103', '3');
INSERT INTO `zw_m_administrative_divisions` VALUES ('55beb660-2491-49d0-8c56-f2ef3926484d', '福建省', '福州市', null, '350100', '2');
INSERT INTO `zw_m_administrative_divisions` VALUES ('55ca5973-c990-4f7c-a987-e8c435b20e99', '吉林省', '延边朝鲜族自治州', '和龙市', '222406', '3');
INSERT INTO `zw_m_administrative_divisions` VALUES ('55d6f3e0-5a4a-44c2-9cde-2660676f2cd0', '新疆维吾尔自治区', '昌吉回族自治州', null, '652300', '2');
INSERT INTO `zw_m_administrative_divisions` VALUES ('55ebeda2-954e-4e20-8151-d7de7dd0fc4f', '广西壮族自治区', '来宾市', null, '451300', '2');
INSERT INTO `zw_m_administrative_divisions` VALUES ('561367f0-e4e6-4438-858e-eaf8e9f73494', '湖南省', '永州市', '宁远县', '431126', '3');
INSERT INTO `zw_m_administrative_divisions` VALUES ('562623f1-c7ac-405d-b42e-36c2c7f3b886', '河南省', '商丘市', null, '411400', '2');
INSERT INTO `zw_m_administrative_divisions` VALUES ('562998a5-f32b-4442-a31f-b72ce535a203', '江西省', '九江市', '庐山局', '360441', '3');
INSERT INTO `zw_m_administrative_divisions` VALUES ('5634143b-77e9-4c85-bb7c-3be8ee3606de', '四川省', '广安市', '华蓥市', '511681', '3');
INSERT INTO `zw_m_administrative_divisions` VALUES ('5636818b-5bfa-4b71-903f-08ef5196bf9f', '广西壮族自治区', '崇左市', '江州区', '451402', '3');
INSERT INTO `zw_m_administrative_divisions` VALUES ('563bee0e-00d5-4074-8013-c939b3bb778b', '山东省', '临沂市', '莒南县', '371327', '3');
INSERT INTO `zw_m_administrative_divisions` VALUES ('56a30f87-9615-4aba-95f9-0a6381106e5c', '浙江省', '舟山市', null, '330900', '2');
INSERT INTO `zw_m_administrative_divisions` VALUES ('56bb7e0f-bfdf-4f4f-ab8f-6af13c8d2b6d', '甘肃省', '甘南藏族自治州', null, '623000', '2');
INSERT INTO `zw_m_administrative_divisions` VALUES ('56dec370-04d2-401b-80eb-c3a3954e37ae', '云南省', '保山市', null, '530500', '2');
INSERT INTO `zw_m_administrative_divisions` VALUES ('56e3b28f-052e-43b6-b878-d8b17ceb01ed', '云南省', '曲靖市', '会泽县', '530326', '3');
INSERT INTO `zw_m_administrative_divisions` VALUES ('56f99518-cd14-4cba-909e-91ad1b3b10d2', '吉林省', '吉林市', '桦甸市', '220282', '3');
INSERT INTO `zw_m_administrative_divisions` VALUES ('56f9c07e-3bec-4be9-a989-df1920b3476b', '四川省', '成都市', '成华区', '510108', '3');
INSERT INTO `zw_m_administrative_divisions` VALUES ('5705bb87-e2a0-47b1-9c6c-68a55bd021bb', '湖南省', '郴州市', '北湖区', '431002', '3');
INSERT INTO `zw_m_administrative_divisions` VALUES ('571ba70d-91a3-49da-a312-945565750ad0', '山东省', '青岛市', '崂山区', '370212', '3');
INSERT INTO `zw_m_administrative_divisions` VALUES ('5727484f-e60e-423d-8c3c-2e8b1fcc065b', '新疆维吾尔自治区', '伊犁哈萨克自治州', '霍尔果斯特殊经济开发区', '654040', '3');
INSERT INTO `zw_m_administrative_divisions` VALUES ('572d2570-5a57-40c0-ade6-48b3d087d214', '贵州省', '毕节市', '毕节经济开发区', '520541', '3');
INSERT INTO `zw_m_administrative_divisions` VALUES ('5750cce5-e3c2-4eb7-b8a1-405a97007249', '内蒙古自治区', '锡林郭勒盟', null, '152500', '2');
INSERT INTO `zw_m_administrative_divisions` VALUES ('5751209e-9d69-426e-8600-7cfc65ac2e31', '云南省', '大理白族自治州', '南涧彝族自治县', '532926', '3');
INSERT INTO `zw_m_administrative_divisions` VALUES ('5771e0db-15a4-4465-b48b-dddb8783af9d', '贵州省', '铜仁市', null, '520600', '2');
INSERT INTO `zw_m_administrative_divisions` VALUES ('577a5f1d-2db5-4829-a77a-ebdf651e0c45', '黑龙江省', '双鸭山市', null, '230500', '2');
INSERT INTO `zw_m_administrative_divisions` VALUES ('577f0eb3-a716-458e-bcd1-9a1aab966485', '安徽省', '淮北市', '杜集区', '340602', '3');
INSERT INTO `zw_m_administrative_divisions` VALUES ('5782551a-6131-4a22-815d-275f4f1349f6', '河南省', '平顶山市', null, '410400', '2');
INSERT INTO `zw_m_administrative_divisions` VALUES ('578bb49d-aecc-4304-8bae-20382caf1622', '陕西省', '宝鸡市', '太白县', '610331', '3');
INSERT INTO `zw_m_administrative_divisions` VALUES ('57962c79-3c1f-4a20-8014-acce40806028', '海南省', '省直辖县级行政单位', '屯昌县', '469022', '3');
INSERT INTO `zw_m_administrative_divisions` VALUES ('579a2b18-1799-4e70-8bcf-563f88f99eb1', '山东省', '东营市', '广饶县', '370523', '3');
INSERT INTO `zw_m_administrative_divisions` VALUES ('57a63cbe-fe11-4eb3-af56-0c89139baab3', '黑龙江省', '鸡西市', null, '230300', '2');
INSERT INTO `zw_m_administrative_divisions` VALUES ('57a6c7a8-70b7-4798-82aa-01c7f5726c2a', '吉林省', '延边朝鲜族自治州', '敦化市', '222403', '3');
INSERT INTO `zw_m_administrative_divisions` VALUES ('57a859ee-26f2-40b6-88fa-11c21766c6e5', '山西省', '长治市', '沁源县', '140431', '3');
INSERT INTO `zw_m_administrative_divisions` VALUES ('57a8e866-1799-4c92-a276-67eb1de6fadb', '安徽省', '芜湖市', null, '340200', '2');
INSERT INTO `zw_m_administrative_divisions` VALUES ('57b42cc8-3e90-402e-92a8-f8c57ad320d6', '山西省', '临汾市', '浮山县', '141027', '3');
INSERT INTO `zw_m_administrative_divisions` VALUES ('57c413b5-cf49-4006-a925-127567fedc03', '新疆维吾尔自治区', '自治区直辖县级行政单位', '石河子市', '659001', '3');
INSERT INTO `zw_m_administrative_divisions` VALUES ('57ef91de-57e6-46ce-98e2-39020d07f5d6', '广东省', '潮州市', '枫溪区', '445140', '3');
INSERT INTO `zw_m_administrative_divisions` VALUES ('57f7886b-3b7f-49a0-8be3-3c35062bf48c', '黑龙江省', '哈尔滨市', '延寿县', '230129', '3');
INSERT INTO `zw_m_administrative_divisions` VALUES ('57ff22bd-96f5-416a-8597-14e8789079c4', '西藏自治区', '阿里地区', '札达县', '542522', '3');
INSERT INTO `zw_m_administrative_divisions` VALUES ('583568f0-6b5a-4705-b80b-c6142b4f3f79', '安徽省', '淮南市', null, '340400', '2');
INSERT INTO `zw_m_administrative_divisions` VALUES ('58520b06-ea9e-4eb0-bdaa-6ee279bbbcbf', '山东省', '青岛市', '市南区', '370202', '3');
INSERT INTO `zw_m_administrative_divisions` VALUES ('58606f6f-b137-46b4-8015-8b2e296c1c1b', '河南省', '驻马店市', '平舆县', '411723', '3');
INSERT INTO `zw_m_administrative_divisions` VALUES ('5862cbbb-6dc2-42b7-8cf8-ee1a77e7f7db', '甘肃省', '陇南市', '礼县', '621226', '3');
INSERT INTO `zw_m_administrative_divisions` VALUES ('586821a8-a786-4b28-b40e-ea99841ef770', '四川省', '遂宁市', null, '510900', '2');
INSERT INTO `zw_m_administrative_divisions` VALUES ('586b621f-70d0-4b96-b959-d7257f56a4d2', '青海省', '海东地区', '民和回族土族自治县', '632122', '3');
INSERT INTO `zw_m_administrative_divisions` VALUES ('589f9532-c261-4331-b760-e02258d82723', '湖北省', '黄冈市', '蕲春县', '421126', '3');
INSERT INTO `zw_m_administrative_divisions` VALUES ('58aa0d03-ef0e-4e0d-be89-f4bf99eae4f4', '吉林省', '松原市', '长岭县', '220722', '3');
INSERT INTO `zw_m_administrative_divisions` VALUES ('58bda09c-d087-4bfd-94e5-417e9895b8c3', '江苏省', '淮安市', '涟水县', '320826', '3');
INSERT INTO `zw_m_administrative_divisions` VALUES ('58c55a10-24a8-4a0d-9c05-6902b8684cf9', '陕西省', '渭南市', '华阴市', '610582', '3');
INSERT INTO `zw_m_administrative_divisions` VALUES ('58d0e831-ae3f-47b6-92e3-0b62cdc50887', '陕西省', '西安市', '临潼区', '610115', '3');
INSERT INTO `zw_m_administrative_divisions` VALUES ('58db5d33-127e-44a8-8755-7fc8f80a151a', '浙江省', '丽水市', '松阳县', '331124', '3');
INSERT INTO `zw_m_administrative_divisions` VALUES ('58e2627e-21b9-45db-981e-a158537cf3b2', '陕西省', '延安市', '志丹县', '610625', '3');
INSERT INTO `zw_m_administrative_divisions` VALUES ('58f201c4-1819-45d4-a287-225be4708f7d', '广西壮族自治区', '百色市', '靖西县', '451025', '3');
INSERT INTO `zw_m_administrative_divisions` VALUES ('58f39fb9-ef7c-4272-9c6a-ea17bb7c6e65', '江西省', '南昌市', '英雄开发区', '360150', '3');
INSERT INTO `zw_m_administrative_divisions` VALUES ('58f4175a-ee86-41ce-bf81-df49d2251bd5', '山西省', '阳泉市', '城区', '140302', '3');
INSERT INTO `zw_m_administrative_divisions` VALUES ('58f73289-367d-4ac3-b979-5a2ca63136bd', '内蒙古自治区', '呼伦贝尔市', '新巴尔虎左旗', '150726', '3');
INSERT INTO `zw_m_administrative_divisions` VALUES ('58f75e62-0f23-43b8-8251-ec1f03165730', '河北省', '石家庄市', '平山县', '130131', '3');
INSERT INTO `zw_m_administrative_divisions` VALUES ('58f8ce01-a9a6-4028-ac97-5725c246c441', '山西省', '太原市', '阳曲县', '140122', '3');
INSERT INTO `zw_m_administrative_divisions` VALUES ('590f90cd-9190-46a7-95d1-c8cdb73905c8', '广西壮族自治区', null, null, '450000', '1');
INSERT INTO `zw_m_administrative_divisions` VALUES ('59184406-7ead-4a73-be57-36af1458e666', '江苏省', '盐城市', '盐城经济开发区', '320940', '3');
INSERT INTO `zw_m_administrative_divisions` VALUES ('5958ec39-3698-4e95-a189-c66e51137def', '内蒙古自治区', '呼和浩特市', '清水河县', '150124', '3');
INSERT INTO `zw_m_administrative_divisions` VALUES ('5959fea4-e0e2-4c64-a470-be1334b39739', '北京市', '北京市市辖区', '门头沟区', '110109', '3');
INSERT INTO `zw_m_administrative_divisions` VALUES ('596e923a-d5cb-4d91-a9b3-84241cce4019', '湖南省', '常德市', '桃源县', '430725', '3');
INSERT INTO `zw_m_administrative_divisions` VALUES ('59758505-a480-4810-9301-28302b7a8b81', '浙江省', '杭州市', '下城区', '330103', '3');
INSERT INTO `zw_m_administrative_divisions` VALUES ('5976566b-b321-464f-afa9-684a839704b5', '内蒙古自治区', '通辽市', '库伦旗', '150524', '3');
INSERT INTO `zw_m_administrative_divisions` VALUES ('59892eff-4cb4-44e9-a34e-0c9d98119e36', '山东省', '烟台市', '海阳市', '370687', '3');
INSERT INTO `zw_m_administrative_divisions` VALUES ('59a94722-f28f-4bc5-bfbe-6cb4de4f43c0', '辽宁省', '抚顺市', null, '210400', '2');
INSERT INTO `zw_m_administrative_divisions` VALUES ('59c27100-2f78-46d8-9fd7-eff46d2555c2', '广东省', '汕头市', '潮南区', '440514', '3');
INSERT INTO `zw_m_administrative_divisions` VALUES ('59c4bdd7-d146-44aa-8f01-8d59390230c3', '四川省', '攀枝花市', '东区', '510402', '3');
INSERT INTO `zw_m_administrative_divisions` VALUES ('5a031d60-c7c3-45c9-b004-0c55d4b7f5ce', '新疆维吾尔自治区', '昌吉回族自治州', '吉木萨尔县', '652327', '3');
INSERT INTO `zw_m_administrative_divisions` VALUES ('5a06e300-04a3-46d2-a4c5-3a738bd2362e', '内蒙古自治区', '包头市', '青山区', '150204', '3');
INSERT INTO `zw_m_administrative_divisions` VALUES ('5a23dee4-b033-4215-aa14-419570044f33', '河南省', '信阳市', null, '411500', '2');
INSERT INTO `zw_m_administrative_divisions` VALUES ('5a33d59d-7205-4b61-8f7f-cbc6b307c3ea', '湖南省', '株洲市', '芦淞区', '430203', '3');
INSERT INTO `zw_m_administrative_divisions` VALUES ('5a5a1fc1-9f17-47b8-a91f-cffc5047248d', '辽宁省', '铁岭市', '清河区', '211204', '3');
INSERT INTO `zw_m_administrative_divisions` VALUES ('5a6bc53e-fd75-429a-9d6f-7d3dfd130e3e', '重庆市', '重庆市市辖区', '潼南县', '500223', '3');
INSERT INTO `zw_m_administrative_divisions` VALUES ('5a8da6f1-9af3-4dd6-b37a-74a27d8841eb', '云南省', '大理白族自治州', '鹤庆县', '532932', '3');
INSERT INTO `zw_m_administrative_divisions` VALUES ('5a9e1912-5d43-4b24-b93d-6f5bbcfbf83f', '广东省', '湛江市', '麻章区', '440811', '3');
INSERT INTO `zw_m_administrative_divisions` VALUES ('5abce0c2-1b81-4667-b9f4-f03234958000', '贵州省', '铜仁市', '松桃苗族自治县', '520628', '3');
INSERT INTO `zw_m_administrative_divisions` VALUES ('5ac2aea3-6831-410d-87fc-01313aacea99', '山东省', '济宁市', '梁山县', '370832', '3');
INSERT INTO `zw_m_administrative_divisions` VALUES ('5b10938c-457e-4132-823f-9d0fd346cdd2', '四川省', '阿坝藏族羌族自治州', '红原县', '513233', '3');
INSERT INTO `zw_m_administrative_divisions` VALUES ('5b156231-3031-4b09-a8bb-ff7646996795', '四川省', '巴中市', '平昌县', '511923', '3');
INSERT INTO `zw_m_administrative_divisions` VALUES ('5b15ef29-17e2-464f-940a-e51cfc560adc', '辽宁省', '阜新市', '海州区', '210902', '3');
INSERT INTO `zw_m_administrative_divisions` VALUES ('5b18e354-b8dc-4dfc-81a5-61fe26edd740', '河南省', '濮阳市', '高新区', '410940', '3');
INSERT INTO `zw_m_administrative_divisions` VALUES ('5b1d6998-c2be-41ba-97e1-f668f94d11a4', '新疆维吾尔自治区', '和田地区', '民丰县', '653227', '3');
INSERT INTO `zw_m_administrative_divisions` VALUES ('5b3fe82a-8c7d-487b-96bb-156d59fc6059', '江西省', '上饶市', '横峰县', '361125', '3');
INSERT INTO `zw_m_administrative_divisions` VALUES ('5b55a473-b917-474a-af0d-6886aa224dd5', '江西省', '萍乡市', '上栗县', '360322', '3');
INSERT INTO `zw_m_administrative_divisions` VALUES ('5b57fd4d-1dfe-456b-b498-4ade6ecfe36b', '江苏省', '南通市', '如皋市', '320682', '3');
INSERT INTO `zw_m_administrative_divisions` VALUES ('5b589d18-038f-41db-b6c5-666323bbf811', '河南省', '开封市', '杞县', '410221', '3');
INSERT INTO `zw_m_administrative_divisions` VALUES ('5b5f0be4-b9cc-40b4-88e2-463dc4cf4aaf', '甘肃省', '白银市', '平川区', '620403', '3');
INSERT INTO `zw_m_administrative_divisions` VALUES ('5b6e62e3-d861-4daf-9769-bb6d19043b86', '湖南省', '株洲市', '荷塘区', '430202', '3');
INSERT INTO `zw_m_administrative_divisions` VALUES ('5b8c9b13-c671-415d-93f9-a9845532c4c3', '西藏自治区', '日喀则地区', '仲巴县', '542333', '3');
INSERT INTO `zw_m_administrative_divisions` VALUES ('5b8d0356-1ed4-449c-8a70-b4b9d7a20990', '新疆维吾尔自治区', '阿克苏地区', null, '652900', '2');
INSERT INTO `zw_m_administrative_divisions` VALUES ('5ba7bfae-7c19-4ef9-80ae-c81267f1a3dc', '江西省', '萍乡市', '莲花县', '360321', '3');
INSERT INTO `zw_m_administrative_divisions` VALUES ('5bb99360-3342-4f6d-a097-02b009863b74', '吉林省', '长春市', '九台市', '220181', '3');
INSERT INTO `zw_m_administrative_divisions` VALUES ('5bc216df-355b-48bb-a638-d2ea48470323', '黑龙江省', '双鸭山市', '尖山区', '230502', '3');
INSERT INTO `zw_m_administrative_divisions` VALUES ('5bd3df4c-a101-40e7-9039-9136fba80171', '江苏省', '扬州市', '邗江区', '321003', '3');
INSERT INTO `zw_m_administrative_divisions` VALUES ('5c0c365d-3102-4a34-bc51-ebf70e707757', '山东省', '菏泽市', '巨野县', '371724', '3');
INSERT INTO `zw_m_administrative_divisions` VALUES ('5c0ccf55-c5f4-4eb8-9314-43df0f0609f6', '四川省', '阿坝藏族羌族自治州', '松潘县', '513224', '3');
INSERT INTO `zw_m_administrative_divisions` VALUES ('5c15ce3c-7940-41c8-8058-25346ab24262', '四川省', '甘孜藏族自治州', '理塘县', '513334', '3');
INSERT INTO `zw_m_administrative_divisions` VALUES ('5c275144-dcaa-436a-9d23-60af657ca476', '河北省', '邯郸市', '磁县', '130427', '3');
INSERT INTO `zw_m_administrative_divisions` VALUES ('5c2c1b3f-e261-4acf-b615-f4c32e300958', '浙江省', '杭州市', '萧山区', '330109', '3');
INSERT INTO `zw_m_administrative_divisions` VALUES ('5c4d4d3d-41a0-49e4-8b0e-e03fdd02a840', '黑龙江省', '双鸭山市', '四方台区', '230505', '3');
INSERT INTO `zw_m_administrative_divisions` VALUES ('5c634117-4c9d-420d-9b22-137445f197e4', '山西省', '忻州市', '代县', '140923', '3');
INSERT INTO `zw_m_administrative_divisions` VALUES ('5c6fd39d-1b08-406f-b0bf-c615bd4265a7', '云南省', '楚雄彝族自治州', '禄丰县', '532331', '3');
INSERT INTO `zw_m_administrative_divisions` VALUES ('5c996db4-4b4d-45ee-9a9d-ff8ce2c20328', '辽宁省', '大连市', '花园口经济区', '210243', '3');
INSERT INTO `zw_m_administrative_divisions` VALUES ('5c9a709b-a3b0-41e1-9bee-073add588bbe', '辽宁省', '营口市', '建筑企业', '210840', '3');
INSERT INTO `zw_m_administrative_divisions` VALUES ('5cad5028-fc4c-4b5a-84a3-a5065dafca10', '山东省', '济南市', '济阳县', '370125', '3');
INSERT INTO `zw_m_administrative_divisions` VALUES ('5cb470f3-21ea-4812-9089-a95866503cdf', '山西省', '晋中市', '祁县', '140727', '3');
INSERT INTO `zw_m_administrative_divisions` VALUES ('5ccb2f5b-89f3-4cec-ba13-5f892c283052', '河北省', '张家口市', '康保县', '130723', '3');
INSERT INTO `zw_m_administrative_divisions` VALUES ('5d02d56f-4980-4066-a56e-d3ab1ac56316', '湖南省', '娄底市', '娄星区', '431302', '3');
INSERT INTO `zw_m_administrative_divisions` VALUES ('5d0a9823-72af-42ca-87ec-7544f8aa503f', '广东省', '河源市', '源城区', '441602', '3');
INSERT INTO `zw_m_administrative_divisions` VALUES ('5d148fb8-c0df-484b-a476-88bb9cd2f6eb', '福建省', '福州市', '鼓楼区', '350102', '3');
INSERT INTO `zw_m_administrative_divisions` VALUES ('5d2e177e-2a42-4c6a-a38c-2dee191bf1f0', '内蒙古自治区', '包头市', '九原区', '150207', '3');
INSERT INTO `zw_m_administrative_divisions` VALUES ('5d3d9561-c819-4589-9acb-0bfdf7c5910c', '新疆维吾尔自治区', '乌鲁木齐市', '乌鲁木齐县', '650121', '3');
INSERT INTO `zw_m_administrative_divisions` VALUES ('5d4b2aaa-96b2-4b7a-81a5-78ec80f6b01b', '安徽省', '宣城市', '泾县', '341823', '3');
INSERT INTO `zw_m_administrative_divisions` VALUES ('5d58aea3-d298-4a2b-93af-b33dfa67dd08', '陕西省', '榆林市', '府谷县', '610822', '3');
INSERT INTO `zw_m_administrative_divisions` VALUES ('5d7da2da-0912-43eb-a972-5775f8ee6efd', '黑龙江省', '省农垦总局', '农垦齐齐哈尔分局', '232908', '3');
INSERT INTO `zw_m_administrative_divisions` VALUES ('5d8f5717-756e-451f-8eb0-214aeed588a8', '湖南省', '邵阳市', '绥宁县', '430527', '3');
INSERT INTO `zw_m_administrative_divisions` VALUES ('5d90b0ce-bb2c-48d1-9f6b-3de59358064d', '浙江省', '丽水市', '莲都区', '331102', '3');
INSERT INTO `zw_m_administrative_divisions` VALUES ('5da1fa99-0fd7-4ac2-842e-62b241694efc', '河南省', '周口市', '淮阳县', '411626', '3');
INSERT INTO `zw_m_administrative_divisions` VALUES ('5daec112-41f7-4164-8c02-6052cb4cda1e', '宁夏回族自治区', '石嘴山市', '平罗县', '640221', '3');
INSERT INTO `zw_m_administrative_divisions` VALUES ('5dbcf5fc-7863-420b-bec1-23822e060538', '山东省', '济宁市', '任城区', '370811', '3');
INSERT INTO `zw_m_administrative_divisions` VALUES ('5dc39513-3a0b-495c-8f1c-020b8ebf0b18', '四川省', '凉山彝族自治州', '凉山彝族自治州州本级', '513499', '3');
INSERT INTO `zw_m_administrative_divisions` VALUES ('5dcbf688-47b7-40da-bca6-4e81a1488fed', '江西省', '上饶市', '信州区', '361102', '3');
INSERT INTO `zw_m_administrative_divisions` VALUES ('5de3574e-55ff-45c7-9366-5d839b61c75d', '江西省', '萍乡市', '湘东区', '360313', '3');
INSERT INTO `zw_m_administrative_divisions` VALUES ('5de93461-59cc-40ee-853b-7054e2a998f5', '四川省', '雅安市', '汉源县', '511823', '3');
INSERT INTO `zw_m_administrative_divisions` VALUES ('5e02fc50-0472-42bf-a845-64462d74617e', '山东省', '临沂市', '临沭县', '371329', '3');
INSERT INTO `zw_m_administrative_divisions` VALUES ('5e49be83-70cf-4fa0-b4e0-b6a98505e904', '山西省', '吕梁市', '兴县', '141123', '3');
INSERT INTO `zw_m_administrative_divisions` VALUES ('5e67309b-f706-4eac-9f31-7f358cdde82d', '山西省', '长治市', '襄垣县', '140423', '3');
INSERT INTO `zw_m_administrative_divisions` VALUES ('5e9fd7d3-738d-4be0-9f68-2eb18809b8ec', '湖南省', '郴州市', '桂东县', '431027', '3');
INSERT INTO `zw_m_administrative_divisions` VALUES ('5ea2c7cb-120d-408d-b675-7bd606ef81bd', '四川省', '资阳市', '简阳市', '512081', '3');
INSERT INTO `zw_m_administrative_divisions` VALUES ('5eac37a6-f79c-4a67-9b79-faf182cdbf31', '新疆维吾尔自治区', '自治区直辖县级行政单位', null, '659000', '2');
INSERT INTO `zw_m_administrative_divisions` VALUES ('5ee44a2f-a83c-4eff-aaae-9d1e950fc042', '新疆维吾尔自治区', '巴音郭楞蒙古自治州', '库尔勒经济开发区', '652840', '3');
INSERT INTO `zw_m_administrative_divisions` VALUES ('5ee826f7-adf4-49fa-8948-f065c712e8e9', '青海省', '西宁市', '城东区', '630102', '3');
INSERT INTO `zw_m_administrative_divisions` VALUES ('5eec855c-a630-4986-9a0f-2f451d20ec66', '广东省', '深圳市', '南山区', '440305', '3');
INSERT INTO `zw_m_administrative_divisions` VALUES ('5ef33f70-3439-47e5-817d-87d7b0528fc6', '河北省', '邯郸市', '复兴区', '130404', '3');
INSERT INTO `zw_m_administrative_divisions` VALUES ('5ef37411-86a6-4385-92cf-33892c1a57c3', '吉林省', '长春市', '农安县', '220122', '3');
INSERT INTO `zw_m_administrative_divisions` VALUES ('5f05c6ad-d381-4a23-b18b-0f6c1e8adcec', '安徽省', '池州市', '九华山风景区', '341740', '3');
INSERT INTO `zw_m_administrative_divisions` VALUES ('5f109b6c-bfd6-4af9-8257-c3fa20f02b6b', '甘肃省', '武威市', '民勤县', '620621', '3');
INSERT INTO `zw_m_administrative_divisions` VALUES ('5f23579d-e0af-43de-85cf-bd54b7ab4063', '西藏自治区', '拉萨市', null, '540100', '2');
INSERT INTO `zw_m_administrative_divisions` VALUES ('5f2eee6e-969b-4022-bc92-8bd3a46862da', '浙江省', '衢州市', '柯城区', '330802', '3');
INSERT INTO `zw_m_administrative_divisions` VALUES ('5f48281e-b91e-494e-a499-dcc157aa0c95', '新疆维吾尔自治区', '塔城地区', '塔城地区本级', '654299', '3');
INSERT INTO `zw_m_administrative_divisions` VALUES ('5f51a123-fd64-46ad-8660-ef76c7b8fe30', '山东省', '青岛市', '市北区', '370203', '3');
INSERT INTO `zw_m_administrative_divisions` VALUES ('5f6fa703-1054-4d96-9376-e8ba0c1f30ff', '四川省', '凉山彝族自治州', '喜德县', '513432', '3');
INSERT INTO `zw_m_administrative_divisions` VALUES ('5f787db3-5387-4246-8925-e136c7f25d9b', '内蒙古自治区', '锡林郭勒盟', '苏尼特右旗', '152524', '3');
INSERT INTO `zw_m_administrative_divisions` VALUES ('5f7e4788-6e1e-4f0e-b950-e55cb412d99c', '新疆维吾尔自治区', '塔城地区', '托里县', '654224', '3');
INSERT INTO `zw_m_administrative_divisions` VALUES ('5f93176c-b2b0-4e73-b110-6ff0c14a9cdc', '江苏省', '无锡市', '南长区', '320203', '3');
INSERT INTO `zw_m_administrative_divisions` VALUES ('5f97d619-e596-4ec6-9523-a824dfbb59a3', '江苏省', '南京市', '玄武区', '320102', '3');
INSERT INTO `zw_m_administrative_divisions` VALUES ('5fba2190-8ab6-46bf-9614-a6ec2013b3cf', '四川省', '甘孜藏族自治州', '康定县', '513321', '3');
INSERT INTO `zw_m_administrative_divisions` VALUES ('5fd07fa5-49a8-4d02-a847-6872d0e82643', '河北省', '秦皇岛市', '北戴河新区', '130341', '3');
INSERT INTO `zw_m_administrative_divisions` VALUES ('5fe6b187-de17-4db3-9127-f4c90d9e7290', '吉林省', '白山市', '抚松县', '220621', '3');
INSERT INTO `zw_m_administrative_divisions` VALUES ('5ff33116-90c7-4430-9949-57a5769ba4b8', '山西省', '临汾市', '吉县', '141028', '3');
INSERT INTO `zw_m_administrative_divisions` VALUES ('60053b36-01eb-4fb5-b847-777f52832c10', '安徽省', '芜湖市', '繁昌县', '340222', '3');
INSERT INTO `zw_m_administrative_divisions` VALUES ('60057d11-a078-457b-94a0-9fe59bb1653e', '湖北省', '黄石市', '黄石港区', '420202', '3');
INSERT INTO `zw_m_administrative_divisions` VALUES ('60145f9a-129c-47b5-a49c-4c36d52383c1', '浙江省', '宁波市', '北仑区', '330206', '3');
INSERT INTO `zw_m_administrative_divisions` VALUES ('607142f9-95e2-43f7-b107-699a11b1a921', '山东省', '潍坊市', '高密市', '370785', '3');
INSERT INTO `zw_m_administrative_divisions` VALUES ('607aef09-92c1-4ae9-9355-4007aba70d4d', '广东省', '梅州市', '蕉岭县', '441427', '3');
INSERT INTO `zw_m_administrative_divisions` VALUES ('60880fee-d51d-4f4e-8520-3cbf7831c1f4', '山东省', '烟台市', '蓬莱市', '370684', '3');
INSERT INTO `zw_m_administrative_divisions` VALUES ('609eeb3e-f59b-4f48-9792-28a3576fa0ec', '陕西省', '延安市', '宜川县', '610630', '3');
INSERT INTO `zw_m_administrative_divisions` VALUES ('60e0d52d-e84f-413f-b6b8-2d97166cf7b2', '湖南省', '郴州市', '永兴县', '431023', '3');
INSERT INTO `zw_m_administrative_divisions` VALUES ('61015f83-571e-445f-a885-65475308322c', '山东省', '淄博市', '淄川区', '370302', '3');
INSERT INTO `zw_m_administrative_divisions` VALUES ('610ea629-2fd5-49ad-8405-77d577989b66', '山东省', '潍坊市', '潍坊峡山生态经济开发区', '370742', '3');
INSERT INTO `zw_m_administrative_divisions` VALUES ('61179450-819c-4486-898e-af04e2684793', '甘肃省', '兰州市', '皋兰县', '620122', '3');
INSERT INTO `zw_m_administrative_divisions` VALUES ('6119da4a-b4eb-4d44-95b1-b629809c9eeb', '江西省', '吉安市', '井冈山市', '360881', '3');
INSERT INTO `zw_m_administrative_divisions` VALUES ('6143b8ee-0e16-4efd-ae7c-1f06395004c1', '湖南省', '永州市', '金洞管理区', '431141', '3');
INSERT INTO `zw_m_administrative_divisions` VALUES ('6151c886-589a-42d6-b7ee-90bab06a87cd', '四川省', '凉山彝族自治州', '布拖县', '513429', '3');
INSERT INTO `zw_m_administrative_divisions` VALUES ('6158196e-09e1-45ef-9760-b110b71ed9ad', '湖北省', '荆州市', '松滋市', '421087', '3');
INSERT INTO `zw_m_administrative_divisions` VALUES ('615d3017-d9be-4a60-b889-fcba1b9ad9c8', '辽宁省', '丹东市', '元宝区', '210602', '3');
INSERT INTO `zw_m_administrative_divisions` VALUES ('61697097-feae-4535-933a-87e5f339817f', '江苏省', '镇江市', '京口区', '321102', '3');
INSERT INTO `zw_m_administrative_divisions` VALUES ('61738751-3cd2-48d4-8022-7f229f2aac83', '青海省', '果洛藏族自治州', null, '632600', '2');
INSERT INTO `zw_m_administrative_divisions` VALUES ('617740c3-d9e0-4e78-98a3-dc945c523ba0', '云南省', '红河哈尼族彝族自治州', '红河县', '532529', '3');
INSERT INTO `zw_m_administrative_divisions` VALUES ('618bfafc-1fb5-46ce-bf36-fab23905510a', '陕西省', '汉中市', '城固县', '610722', '3');
INSERT INTO `zw_m_administrative_divisions` VALUES ('618cd4f4-b85c-4acc-8ddc-62c787ee3af7', '湖北省', '黄冈市', '黄梅县', '421127', '3');
INSERT INTO `zw_m_administrative_divisions` VALUES ('61921722-e4a5-4c77-9678-11fb27edefd0', '江苏省', '扬州市', '扬州经济技术开发区', '321041', '3');
INSERT INTO `zw_m_administrative_divisions` VALUES ('619231bf-250e-414d-a27b-3875e8627552', '广东省', '汕尾市', '海丰县', '441521', '3');
INSERT INTO `zw_m_administrative_divisions` VALUES ('6198507c-b433-4e2e-b320-8142922f84d9', '云南省', '楚雄彝族自治州', '南华县', '532324', '3');
INSERT INTO `zw_m_administrative_divisions` VALUES ('619e718f-d551-4433-8e09-ab2dcf1cc954', '新疆维吾尔自治区', '巴音郭楞蒙古自治州', '尉犁县', '652823', '3');
INSERT INTO `zw_m_administrative_divisions` VALUES ('61b5996f-df7e-40d9-8175-762e0184039e', '四川省', '绵阳市', '北川羌族自治县', '510726', '3');
INSERT INTO `zw_m_administrative_divisions` VALUES ('61c37d4b-0dbc-4b1a-8de2-421f8024b848', '重庆市', '重庆市市辖区', '长寿区', '500115', '3');
INSERT INTO `zw_m_administrative_divisions` VALUES ('61d4825a-6ec7-4892-a0e3-c96f1e843877', '山西省', '大同市', '浑源县', '140225', '3');
INSERT INTO `zw_m_administrative_divisions` VALUES ('61e60541-8cfe-4939-9701-b73f82ceb221', '河南省', '焦作市', '孟州市', '410883', '3');
INSERT INTO `zw_m_administrative_divisions` VALUES ('61f5fefd-d523-44a4-b0af-e2ed3890127d', '上海市', '上海市市辖区', '黄浦区', '310101', '3');
INSERT INTO `zw_m_administrative_divisions` VALUES ('61f96277-de4e-4165-ba02-ae077864c000', '天津市', '天津市市辖区', '静海县', '120223', '3');
INSERT INTO `zw_m_administrative_divisions` VALUES ('61fb0434-4c01-48bd-848f-7d3cca3404bb', '河南省', '驻马店市', '泌阳县', '411726', '3');
INSERT INTO `zw_m_administrative_divisions` VALUES ('61fc746e-3900-4d0e-ab17-f41bcfd839b2', '安徽省', '合肥市', '长丰县', '340121', '3');
INSERT INTO `zw_m_administrative_divisions` VALUES ('61fe40bf-dcce-4800-8e4e-bd1b19a637dd', '安徽省', '铜陵市', '铜官山区', '340702', '3');
INSERT INTO `zw_m_administrative_divisions` VALUES ('62051a74-1fcc-4ee9-8082-385840b241c5', '西藏自治区', '日喀则地区', '亚东县', '542334', '3');
INSERT INTO `zw_m_administrative_divisions` VALUES ('6239dca4-9268-4613-97f0-2eb399881c1a', '河南省', '濮阳市', '华龙区', '410902', '3');
INSERT INTO `zw_m_administrative_divisions` VALUES ('6243fb41-62af-4f52-ab73-703ac4c2ca47', '湖南省', '衡阳市', '衡阳县', '430421', '3');
INSERT INTO `zw_m_administrative_divisions` VALUES ('627b6782-b954-45a0-a2fb-60ad5f1303a9', '甘肃省', '甘南藏族自治州', '碌曲县', '623026', '3');
INSERT INTO `zw_m_administrative_divisions` VALUES ('627c7f13-b996-443a-bc50-e7ed76ff4647', '云南省', '红河哈尼族彝族自治州', '个旧市', '532501', '3');
INSERT INTO `zw_m_administrative_divisions` VALUES ('6283fb79-2a16-439c-97a7-afa27a638ff5', '河南省', '郑州市', '新密市', '410183', '3');
INSERT INTO `zw_m_administrative_divisions` VALUES ('628876aa-4ec6-4e5f-9a82-cd3fed173f82', '湖北省', '襄阳市', '樊城区', '420606', '3');
INSERT INTO `zw_m_administrative_divisions` VALUES ('628b9870-691c-432a-9583-7b0644a3c73f', '安徽省', '淮南市', '八公山区', '340405', '3');
INSERT INTO `zw_m_administrative_divisions` VALUES ('628cdb10-6ed9-463e-a081-f700c08562e6', '广东省', '肇庆市', '高要市', '441283', '3');
INSERT INTO `zw_m_administrative_divisions` VALUES ('6293b370-3a27-489b-9e1b-80b74b045348', '河南省', '南阳市', '镇平县', '411324', '3');
INSERT INTO `zw_m_administrative_divisions` VALUES ('629eb738-d165-487e-bdc9-06fde5b724df', '贵州省', '铜仁市', '大龙开发区', '520640', '3');
INSERT INTO `zw_m_administrative_divisions` VALUES ('62c535f2-609b-4e5b-99f7-2de7385d76dc', '江西省', '九江市', '九江县', '360421', '3');
INSERT INTO `zw_m_administrative_divisions` VALUES ('62d4c0a9-c685-4fb2-9f15-1c8ba99cb1c7', '贵州省', '贵阳市', '开阳县', '520121', '3');
INSERT INTO `zw_m_administrative_divisions` VALUES ('62f4e80b-6c8f-405e-838e-83c8fd2634ee', '山东省', '济南市', '济南市南部山区管理委员会', '370141', '3');
INSERT INTO `zw_m_administrative_divisions` VALUES ('6300c13c-863c-46ed-9d36-f0ac2d7e975f', '云南省', '红河哈尼族彝族自治州', '蒙自县', '532522', '3');
INSERT INTO `zw_m_administrative_divisions` VALUES ('63097773-7916-47db-b63c-6a86308be5b1', '陕西省', '咸阳市', '武功县', '610431', '3');
INSERT INTO `zw_m_administrative_divisions` VALUES ('632bd5af-47d2-413e-8633-3317e180406c', '广西壮族自治区', '贺州市', '八步区', '451102', '3');
INSERT INTO `zw_m_administrative_divisions` VALUES ('634048e5-8f79-494f-b004-090aae00918e', '云南省', '丽江市', '玉龙纳西族自治县', '530721', '3');
INSERT INTO `zw_m_administrative_divisions` VALUES ('63678588-3fe0-4671-9326-51203043e24f', '重庆市', '重庆市市辖区', '武隆县', '500232', '3');
INSERT INTO `zw_m_administrative_divisions` VALUES ('636e69d3-5408-4a5c-b06b-046ce6590df7', '黑龙江省', '省农垦总局', '农垦北安分局', '232906', '3');
INSERT INTO `zw_m_administrative_divisions` VALUES ('638604c0-f3a6-4775-b608-4441c041c096', '天津市', '天津市市辖区', '开发区', '120140', '3');
INSERT INTO `zw_m_administrative_divisions` VALUES ('6386ced3-ef36-42e0-836f-f82d2636a481', '浙江省', '绍兴市', '新昌县', '330624', '3');
INSERT INTO `zw_m_administrative_divisions` VALUES ('639b2503-aa8a-4dfb-829c-a622dc3b86eb', '新疆维吾尔自治区', '喀什地区', '塔什库尔干塔吉克自治县', '653131', '3');
INSERT INTO `zw_m_administrative_divisions` VALUES ('63a2effd-fba2-4ef0-9363-65fb756d4999', '四川省', '眉山市', '东坡区', '511402', '3');
INSERT INTO `zw_m_administrative_divisions` VALUES ('63bfe52a-007a-416e-a525-347513af88b1', '陕西省', '西安市', '鄠邑区', '610118', '3');
INSERT INTO `zw_m_administrative_divisions` VALUES ('63c53bb4-98cd-4054-9cce-d7b576abf6db', '贵州省', '黔西南布依族苗族自治州', '义龙新区', '522340', '3');
INSERT INTO `zw_m_administrative_divisions` VALUES ('63ec14b8-695b-4751-8c5c-3a7b91078251', '西藏自治区', '山南地区', '山南地区本级', '542299', '3');
INSERT INTO `zw_m_administrative_divisions` VALUES ('6401493b-63fe-41ca-b628-3521fb30bad1', '新疆维吾尔自治区', '伊犁哈萨克自治州', '尼勒克县', '654028', '3');
INSERT INTO `zw_m_administrative_divisions` VALUES ('6435b99c-8782-4b88-857e-76c895a2035b', '内蒙古自治区', '赤峰市', '元宝山区', '150403', '3');
INSERT INTO `zw_m_administrative_divisions` VALUES ('64425c96-cf79-43a0-b8a5-848f972aea33', '河南省', '漯河市', '漯河经济技术开发区', '411140', '3');
INSERT INTO `zw_m_administrative_divisions` VALUES ('644c1cd1-676b-4395-8429-cf7820e80d39', '青海省', '西宁市', '湟源县', '630123', '3');
INSERT INTO `zw_m_administrative_divisions` VALUES ('6481897a-812f-47a5-a4b8-3cb1f57e82a2', '广东省', '阳江市', null, '441700', '2');
INSERT INTO `zw_m_administrative_divisions` VALUES ('64886ffb-1da3-4cf5-9cc7-c6776425fee3', '江西省', '南昌市', '新建县', '360122', '3');
INSERT INTO `zw_m_administrative_divisions` VALUES ('648d73d8-07d7-455e-a322-1d2393982f50', '湖南省', '邵阳市', '北塔区', '430511', '3');
INSERT INTO `zw_m_administrative_divisions` VALUES ('64a1f65b-e58c-4550-9e10-3fc14c6842c9', '河南省', '商丘市', '商丘新区', '411441', '3');
INSERT INTO `zw_m_administrative_divisions` VALUES ('64a945b6-8854-4c7e-bbe5-10684cbec035', '山西省', '太原市', '万柏林区', '140109', '3');
INSERT INTO `zw_m_administrative_divisions` VALUES ('64b98f60-c3f6-4003-8f89-12c9da7a7095', '广西壮族自治区', '桂林市', '恭城瑶族自治县', '450332', '3');
INSERT INTO `zw_m_administrative_divisions` VALUES ('64c404d5-49c2-4f4f-88d0-7789966da868', '贵州省', '毕节市', '金沙县', '520523', '3');
INSERT INTO `zw_m_administrative_divisions` VALUES ('64dff9b0-2b37-4e12-b1aa-15fad62bc417', '广西壮族自治区', '钦州市', '钦南区', '450702', '3');
INSERT INTO `zw_m_administrative_divisions` VALUES ('64eddf06-1f27-4a12-8af7-4911912271a4', '广东省', '汕头市', '潮阳区', '440513', '3');
INSERT INTO `zw_m_administrative_divisions` VALUES ('64f2fb66-74b6-4385-8aae-44db25bd7f96', '内蒙古自治区', '锡林郭勒盟', '苏尼特左旗', '152523', '3');
INSERT INTO `zw_m_administrative_divisions` VALUES ('650316dd-d7e7-49fc-a824-8d8435266151', '云南省', '楚雄彝族自治州', '武定县', '532329', '3');
INSERT INTO `zw_m_administrative_divisions` VALUES ('650a00e7-d5b2-482f-8d6d-1748b3020eba', '山东省', '聊城市', '东阿县', '371524', '3');
INSERT INTO `zw_m_administrative_divisions` VALUES ('65282bc1-1241-46ee-bf79-cc57dafe4cb8', '山东省', '威海市', '环翠区', '371002', '3');
INSERT INTO `zw_m_administrative_divisions` VALUES ('65286a02-93e6-4d02-892c-25aff6bcbb66', '辽宁省', '阜新市', '矿区', '210941', '3');
INSERT INTO `zw_m_administrative_divisions` VALUES ('652ee6b8-8784-4cab-a4e7-142b7476a8f4', '新疆维吾尔自治区', '吐鲁番地区', null, '652100', '2');
INSERT INTO `zw_m_administrative_divisions` VALUES ('65463685-30f6-4694-abc9-fd543dfc7ccb', '福建省', '龙岩市', '长汀县', '350821', '3');
INSERT INTO `zw_m_administrative_divisions` VALUES ('6546c928-e7ae-4e8c-b48c-8ffd269c503b', '甘肃省', '兰州市', '兰州新区', '620140', '3');
INSERT INTO `zw_m_administrative_divisions` VALUES ('655c108b-9caf-4554-bb4d-971527049bfd', '海南省', '省农垦', null, '462100', '2');
INSERT INTO `zw_m_administrative_divisions` VALUES ('65808725-ee1d-42c3-b786-e36a33ede034', '新疆维吾尔自治区', '阿勒泰地区', '富蕴县', '654322', '3');
INSERT INTO `zw_m_administrative_divisions` VALUES ('65826bad-25b9-46f0-808c-7066cf81af87', '河南省', '信阳市', '淮滨县', '411527', '3');
INSERT INTO `zw_m_administrative_divisions` VALUES ('65950e93-e41f-4160-9056-b89431236055', '河南省', '漯河市', '临颍县', '411122', '3');
INSERT INTO `zw_m_administrative_divisions` VALUES ('65a3e294-f70e-43af-8c04-3ae2462f3ae8', '江苏省', '盐城市', '射阳县', '320924', '3');
INSERT INTO `zw_m_administrative_divisions` VALUES ('65b41b07-5ff2-4b82-aeda-549c27d9626d', '湖南省', '岳阳市', '开发区', '430640', '3');
INSERT INTO `zw_m_administrative_divisions` VALUES ('65e50661-73ac-40d7-a5fa-543f7e71e466', '湖北省', '宜昌市', '远安县', '420525', '3');
INSERT INTO `zw_m_administrative_divisions` VALUES ('65ef6ed1-c240-4ed1-9e46-100bb5ed46f1', '河南省', '漯河市', '舞阳县', '411121', '3');
INSERT INTO `zw_m_administrative_divisions` VALUES ('65faddb0-f394-404e-9e2b-9c60a55eceae', '山西省', '运城市', '新绛县', '140825', '3');
INSERT INTO `zw_m_administrative_divisions` VALUES ('6613a818-33f1-442a-9fb0-064a83835827', '黑龙江省', '省森工地区', '牡丹江森工地区', '232801', '3');
INSERT INTO `zw_m_administrative_divisions` VALUES ('66769244-d250-4105-8626-b21dab72e298', '新疆维吾尔自治区', '乌鲁木齐市', '达坂城区', '650107', '3');
INSERT INTO `zw_m_administrative_divisions` VALUES ('6687898d-83c9-4531-9629-4d9800b540c4', '辽宁省', '本溪市', '南芬区', '210505', '3');
INSERT INTO `zw_m_administrative_divisions` VALUES ('6692a4bb-8f21-4f67-b7f9-8ebe81c0603f', '云南省', '大理白族自治州', '永平县', '532928', '3');
INSERT INTO `zw_m_administrative_divisions` VALUES ('66a1bf19-3661-44ec-a2ca-452c24f7ad09', '西藏自治区', '昌都地区', '洛隆县', '542132', '3');
INSERT INTO `zw_m_administrative_divisions` VALUES ('66a6d9e5-6c4c-4d12-a1b1-58d9dd828dd6', '天津市', '天津市市辖区', '河东区', '120102', '3');
INSERT INTO `zw_m_administrative_divisions` VALUES ('66c31a8d-8a2c-4817-9516-4b05189878d0', '黑龙江省', '牡丹江市', '西安区', '231005', '3');
INSERT INTO `zw_m_administrative_divisions` VALUES ('66c6fa6c-e76d-4e51-834b-68f6beba6ae9', '黑龙江省', '齐齐哈尔市', '龙江县', '230221', '3');
INSERT INTO `zw_m_administrative_divisions` VALUES ('66d0ad09-3915-408b-bd47-d8b8165bd89a', '黑龙江省', '大庆市', '林甸县', '230623', '3');
INSERT INTO `zw_m_administrative_divisions` VALUES ('66dcad03-3c9b-4125-a4fe-24144bdf6c64', '辽宁省', '锦州市', '凌海市', '210781', '3');
INSERT INTO `zw_m_administrative_divisions` VALUES ('670c604b-89b2-4453-8f7c-a3f68c2cd76b', '黑龙江省', '鸡西市', '鸡冠区', '230302', '3');
INSERT INTO `zw_m_administrative_divisions` VALUES ('67170c37-7a8e-49aa-be1e-d094051919e1', '云南省', '丽江市', '华坪县', '530723', '3');
INSERT INTO `zw_m_administrative_divisions` VALUES ('672c6c8f-af08-49ef-807d-882d07f2df36', '四川省', '遂宁市', '大英县', '510923', '3');
INSERT INTO `zw_m_administrative_divisions` VALUES ('6758b4f3-53ea-4a7c-9d41-179a9080b919', '北京市', '北京市市辖区', '平谷区', '110117', '3');
INSERT INTO `zw_m_administrative_divisions` VALUES ('6760c0bd-d0fc-4a77-9a21-70d0aade274f', '山东省', '青岛市', null, '370200', '2');
INSERT INTO `zw_m_administrative_divisions` VALUES ('67713377-70c3-433a-b17e-562e4ed6bb05', '广西壮族自治区', '河池市', null, '451200', '2');
INSERT INTO `zw_m_administrative_divisions` VALUES ('677656d4-ea62-4d4f-a7b6-520e5fedb394', '安徽省', '亳州市', '涡阳县', '341621', '3');
INSERT INTO `zw_m_administrative_divisions` VALUES ('6777ee6c-b9a7-4855-b861-b1f5b7694006', '广东省', '广州市', '白云区', '440111', '3');
INSERT INTO `zw_m_administrative_divisions` VALUES ('6784b37a-882f-4573-a1c5-386846067bf9', '安徽省', '阜阳市', '颍泉区', '341204', '3');
INSERT INTO `zw_m_administrative_divisions` VALUES ('67a8d0ae-3152-403a-9ba3-86b163500905', '内蒙古自治区', '呼伦贝尔市', '大兴安岭农牧场', '150741', '3');
INSERT INTO `zw_m_administrative_divisions` VALUES ('67c148d0-9b6d-4baa-a2b9-4c38743599b5', '安徽省', '合肥市', '瑶海区', '340102', '3');
INSERT INTO `zw_m_administrative_divisions` VALUES ('67c4ad7e-2d50-4d85-9a33-37b8068d4139', '辽宁省', '朝阳市', '朝阳县', '211321', '3');
INSERT INTO `zw_m_administrative_divisions` VALUES ('67d93101-a0d5-4fe6-b866-40c6e3134311', '吉林省', '长春市', '二道区', '220105', '3');
INSERT INTO `zw_m_administrative_divisions` VALUES ('67f051ef-5d82-4c0e-b3f8-c737946cd63a', '青海省', '海东地区', '互助土族自治县', '632126', '3');
INSERT INTO `zw_m_administrative_divisions` VALUES ('6800bc5b-3bb9-42ec-a61d-71231d768470', '甘肃省', '甘南藏族自治州', '临潭县', '623021', '3');
INSERT INTO `zw_m_administrative_divisions` VALUES ('68133a4f-0f84-4643-b662-68462de1f0d7', '新疆维吾尔自治区', '伊犁哈萨克自治州', '伊宁县', '654021', '3');
INSERT INTO `zw_m_administrative_divisions` VALUES ('681af53f-a06c-46a6-a3db-72f085cda1b8', '湖北省', '孝感市', '大悟县', '420922', '3');
INSERT INTO `zw_m_administrative_divisions` VALUES ('68287f80-4258-427b-9ae9-5f342b03fb69', '江苏省', '徐州市', '泉山区', '320311', '3');
INSERT INTO `zw_m_administrative_divisions` VALUES ('682efebb-7c10-4770-b14b-e5c2da04c325', '河北省', '保定市', '阜平县', '130624', '3');
INSERT INTO `zw_m_administrative_divisions` VALUES ('684e9d83-e5c3-4b00-9471-3fd0f8e8daef', '四川省', '阿坝藏族羌族自治州', '金川县', '513226', '3');
INSERT INTO `zw_m_administrative_divisions` VALUES ('6863d5cb-f750-441f-9844-e5bc3d2b7d16', '内蒙古自治区', '锡林郭勒盟', '多伦县', '152531', '3');
INSERT INTO `zw_m_administrative_divisions` VALUES ('6883e499-6e59-4484-b5f3-bbe7f917f456', '江西省', '赣州市', '石城县', '360735', '3');
INSERT INTO `zw_m_administrative_divisions` VALUES ('68943eac-7ddf-42aa-afbe-c0c5c19f1c51', '山东省', '济宁市', '兖州市', '370882', '3');
INSERT INTO `zw_m_administrative_divisions` VALUES ('68b10843-7c35-4f7b-976b-36132a57ea26', '陕西省', '渭南市', '澄城县', '610525', '3');
INSERT INTO `zw_m_administrative_divisions` VALUES ('68c63a57-c0ee-4a4d-b3d5-15a655266365', '安徽省', '滁州市', '琅琊区', '341102', '3');
INSERT INTO `zw_m_administrative_divisions` VALUES ('68e2a5e7-7087-4628-8014-7cf8d152dff5', '安徽省', '安庆市', '大观区', '340803', '3');
INSERT INTO `zw_m_administrative_divisions` VALUES ('68edbd78-cb95-4e81-ae9f-84acda1aa87e', '山西省', '晋中市', '平遥县', '140728', '3');
INSERT INTO `zw_m_administrative_divisions` VALUES ('68ff9ffd-6fae-4238-ac03-0f797495df9a', '海南省', '省直辖县级行政单位', '琼海市', '469002', '3');
INSERT INTO `zw_m_administrative_divisions` VALUES ('69159422-2b59-422a-acdd-8468e2cc4027', '云南省', '楚雄彝族自治州', '牟定县', '532323', '3');
INSERT INTO `zw_m_administrative_divisions` VALUES ('6918ebaa-f5c2-4170-a4e2-a3f60274e938', '广西壮族自治区', '南宁市', '西乡塘区', '450107', '3');
INSERT INTO `zw_m_administrative_divisions` VALUES ('69246009-7cf8-41b4-982e-4c631345c5e7', '黑龙江省', '伊春市', '汤旺河区', '230712', '3');
INSERT INTO `zw_m_administrative_divisions` VALUES ('693a6a24-4a58-498e-ae37-59c37e0ec4c0', '河南省', '焦作市', '济源市', '410881', '3');
INSERT INTO `zw_m_administrative_divisions` VALUES ('693ab545-045c-457f-8d13-98b91b141cd5', '浙江省', '湖州市', '南浔区', '330503', '3');
INSERT INTO `zw_m_administrative_divisions` VALUES ('693e6c07-01c5-4a21-a379-80a67d05a6ac', '河南省', '平顶山市', '叶县', '410422', '3');
INSERT INTO `zw_m_administrative_divisions` VALUES ('69432615-4b03-4300-9dd3-7ed416c534ee', '山东省', '潍坊市', '昌邑市', '370786', '3');
INSERT INTO `zw_m_administrative_divisions` VALUES ('694fad58-3a19-4454-8ae5-4755bcfa1c88', '云南省', '红河哈尼族彝族自治州', '河口瑶族自治县', '532532', '3');
INSERT INTO `zw_m_administrative_divisions` VALUES ('6966cb06-4527-4ce6-a9af-9cde1e8daeb6', '山东省', '日照市', '莒县', '371122', '3');
INSERT INTO `zw_m_administrative_divisions` VALUES ('6998957f-56fc-41ff-8948-062df88e95ea', '贵州省', '遵义市', '桐梓县', '520322', '3');
INSERT INTO `zw_m_administrative_divisions` VALUES ('69a20ca9-1cd9-4bf6-99b1-ea037a3400d3', '四川省', '广安市', '武胜县', '511622', '3');
INSERT INTO `zw_m_administrative_divisions` VALUES ('69d8812f-c52e-45c3-9ef1-6eccb3fdefb1', '江西省', '赣州市', '崇义县', '360725', '3');
INSERT INTO `zw_m_administrative_divisions` VALUES ('69edb060-f0d7-4930-b89e-12cffd47d749', '广西壮族自治区', '南宁市', '经济技术开发区', '450141', '3');
INSERT INTO `zw_m_administrative_divisions` VALUES ('69f5112b-fdd2-4fba-bdc7-714b9ea0bc7e', '江西省', '赣州市', null, '360700', '2');
INSERT INTO `zw_m_administrative_divisions` VALUES ('69ff1e34-e552-45b6-b56e-c14928a9a4f4', '江苏省', '淮安市', '洪泽区', '320813', '3');
INSERT INTO `zw_m_administrative_divisions` VALUES ('6a1577a6-4ca0-4017-8434-ab277e7b8c48', '湖南省', '怀化市', '芷江侗族自治县', '431228', '3');
INSERT INTO `zw_m_administrative_divisions` VALUES ('6a21c729-ea52-4a48-9127-3c14255a9e2b', '河南省', '三门峡市', '卢氏县', '411224', '3');
INSERT INTO `zw_m_administrative_divisions` VALUES ('6a27bf3f-75a0-4a23-860f-d7625153dd25', '湖南省', '长沙市', '岳麓区', '430104', '3');
INSERT INTO `zw_m_administrative_divisions` VALUES ('6a2cc64e-191b-4584-bd07-09bbd3f0f41f', '江苏省', '连云港市', null, '320700', '2');
INSERT INTO `zw_m_administrative_divisions` VALUES ('6a389599-8941-4c49-a5be-9de1d1388907', '江西省', '抚州市', null, '361000', '2');
INSERT INTO `zw_m_administrative_divisions` VALUES ('6a47a8c3-62cd-4b38-8335-f67bf0f2f837', '河南省', '驻马店市', '西平县', '411721', '3');
INSERT INTO `zw_m_administrative_divisions` VALUES ('6a6368e3-5514-4b6f-888e-3b9d9f07ee5c', '江苏省', '盐城市', null, '320900', '2');
INSERT INTO `zw_m_administrative_divisions` VALUES ('6a6bb33a-7cb7-4c78-bdbf-a70e2465dbf2', '北京市', '北京市市辖区', '怀柔区', '110116', '3');
INSERT INTO `zw_m_administrative_divisions` VALUES ('6a6cfee1-6596-4e30-8d7d-4f27d9e6ec7c', '新疆维吾尔自治区', null, null, '650000', '1');
INSERT INTO `zw_m_administrative_divisions` VALUES ('6a741c0f-96bf-435b-9e29-01757f717e69', '浙江省', '金华市', '东阳市', '330783', '3');
INSERT INTO `zw_m_administrative_divisions` VALUES ('6a7ea307-ef0b-4ac1-a7ee-6a2d8e38a803', '广东省', '惠州市', '大亚湾经济开发区', '441340', '3');
INSERT INTO `zw_m_administrative_divisions` VALUES ('6a96d93e-a691-450f-8297-e595e6add579', '湖北省', '省直辖县级行政单位', '潜江市', '429005', '3');
INSERT INTO `zw_m_administrative_divisions` VALUES ('6a99fd35-1ae3-40c5-81bc-5d3ee61197d3', '辽宁省', '盘锦市', '盘锦辽东湾新区', '211140', '3');
INSERT INTO `zw_m_administrative_divisions` VALUES ('6ac01577-28c5-4e8d-b7f7-fbc73234fdb2', '山东省', '青岛市', '城阳区', '370214', '3');
INSERT INTO `zw_m_administrative_divisions` VALUES ('6ac0370f-c9b4-483b-89c7-273403d736f7', '福建省', '宁德市', '蕉城区', '350902', '3');
INSERT INTO `zw_m_administrative_divisions` VALUES ('6ad04d99-e645-46e5-ae72-bb20630cb72e', '吉林省', '吉林市', '磐石市', '220284', '3');
INSERT INTO `zw_m_administrative_divisions` VALUES ('6ad436a4-a1d5-4782-a828-d24d5bfc314a', '辽宁省', '鞍山市', '铁西区', '210303', '3');
INSERT INTO `zw_m_administrative_divisions` VALUES ('6ad7b58c-4ad7-4d63-9730-855f0714f760', '贵州省', '黔南布依族苗族自治州', '黔南布依族苗族自治州州本级', '522799', '3');
INSERT INTO `zw_m_administrative_divisions` VALUES ('6ad95c42-53d1-4972-ab1e-53a2ffcf7c7e', '湖南省', '娄底市', null, '431300', '2');
INSERT INTO `zw_m_administrative_divisions` VALUES ('6afa1d80-9092-4ed8-a67a-5235989801bd', '新疆维吾尔自治区', '昌吉回族自治州', '奇台县', '652325', '3');
INSERT INTO `zw_m_administrative_divisions` VALUES ('6afe4c7a-e35d-47cf-9861-72f6b036a0fc', '海南省', '省直辖县级行政单位', '东方市', '469007', '3');
INSERT INTO `zw_m_administrative_divisions` VALUES ('6afe78bf-944d-4c83-8444-b3f88bf816bf', '四川省', '遂宁市', '安居区', '510904', '3');
INSERT INTO `zw_m_administrative_divisions` VALUES ('6b0479f8-b5fc-4070-8514-a73225e1733e', '安徽省', '芜湖市', '镜湖区', '340202', '3');
INSERT INTO `zw_m_administrative_divisions` VALUES ('6b0ea9be-1d86-4c97-9aeb-29a4c447f70c', '河南省', '平顶山市', '新华区', '410402', '3');
INSERT INTO `zw_m_administrative_divisions` VALUES ('6b45e701-8dd1-455c-955d-548f70c4586a', '黑龙江省', '哈尔滨市', '宾县', '230125', '3');
INSERT INTO `zw_m_administrative_divisions` VALUES ('6b591463-33db-4948-983b-08f9353063bc', '陕西省', '延安市', '甘泉县', '610627', '3');
INSERT INTO `zw_m_administrative_divisions` VALUES ('6b62e309-f0b8-416f-be8d-cc375d6507d1', '安徽省', '亳州市', null, '341600', '2');
INSERT INTO `zw_m_administrative_divisions` VALUES ('6b6f0736-b101-45b1-8cf8-2b40b717afa9', '山东省', '日照市', '岚山区', '371103', '3');
INSERT INTO `zw_m_administrative_divisions` VALUES ('6b70a059-9353-495d-9246-7922b979ac78', '河北省', '唐山市', '曹妃甸工业区', '130245', '3');
INSERT INTO `zw_m_administrative_divisions` VALUES ('6b77417d-52f2-42ca-a01c-ef128a41fc71', '贵州省', '遵义市', '道真仡佬族苗族自治县', '520325', '3');
INSERT INTO `zw_m_administrative_divisions` VALUES ('6b7ca674-293f-4690-9ab5-7b7c08d92b5f', '河南省', '焦作市', '中站区', '410803', '3');
INSERT INTO `zw_m_administrative_divisions` VALUES ('6b8373d0-455f-47b1-8b1f-7a4d7db0115a', '浙江省', '舟山市', '普陀区', '330903', '3');
INSERT INTO `zw_m_administrative_divisions` VALUES ('6baefacd-73e1-44c8-95f6-1c64ba724059', '黑龙江省', '齐齐哈尔市', '讷河市', '230281', '3');
INSERT INTO `zw_m_administrative_divisions` VALUES ('6bca03e7-eeb8-4d2b-a867-6d25a69d5eac', '河南省', '平顶山市', '石龙区', '410404', '3');
INSERT INTO `zw_m_administrative_divisions` VALUES ('6be18ea7-fd45-478d-adf1-eadfaa3cb18a', '四川省', '眉山市', '丹棱县', '511424', '3');
INSERT INTO `zw_m_administrative_divisions` VALUES ('6be6a83a-40d2-4b82-a165-98145bb0e2da', '河北省', '保定市', '唐县', '130627', '3');
INSERT INTO `zw_m_administrative_divisions` VALUES ('6bf707d3-32c1-48c9-b470-04babca9cca1', '安徽省', '铜陵市', null, '340700', '2');
INSERT INTO `zw_m_administrative_divisions` VALUES ('6c0eb708-8b8a-4e96-8a52-5af8585c8b26', '山西省', '忻州市', '五台山风景名胜区', '140940', '3');
INSERT INTO `zw_m_administrative_divisions` VALUES ('6c134218-b43c-4ab4-b7f7-34aefed96cae', '广东省', '佛山市', null, '440600', '2');
INSERT INTO `zw_m_administrative_divisions` VALUES ('6c242fdd-7378-401d-a445-884b768b2bb1', '西藏自治区', '日喀则地区', '白朗县', '542329', '3');
INSERT INTO `zw_m_administrative_divisions` VALUES ('6c3e5bb1-a9c7-4367-83e4-508eeb82891a', '山东省', '淄博市', '桓台县', '370321', '3');
INSERT INTO `zw_m_administrative_divisions` VALUES ('6c402838-c695-468c-9499-cf168d25afea', '江苏省', '南京市', '雨花台区', '320114', '3');
INSERT INTO `zw_m_administrative_divisions` VALUES ('6c4145f4-e892-43c5-abfb-564c53ffc6b0', '黑龙江省', '七台河市', '新兴区', '230902', '3');
INSERT INTO `zw_m_administrative_divisions` VALUES ('6c428918-8c03-46ae-a68c-1cb77e9127b2', '河北省', '秦皇岛市', '北戴河区', '130304', '3');
INSERT INTO `zw_m_administrative_divisions` VALUES ('6c607fea-844d-46a2-967c-c4bcb08c30a8', '黑龙江省', '黑河市', '北安市', '231181', '3');
INSERT INTO `zw_m_administrative_divisions` VALUES ('6c6b9e0b-233e-40d4-92da-f8c8f9dda913', '内蒙古自治区', '呼伦贝尔市', '海拉尔农牧场', '150740', '3');
INSERT INTO `zw_m_administrative_divisions` VALUES ('6c7235fa-5ba4-4a57-bf41-ed5b7891e791', '河北省', '沧州市', '沧州临港经济技术开发区', '130945', '3');
INSERT INTO `zw_m_administrative_divisions` VALUES ('6c79a92a-babf-4268-9ef0-780f3358d67a', '青海省', '海北藏族自治州', '刚察县', '632224', '3');
INSERT INTO `zw_m_administrative_divisions` VALUES ('6c886f70-5067-4aea-8c8b-5598db9ffb17', '安徽省', '淮南市', '凤台县', '340421', '3');
INSERT INTO `zw_m_administrative_divisions` VALUES ('6c921bff-85f9-493d-9ddc-3e168a71669e', '山西省', '大同市', null, '140200', '2');
INSERT INTO `zw_m_administrative_divisions` VALUES ('6cae707a-0ace-4a81-9b0c-c9fcd2f4d0b8', '广西壮族自治区', '防城港市', '港口区', '450602', '3');
INSERT INTO `zw_m_administrative_divisions` VALUES ('6cc4c4ba-30b0-453b-8ff4-30a2194b75cf', '江西省', '赣州市', '安远县', '360726', '3');
INSERT INTO `zw_m_administrative_divisions` VALUES ('6cd20cb8-2901-4b27-920f-3fdbd60d0671', '广西壮族自治区', '崇左市', '大新县', '451424', '3');
INSERT INTO `zw_m_administrative_divisions` VALUES ('6cd5c3fc-0c72-4ec1-9935-e8964933f7d9', '浙江省', '台州市', '天台县', '331023', '3');
INSERT INTO `zw_m_administrative_divisions` VALUES ('6cec1b22-26f8-44b9-b115-c0fc0f263e2a', '辽宁省', '营口市', '老边区', '210811', '3');
INSERT INTO `zw_m_administrative_divisions` VALUES ('6cf01fa9-109d-4c1d-a186-276614e62951', '河北省', '邢台市', '临城县', '130522', '3');
INSERT INTO `zw_m_administrative_divisions` VALUES ('6cf38bbc-d980-4d72-9193-95073b2707eb', '甘肃省', '陇南市', '两当县', '621228', '3');
INSERT INTO `zw_m_administrative_divisions` VALUES ('6cf8ff27-db7d-4927-9dc3-5c7237b71e1a', '河北省', '邢台市', '新河县', '130530', '3');
INSERT INTO `zw_m_administrative_divisions` VALUES ('6d100f79-fca7-467c-8c81-27a7e793cd40', '新疆维吾尔自治区', '阿克苏地区', '阿克苏市', '652901', '3');
INSERT INTO `zw_m_administrative_divisions` VALUES ('6d133beb-cd41-4d4f-af00-7c020f9f2bc2', '福建省', '泉州市', '洛江区', '350504', '3');
INSERT INTO `zw_m_administrative_divisions` VALUES ('6d20cdff-6e70-4069-9ba7-ff3b283b55e3', '陕西省', '商洛市', '镇安县', '611025', '3');
INSERT INTO `zw_m_administrative_divisions` VALUES ('6d58b5c6-d472-4e27-b1a8-2e5030f70475', '陕西省', '汉中市', '留坝县', '610729', '3');
INSERT INTO `zw_m_administrative_divisions` VALUES ('6d5d01be-21a4-4f19-b6bd-472677a64087', '云南省', '迪庆藏族自治州', null, '533400', '2');
INSERT INTO `zw_m_administrative_divisions` VALUES ('6d5ea11f-e9a0-4b15-9abb-e9b0d59b7b7f', '新疆维吾尔自治区', '吐鲁番地区', '鄯善县', '652122', '3');
INSERT INTO `zw_m_administrative_divisions` VALUES ('6d75b345-7412-4f51-8fb2-9e350cb6ddc9', '青海省', '玉树藏族自治州', '杂多县', '632722', '3');
INSERT INTO `zw_m_administrative_divisions` VALUES ('6d8096db-0511-4cb4-b3b1-1da108f564b7', '河南省', '安阳市', '殷都区', '410505', '3');
INSERT INTO `zw_m_administrative_divisions` VALUES ('6d83a9ac-3c02-47f8-8cf5-ff6d8db0b923', '陕西省', '安康市', '镇坪县', '610927', '3');
INSERT INTO `zw_m_administrative_divisions` VALUES ('6d9ac608-0ec2-44b0-a677-8bf8487efd02', '河南省', '焦作市', '武陟县', '410823', '3');
INSERT INTO `zw_m_administrative_divisions` VALUES ('6df97a16-ada1-4533-b416-e3f5bec12942', '河南省', '驻马店市', '正阳县', '411724', '3');
INSERT INTO `zw_m_administrative_divisions` VALUES ('6e05115a-2ddb-4140-8e58-af36ae5cf8a6', '甘肃省', '甘南藏族自治州', '玛曲县', '623025', '3');
INSERT INTO `zw_m_administrative_divisions` VALUES ('6e0f8882-aa26-4f7f-ae53-199e98940ce3', '陕西省', '榆林市', '吴堡县', '610829', '3');
INSERT INTO `zw_m_administrative_divisions` VALUES ('6e10367d-d629-4bbf-92c8-837a17c9d24a', '湖南省', '湘潭市', '湘潭县', '430321', '3');
INSERT INTO `zw_m_administrative_divisions` VALUES ('6e175efb-516c-49e9-b5b3-cd8b38ecf811', '湖南省', '长沙市', null, '430100', '2');
INSERT INTO `zw_m_administrative_divisions` VALUES ('6e1e85c3-6df6-45aa-95f5-b8845877ad03', '黑龙江省', '双鸭山市', '岭东区', '230503', '3');
INSERT INTO `zw_m_administrative_divisions` VALUES ('6e20142b-7bac-4c9f-9ee1-f0a667e7520e', '云南省', '西双版纳傣族自治州', null, '532800', '2');
INSERT INTO `zw_m_administrative_divisions` VALUES ('6e3073d1-e860-4d0b-9b23-93a04cac1bd3', '新疆维吾尔自治区', '昌吉回族自治州', '木垒哈萨克自治县', '652328', '3');
INSERT INTO `zw_m_administrative_divisions` VALUES ('6e3c099c-529e-441c-9b10-fd39247ffb7a', '广西壮族自治区', '桂林市', '七星区', '450305', '3');
INSERT INTO `zw_m_administrative_divisions` VALUES ('6e5205d5-da64-468b-915e-762f5f11ee9a', '黑龙江省', '鸡西市', '城子河区', '230306', '3');
INSERT INTO `zw_m_administrative_divisions` VALUES ('6e6fe42b-9717-46e3-bd9a-2ae7fd864bf2', '江西省', '上饶市', '余干县', '361127', '3');
INSERT INTO `zw_m_administrative_divisions` VALUES ('6e792d9b-1713-4f72-86bf-4c9683685cc1', '江西省', '抚州市', '金溪县', '361027', '3');
INSERT INTO `zw_m_administrative_divisions` VALUES ('6e881f5d-3038-4dc7-9f78-5ae0a4a30302', '甘肃省', '兰州市', null, '620100', '2');
INSERT INTO `zw_m_administrative_divisions` VALUES ('6e8e3cd1-4321-402e-8e4f-d39f2b1d8187', '山东省', '东营市', '河口区', '370503', '3');
INSERT INTO `zw_m_administrative_divisions` VALUES ('6e9c4acd-6333-46d8-8c3c-e88d96e39ea2', '安徽省', '蚌埠市', '蚌埠经济开发区', '340340', '3');
INSERT INTO `zw_m_administrative_divisions` VALUES ('6ea04363-f273-4ded-bf04-3f350e0fac20', '甘肃省', '平凉市', '崇信县', '620823', '3');
INSERT INTO `zw_m_administrative_divisions` VALUES ('6eaea9a4-f06d-4469-9d93-732c9c86971f', '新疆维吾尔自治区', '喀什地区', '叶城县', '653126', '3');
INSERT INTO `zw_m_administrative_divisions` VALUES ('6eb536fd-af29-498e-ab18-8cc164c392a0', '河北省', '邯郸市', '邱县', '130430', '3');
INSERT INTO `zw_m_administrative_divisions` VALUES ('6ec4a348-b975-494a-bbdb-01d5aec135ee', '天津市', '天津市市辖区', '北辰区', '120113', '3');
INSERT INTO `zw_m_administrative_divisions` VALUES ('6eebc39d-b31f-421b-8ba8-2652196c3166', '甘肃省', '张掖市', '肃南裕固族自治县', '620721', '3');
INSERT INTO `zw_m_administrative_divisions` VALUES ('6f0284f3-cddc-4749-b259-0b6eaa2b9150', '甘肃省', '定西市', null, '621100', '2');
INSERT INTO `zw_m_administrative_divisions` VALUES ('6f05cf1c-5a11-4630-bdcf-97ae346bc658', '河北省', '张家口市', '怀来县', '130730', '3');
INSERT INTO `zw_m_administrative_divisions` VALUES ('6f1da3b5-88ab-4773-8080-1b566dcf1fa9', '江西省', '九江市', '星子县', '360427', '3');
INSERT INTO `zw_m_administrative_divisions` VALUES ('6f2245f8-7233-4a30-b48a-9c1d6f6f5ff6', '湖北省', '十堰市', '竹溪县', '420324', '3');
INSERT INTO `zw_m_administrative_divisions` VALUES ('6f36f7f9-e43b-4830-8a64-d6d5954f8017', '甘肃省', '酒泉市', null, '620900', '2');
INSERT INTO `zw_m_administrative_divisions` VALUES ('6f3a8ecf-1a35-4ddf-a8e3-b370ef76ca69', '湖北省', '省直辖县级行政单位', null, '429000', '2');
INSERT INTO `zw_m_administrative_divisions` VALUES ('6f410c5e-1da7-4a56-98cc-fd2dfb004db9', '山东省', '威海市', '文登市', '371081', '3');
INSERT INTO `zw_m_administrative_divisions` VALUES ('6f5a0f28-18bf-4c51-970b-5ef801ec41e7', '河南省', '洛阳市', '宜阳县', '410327', '3');
INSERT INTO `zw_m_administrative_divisions` VALUES ('6f67151b-a1d0-40f5-a665-627ea91b6d40', '四川省', '雅安市', '宝兴县', '511827', '3');
INSERT INTO `zw_m_administrative_divisions` VALUES ('6f959be7-06a9-40f7-8e94-76c5164193c8', '新疆维吾尔自治区', '喀什地区', '英吉沙县', '653123', '3');
INSERT INTO `zw_m_administrative_divisions` VALUES ('6fa24a49-34c6-4a11-a94c-046159b60036', '河北省', '邢台市', '南宫市', '130581', '3');
INSERT INTO `zw_m_administrative_divisions` VALUES ('6fa61dc4-d87c-462a-bca8-1c71d2b7782d', '贵州省', '六盘水市', '盘县', '520222', '3');
INSERT INTO `zw_m_administrative_divisions` VALUES ('6fa6e577-d228-46b5-b1ca-d62a723de0f0', '湖北省', '武汉市', '洪山区', '420111', '3');
INSERT INTO `zw_m_administrative_divisions` VALUES ('6fb35418-c194-4d4d-849e-e5eb4bf48da3', '山西省', '太原市', '太原经济技术开发区', '140140', '3');
INSERT INTO `zw_m_administrative_divisions` VALUES ('6fc0d225-9441-4922-8618-0d0eaa20554d', '安徽省', '阜阳市', '临泉县', '341221', '3');
INSERT INTO `zw_m_administrative_divisions` VALUES ('6fd05445-17ed-4058-a73e-51c42303ffb5', '湖南省', '郴州市', '苏仙区', '431003', '3');
INSERT INTO `zw_m_administrative_divisions` VALUES ('6fe77a37-0399-4b85-813f-e23dd1c2e4a1', '四川省', '阿坝藏族羌族自治州', '黑水县', '513228', '3');
INSERT INTO `zw_m_administrative_divisions` VALUES ('70261458-d2d0-43ac-8ba0-a99e80327ba1', '河南省', '洛阳市', '汝阳县', '410326', '3');
INSERT INTO `zw_m_administrative_divisions` VALUES ('70271677-5e4e-447c-8a36-7395a56c988b', '黑龙江省', '绥化市', '明水县', '231225', '3');
INSERT INTO `zw_m_administrative_divisions` VALUES ('70288a22-0b5c-41e5-b0e6-737e341f4545', '新疆维吾尔自治区', '伊犁哈萨克自治州', '霍尔果斯市', '654004', '3');
INSERT INTO `zw_m_administrative_divisions` VALUES ('702cff5f-6959-4805-9bc2-39de399eecc9', '新疆维吾尔自治区', '昌吉回族自治州', '阜康市', '652302', '3');
INSERT INTO `zw_m_administrative_divisions` VALUES ('703764f3-f6c4-46f3-9923-66f0f490d685', '山东省', '菏泽市', '成武县', '371723', '3');
INSERT INTO `zw_m_administrative_divisions` VALUES ('7039b1d4-db3d-44e7-ac6b-2267f758b84b', '贵州省', '遵义市', '红花岗区', '520302', '3');
INSERT INTO `zw_m_administrative_divisions` VALUES ('7044a05d-59ec-4387-899f-7e70b1774634', '广西壮族自治区', '柳州市', '柳州市阳和工业新区', '450241', '3');
INSERT INTO `zw_m_administrative_divisions` VALUES ('705d322d-15a6-41a6-8078-a3f37578df8d', '湖南省', '湘潭市', null, '430300', '2');
INSERT INTO `zw_m_administrative_divisions` VALUES ('70659618-5249-4360-ba75-49360fac4b78', '浙江省', '金华市', '义乌市', '330782', '3');
INSERT INTO `zw_m_administrative_divisions` VALUES ('707da308-a285-4310-9f32-6d2fddde7e45', '云南省', '丽江市', null, '530700', '2');
INSERT INTO `zw_m_administrative_divisions` VALUES ('70a2b39e-ce08-40ad-85a1-725de2293454', '西藏自治区', '昌都地区', '边坝县', '542133', '3');
INSERT INTO `zw_m_administrative_divisions` VALUES ('70a8157c-81fb-432b-bde3-b9d7d58aba64', '广东省', '清远市', '英德市', '441881', '3');
INSERT INTO `zw_m_administrative_divisions` VALUES ('70bb079d-0233-446a-8127-23bcbe0ef0db', '浙江省', '台州市', '椒江区', '331002', '3');
INSERT INTO `zw_m_administrative_divisions` VALUES ('70e0f55c-8a2f-4a8a-ba64-67018a522a5a', '河北省', '邯郸市', '武安市', '130481', '3');
INSERT INTO `zw_m_administrative_divisions` VALUES ('70f4d641-9780-4373-8050-31960ae5839a', '安徽省', '宿州市', '灵璧县', '341323', '3');
INSERT INTO `zw_m_administrative_divisions` VALUES ('7112c47b-7d3c-4a17-9682-142b5127cd37', '云南省', '楚雄彝族自治州', '姚安县', '532325', '3');
INSERT INTO `zw_m_administrative_divisions` VALUES ('71218c73-b73b-4c70-8f7f-6736387da965', '河北省', '石家庄市', '元氏县', '130132', '3');
INSERT INTO `zw_m_administrative_divisions` VALUES ('7132ee51-2fd1-4771-bd9e-72c70530196b', '浙江省', '丽水市', '缙云县', '331122', '3');
INSERT INTO `zw_m_administrative_divisions` VALUES ('7136c26d-f692-4404-80b0-07ac57c1acf0', '新疆维吾尔自治区', '巴音郭楞蒙古自治州', '和硕县', '652828', '3');
INSERT INTO `zw_m_administrative_divisions` VALUES ('71636ec5-efba-4113-9b4f-505134122eac', '黑龙江省', '哈尔滨市', '道里区', '230102', '3');
INSERT INTO `zw_m_administrative_divisions` VALUES ('716a2815-4e5b-4c0e-a582-2d7848f4fb9b', '四川省', '绵阳市', null, '510700', '2');
INSERT INTO `zw_m_administrative_divisions` VALUES ('716dd4d5-8406-443c-8516-deae881c7142', '江苏省', '苏州市', '太仓市', '320585', '3');
INSERT INTO `zw_m_administrative_divisions` VALUES ('7170f8aa-bf3d-4d25-959b-42a7c4b9ea45', '河北省', '承德市', '隆化县', '130825', '3');
INSERT INTO `zw_m_administrative_divisions` VALUES ('7187bf22-f49a-4733-af65-42b068748d48', '河南省', '洛阳市', '伊川县', '410329', '3');
INSERT INTO `zw_m_administrative_divisions` VALUES ('7191bebd-9354-4233-9308-37550381e6a0', '陕西省', '西安市', '高陵县', '610126', '3');
INSERT INTO `zw_m_administrative_divisions` VALUES ('71af4b0b-b3c9-46a2-aa4f-5d8e1ca624c6', '广西壮族自治区', '崇左市', '宁明县', '451422', '3');
INSERT INTO `zw_m_administrative_divisions` VALUES ('71bb17cf-d03c-4611-9280-f85f00426001', '山西省', '长治市', '郊区', '140411', '3');
INSERT INTO `zw_m_administrative_divisions` VALUES ('71c9cd26-2ff3-4731-b13c-b99fd1349df4', '天津市', '天津市市辖区', '科技园区', '120142', '3');
INSERT INTO `zw_m_administrative_divisions` VALUES ('71ddc9c2-8698-4331-8d34-30eff3f57e2d', '河南省', '开封市', '顺河回族区', '410203', '3');
INSERT INTO `zw_m_administrative_divisions` VALUES ('71ec7cd9-cff3-49b7-85b7-696a2894b181', '湖南省', '湘潭市', '韶山市', '430382', '3');
INSERT INTO `zw_m_administrative_divisions` VALUES ('72257182-0a66-4ce5-a4dc-5849791c76e3', '云南省', '保山市', '隆阳区', '530502', '3');
INSERT INTO `zw_m_administrative_divisions` VALUES ('72315e43-b976-4de4-8f05-f3848b58c6f2', '福建省', '漳州市', '漳州招商局经济技术开发区', '350641', '3');
INSERT INTO `zw_m_administrative_divisions` VALUES ('72358f1f-6395-49ab-b42e-c849d05ba553', '新疆维吾尔自治区', '昌吉回族自治州', '玛纳斯县', '652324', '3');
INSERT INTO `zw_m_administrative_divisions` VALUES ('72398e95-718f-4c1c-abbc-b2a2578e70ad', '湖南省', '株洲市', '炎陵县', '430225', '3');
INSERT INTO `zw_m_administrative_divisions` VALUES ('7256c4cf-71ca-4bab-985a-0854c539b555', '海南省', '海口市', null, '460100', '2');
INSERT INTO `zw_m_administrative_divisions` VALUES ('72662e6c-9ecf-42cc-8b85-8e47ce5c881e', '贵州省', '黔东南苗族侗族自治州', '榕江县', '522632', '3');
INSERT INTO `zw_m_administrative_divisions` VALUES ('726fe237-2b64-47eb-b784-41fe7bbd27ba', '陕西省', '榆林市', '米脂县', '610827', '3');
INSERT INTO `zw_m_administrative_divisions` VALUES ('727ac6a9-cb7c-4a1a-bffb-28b48b89b40b', '贵州省', '铜仁市', '思南县', '520624', '3');
INSERT INTO `zw_m_administrative_divisions` VALUES ('727d6bc2-011a-46c3-aee1-ca48e865bd7c', '西藏自治区', '山南地区', '浪卡子县', '542233', '3');
INSERT INTO `zw_m_administrative_divisions` VALUES ('7290baac-4e5b-4a1f-99ef-96234a7ec18f', '安徽省', '蚌埠市', '蚌埠高新技术产业开发区', '340341', '3');
INSERT INTO `zw_m_administrative_divisions` VALUES ('72a46c39-fece-48c9-96a2-285e26e75826', '青海省', '西宁市', '大通回族土族自治县', '630121', '3');
INSERT INTO `zw_m_administrative_divisions` VALUES ('72b91ed2-bbe6-49af-a16b-28d0c4c56912', '河北省', '沧州市', '沧县', '130921', '3');
INSERT INTO `zw_m_administrative_divisions` VALUES ('72ff3dc7-88ca-454b-a184-0925c737ca1b', '江苏省', '无锡市', '北塘区', '320204', '3');
INSERT INTO `zw_m_administrative_divisions` VALUES ('73083bf2-0a5f-4955-9576-5bd41cdb88f6', '湖南省', '常德市', '西湖区', '430741', '3');
INSERT INTO `zw_m_administrative_divisions` VALUES ('73106952-2c43-4666-bfcc-d9efa276ff1f', '新疆维吾尔自治区', '哈密地区', '哈密地区本级', '652299', '3');
INSERT INTO `zw_m_administrative_divisions` VALUES ('733c2bee-e026-4d1e-b4ee-321569886738', '河北省', '邢台市', '广宗县', '130531', '3');
INSERT INTO `zw_m_administrative_divisions` VALUES ('733cc8f0-e953-41a1-afb9-f0f1ec44bf6e', '四川省', '眉山市', '仁寿县', '511421', '3');
INSERT INTO `zw_m_administrative_divisions` VALUES ('73404539-c0a5-44c5-b0e9-52a2200f2d51', '安徽省', '池州市', '青阳县', '341723', '3');
INSERT INTO `zw_m_administrative_divisions` VALUES ('734d7d19-7c0b-4411-9c33-208816571f6f', '云南省', '文山壮族苗族自治州', '广南县', '532627', '3');
INSERT INTO `zw_m_administrative_divisions` VALUES ('7379efbe-d4ac-49a1-a643-9b7c56573571', '安徽省', '马鞍山市', '雨山区', '340504', '3');
INSERT INTO `zw_m_administrative_divisions` VALUES ('737c6d8d-ce0a-41d4-b83e-1ef5c13ed979', '重庆市', '重庆市市辖区', '云阳县', '500235', '3');
INSERT INTO `zw_m_administrative_divisions` VALUES ('73824dcc-afe5-47a4-8fb6-cc80d799d63a', '贵州省', '毕节市', '大方县', '520521', '3');
INSERT INTO `zw_m_administrative_divisions` VALUES ('73ae7054-2da7-47f5-b2d2-473018bb81f3', '江西省', '南昌市', '青云谱区', '360104', '3');
INSERT INTO `zw_m_administrative_divisions` VALUES ('73b61e0e-1bd8-414b-ba27-a26196c5d4e0', '新疆维吾尔自治区', '吐鲁番地区', '吐鲁番市', '652101', '3');
INSERT INTO `zw_m_administrative_divisions` VALUES ('73dcf62a-4a2a-4a9e-97f1-40cfa24722a9', '河北省', '张家口市', '怀安县', '130728', '3');
INSERT INTO `zw_m_administrative_divisions` VALUES ('73eaac05-a48b-400f-bc8f-ff642166f944', '新疆维吾尔自治区', '塔城地区', '乌苏市', '654202', '3');
INSERT INTO `zw_m_administrative_divisions` VALUES ('73fa3a7e-a418-4afe-aeff-c82c26bbabc4', '四川省', '凉山彝族自治州', '木里藏族自治县', '513422', '3');
INSERT INTO `zw_m_administrative_divisions` VALUES ('73fd1c73-2054-4f0f-b580-8abaaebef5eb', '辽宁省', '朝阳市', '喀喇沁左翼蒙古族自治县', '211324', '3');
INSERT INTO `zw_m_administrative_divisions` VALUES ('740ad817-3625-4722-8750-d19eb1ec104a', '河北省', '承德市', '鹰手营子矿区', '130804', '3');
INSERT INTO `zw_m_administrative_divisions` VALUES ('740e4070-7ffd-4ccc-bebd-f6b1dee46242', '黑龙江省', '哈尔滨市', '依兰县', '230123', '3');
INSERT INTO `zw_m_administrative_divisions` VALUES ('74104654-ae93-4251-afc0-d7d8e63661e9', '陕西省', '商洛市', '商南县', '611023', '3');
INSERT INTO `zw_m_administrative_divisions` VALUES ('7420acd3-5da8-4e36-97c4-716702902315', '山西省', '大同市', '阳高县', '140221', '3');
INSERT INTO `zw_m_administrative_divisions` VALUES ('74227cc3-2989-4514-9e8b-294279f1caf7', '黑龙江省', '大兴安岭地区', '呼玛县', '232721', '3');
INSERT INTO `zw_m_administrative_divisions` VALUES ('744181d5-7e23-458e-a135-e0d5256a0d2a', '湖南省', '怀化市', '新晃侗族自治县', '431227', '3');
INSERT INTO `zw_m_administrative_divisions` VALUES ('74740f34-951f-40f9-a744-1e84316a6ccc', '四川省', '绵阳市', '绵阳经济技术开发区', '510742', '3');
INSERT INTO `zw_m_administrative_divisions` VALUES ('7476479a-c09d-46d6-99e8-f3fee908177a', '重庆市', '重庆市市辖区', '永川区', '500118', '3');
INSERT INTO `zw_m_administrative_divisions` VALUES ('7477145e-5ab2-4e93-896c-0098b95d1824', '四川省', '德阳市', '什邡市', '510682', '3');
INSERT INTO `zw_m_administrative_divisions` VALUES ('747893f6-8e86-4bbc-911a-4910d53c0e0f', '云南省', '玉溪市', null, '530400', '2');
INSERT INTO `zw_m_administrative_divisions` VALUES ('74860ab4-1ad9-422b-afa2-da61c188559e', '青海省', '海南藏族自治州', '同德县', '632522', '3');
INSERT INTO `zw_m_administrative_divisions` VALUES ('748e2124-0170-40e6-aaa1-2d7899128379', '山西省', '太原市', null, '140100', '2');
INSERT INTO `zw_m_administrative_divisions` VALUES ('749911cb-85c8-419f-9ddb-c2951dc8d2a1', '江苏省', '苏州市', '虎丘区', '320505', '3');
INSERT INTO `zw_m_administrative_divisions` VALUES ('74ba2fc2-6258-4aa7-bf17-6c5d21128491', '广西壮族自治区', '贺州市', '钟山县', '451122', '3');
INSERT INTO `zw_m_administrative_divisions` VALUES ('74d538af-5d77-47ce-954f-d42e94c8b92a', '云南省', '德宏傣族景颇族自治州', null, '533100', '2');
INSERT INTO `zw_m_administrative_divisions` VALUES ('74d749dd-7579-4444-ab44-896f2ed91c27', '内蒙古自治区', '乌海市', '海南区', '150303', '3');
INSERT INTO `zw_m_administrative_divisions` VALUES ('74e717fd-362e-4a0a-a517-2f857bac5638', '广西壮族自治区', '玉林市', '陆川县', '450922', '3');
INSERT INTO `zw_m_administrative_divisions` VALUES ('74f232a6-204e-429d-847f-538c66afd9fb', '四川省', '广安市', '广安协兴生态文化旅游园区', '511642', '3');
INSERT INTO `zw_m_administrative_divisions` VALUES ('74fae3a7-2ac1-4c61-814c-abd1580aeb0c', '贵州省', '六盘水市', null, '520200', '2');
INSERT INTO `zw_m_administrative_divisions` VALUES ('753b9c4e-f507-4574-955d-29f65f2fd2c4', '山东省', '东营市', '东营区', '370502', '3');
INSERT INTO `zw_m_administrative_divisions` VALUES ('754c29ab-329e-476b-a16d-ff58f35b98e1', '新疆维吾尔自治区', '喀什地区', '麦盖提县', '653127', '3');
INSERT INTO `zw_m_administrative_divisions` VALUES ('75599a0c-ba18-4a40-8235-be2cf26f392d', '云南省', '怒江傈僳族自治州', '泸水县', '533321', '3');
INSERT INTO `zw_m_administrative_divisions` VALUES ('757109bd-40c5-48e1-969d-ef095438e7c7', '山东省', '济南市', '市中区', '370103', '3');
INSERT INTO `zw_m_administrative_divisions` VALUES ('7576e002-edfe-4dc3-a52e-349bf4f45084', '贵州省', '遵义市', '余庆县', '520329', '3');
INSERT INTO `zw_m_administrative_divisions` VALUES ('757a2670-ceef-46ea-b2a3-0ed50b3cc529', '山西省', '晋城市', null, '140500', '2');
INSERT INTO `zw_m_administrative_divisions` VALUES ('75893bb2-e818-45e3-9549-bd4eb9fdcd42', '青海省', '海西蒙古族藏族自治州', '都兰县', '632822', '3');
INSERT INTO `zw_m_administrative_divisions` VALUES ('75d70ab2-17d6-4c5a-8bb2-aec5e8b522ee', '湖南省', '怀化市', '中方县', '431221', '3');
INSERT INTO `zw_m_administrative_divisions` VALUES ('75f3d4bd-5528-438e-9998-ecc61548d73f', '贵州省', '黔南布依族苗族自治州', '都匀市', '522701', '3');
INSERT INTO `zw_m_administrative_divisions` VALUES ('75f3df08-d992-4e86-a7c9-0f1f5723b44d', '辽宁省', '鞍山市', '台安县', '210321', '3');
INSERT INTO `zw_m_administrative_divisions` VALUES ('7604e1e4-7235-47ef-ad5e-6e65d9fcedf1', '重庆市', '重庆市市辖区', '綦江区', '500110', '3');
INSERT INTO `zw_m_administrative_divisions` VALUES ('76110115-0613-4c06-871a-eef49b8c8504', '广西壮族自治区', '防城港市', '上思县', '450621', '3');
INSERT INTO `zw_m_administrative_divisions` VALUES ('762d8c82-47e6-4277-ae30-c67398f249f3', '内蒙古自治区', '鄂尔多斯市', '杭锦旗', '150625', '3');
INSERT INTO `zw_m_administrative_divisions` VALUES ('76555af1-aee0-47db-9bc3-552fb7c6239e', '辽宁省', '铁岭市', '开原市', '211282', '3');
INSERT INTO `zw_m_administrative_divisions` VALUES ('76573ae5-3bec-445a-a49d-45a6a84d5a55', '山西省', '朔州市', '山阴县', '140621', '3');
INSERT INTO `zw_m_administrative_divisions` VALUES ('76695ad4-f608-438d-84a0-505bd5db1b20', '山西省', '运城市', '芮城县', '140830', '3');
INSERT INTO `zw_m_administrative_divisions` VALUES ('7670bd0a-80ff-42b0-9736-37cc9b23dd92', '新疆维吾尔自治区', '塔城地区', '裕民县', '654225', '3');
INSERT INTO `zw_m_administrative_divisions` VALUES ('76a0a938-5b69-4c99-8e12-a10007e3fa90', '云南省', '保山市', '昌宁县', '530524', '3');
INSERT INTO `zw_m_administrative_divisions` VALUES ('76b4de5e-96e5-4658-bdd6-cbc591723a19', '天津市', '天津市市辖区', '汉沽区', '120108', '3');
INSERT INTO `zw_m_administrative_divisions` VALUES ('76b54941-bb63-4028-8a33-12780ed6fbf7', '辽宁省', '大连市', null, '210200', '2');
INSERT INTO `zw_m_administrative_divisions` VALUES ('76c3e8e0-66ea-412b-8395-55b51e63ddd3', '河南省', '焦作市', null, '410800', '2');
INSERT INTO `zw_m_administrative_divisions` VALUES ('76c6d453-c793-46f1-aa94-ebb90faa2af3', '福建省', '三明市', '三元区', '350403', '3');
INSERT INTO `zw_m_administrative_divisions` VALUES ('76e2054d-0c12-44a6-8513-639563ec9811', '浙江省', '杭州市', '临安市', '330185', '3');
INSERT INTO `zw_m_administrative_divisions` VALUES ('76e8e623-bd68-4bec-b894-9c3e1e88bc29', '安徽省', '阜阳市', '界首市', '341282', '3');
INSERT INTO `zw_m_administrative_divisions` VALUES ('76f2df31-3dda-4d67-bd1c-f0f3401b706f', '安徽省', '铜陵市', '狮子山区', '340703', '3');
INSERT INTO `zw_m_administrative_divisions` VALUES ('7702693e-da5d-48d8-8122-8dfee5f5872a', '河北省', '石家庄市', '桥东区', '130103', '3');
INSERT INTO `zw_m_administrative_divisions` VALUES ('770b4959-6be7-40db-ad3d-de75a7805994', '辽宁省', '朝阳市', '朝阳经济技术开发区', '211340', '3');
INSERT INTO `zw_m_administrative_divisions` VALUES ('770f8b4d-6c5f-4842-9289-e1345d9ccfec', '江西省', '鹰潭市', '鹰潭信江新区', '360642', '3');
INSERT INTO `zw_m_administrative_divisions` VALUES ('7714e7e9-6e3c-439a-848a-92e64dd19d77', '湖北省', '宜昌市', '点军区', '420504', '3');
INSERT INTO `zw_m_administrative_divisions` VALUES ('771a0e70-4ff9-4207-b85a-fe709cac8480', '河南省', '南阳市', '社旗县', '411327', '3');
INSERT INTO `zw_m_administrative_divisions` VALUES ('771beee2-caed-410e-b3cd-9bde9135f355', '四川省', '内江市', '隆昌县', '511028', '3');
INSERT INTO `zw_m_administrative_divisions` VALUES ('772438e4-72d0-43d1-90c7-2a59c5469289', '山东省', '临沂市', '兰山区', '371302', '3');
INSERT INTO `zw_m_administrative_divisions` VALUES ('772a7b5a-5a6c-42ef-95f6-03358270bf21', '广西壮族自治区', '桂林市', '秀峰区', '450302', '3');
INSERT INTO `zw_m_administrative_divisions` VALUES ('7737e226-5375-49a3-a0c1-074bc973864d', '广东省', '汕尾市', '华侨管理区', '441542', '3');
INSERT INTO `zw_m_administrative_divisions` VALUES ('773e00da-f27d-4b18-a5a6-1d01e41e8bdc', '河南省', '新乡市', null, '410700', '2');
INSERT INTO `zw_m_administrative_divisions` VALUES ('77478861-e992-4f6c-bf13-3733cd418369', '河南省', '信阳市', '鸡公山管理区', '411541', '3');
INSERT INTO `zw_m_administrative_divisions` VALUES ('7747c500-199e-45d6-9663-d2b003bd6a06', '山东省', '泰安市', '泰山区', '370902', '3');
INSERT INTO `zw_m_administrative_divisions` VALUES ('774a7e6d-6263-464c-8416-44aef9e7e895', '河南省', '郑州市', '巩义市', '410181', '3');
INSERT INTO `zw_m_administrative_divisions` VALUES ('774f449d-b65a-414d-b4eb-fea51946f483', '江苏省', '泰州市', '姜堰市', '321284', '3');
INSERT INTO `zw_m_administrative_divisions` VALUES ('775369f8-fcde-4e15-be4a-ad08aec4e761', '山西省', '运城市', '万荣县', '140822', '3');
INSERT INTO `zw_m_administrative_divisions` VALUES ('77597951-dce4-46f2-ad3a-7b3bfb8d63bd', '黑龙江省', '鹤岗市', '兴山区', '230407', '3');
INSERT INTO `zw_m_administrative_divisions` VALUES ('77675a03-5d3a-494f-982e-fc02f148dc61', '安徽省', '安庆市', '怀宁县', '340822', '3');
INSERT INTO `zw_m_administrative_divisions` VALUES ('777215c8-dada-4d65-aac2-ebac32adc0fa', '浙江省', '丽水市', '青田县', '331121', '3');
INSERT INTO `zw_m_administrative_divisions` VALUES ('7774c863-9d41-4e8e-8761-1c8796343033', '山西省', '忻州市', '定襄县', '140921', '3');
INSERT INTO `zw_m_administrative_divisions` VALUES ('777877bd-8c16-40c3-b272-e5f4a9812bc4', '江苏省', '连云港市', '新浦区', '320705', '3');
INSERT INTO `zw_m_administrative_divisions` VALUES ('777e96b1-3537-4143-82d2-bd18962eab79', '广西壮族自治区', '钦州市', '浦北县', '450722', '3');
INSERT INTO `zw_m_administrative_divisions` VALUES ('779b3b86-35e6-4df9-8835-76e7b5c840c2', '贵州省', '铜仁市', '印江土家族苗族自治县', '520625', '3');
INSERT INTO `zw_m_administrative_divisions` VALUES ('77c1ec3f-4378-4b15-87c9-1d0e2edb2219', '湖北省', '荆门市', '京山县', '420821', '3');
INSERT INTO `zw_m_administrative_divisions` VALUES ('77c56cf4-929f-4e02-af46-0f971b89e590', '西藏自治区', '西藏自治区区本级', null, '549900', '2');
INSERT INTO `zw_m_administrative_divisions` VALUES ('77c8a72b-0f95-48dd-ab8a-1eeeb649265c', '内蒙古自治区', '呼伦贝尔市', '新巴尔虎右旗', '150727', '3');
INSERT INTO `zw_m_administrative_divisions` VALUES ('77d7f55e-b7a3-4731-8632-1d8604c8efae', '山东省', '日照市', '日照经济开发区', '371140', '3');
INSERT INTO `zw_m_administrative_divisions` VALUES ('77ebdc8a-f9e4-482e-a773-93d8eb571c34', '江苏省', '南京市', '栖霞区', '320113', '3');
INSERT INTO `zw_m_administrative_divisions` VALUES ('77eeca2a-a213-4f88-a1ba-01cbc6c124cd', '湖北省', '孝感市', '孝昌县', '420921', '3');
INSERT INTO `zw_m_administrative_divisions` VALUES ('77fec3e5-e96d-4254-bd83-abbc07c23244', '贵州省', '黔东南苗族侗族自治州', '岑巩县', '522626', '3');
INSERT INTO `zw_m_administrative_divisions` VALUES ('780235d4-6baf-4746-bc1e-e2e7f2544265', '湖南省', '永州市', '祁阳县', '431121', '3');
INSERT INTO `zw_m_administrative_divisions` VALUES ('781b434a-1ded-4f2f-8aca-9501b72d097c', '云南省', '文山壮族苗族自治州', '文山市', '532601', '3');
INSERT INTO `zw_m_administrative_divisions` VALUES ('7825f21c-c0ed-48d6-817e-97e45ac985ff', '江苏省', '南通市', '海门市', '320684', '3');
INSERT INTO `zw_m_administrative_divisions` VALUES ('7838e59d-e99e-44ec-a27e-e841d1782929', '新疆维吾尔自治区', '阿克苏地区', '新和县', '652925', '3');
INSERT INTO `zw_m_administrative_divisions` VALUES ('7867c1b6-5e39-46c7-b6cd-1ee7f995eebe', '福建省', '莆田市', '秀屿区', '350305', '3');
INSERT INTO `zw_m_administrative_divisions` VALUES ('788b1404-9149-4d5e-bf23-110c1737433d', '辽宁省', '锦州市', '凌河区', '210703', '3');
INSERT INTO `zw_m_administrative_divisions` VALUES ('7897d91b-475d-4ac8-bd98-2510cce684df', '辽宁省', '锦州市', '义县', '210727', '3');
INSERT INTO `zw_m_administrative_divisions` VALUES ('78de840d-3932-4c97-b398-4cda466bba34', '河南省', '开封市', '龙亭区', '410202', '3');
INSERT INTO `zw_m_administrative_divisions` VALUES ('78e11bdd-b55f-4ac4-965b-db140e627aa4', '河南省', '郑州市', '荥阳市', '410182', '3');
INSERT INTO `zw_m_administrative_divisions` VALUES ('7907f3bc-fa3d-4fce-ad80-49cdabad9a22', '福建省', '漳州市', '华安县', '350629', '3');
INSERT INTO `zw_m_administrative_divisions` VALUES ('793e1c3c-4083-4ef8-925f-311d6e0a8cd4', '湖南省', '益阳市', '资阳区', '430902', '3');
INSERT INTO `zw_m_administrative_divisions` VALUES ('796137a1-27a9-4ac7-9004-5c67f58092de', '黑龙江省', '大庆市', '让胡路区', '230604', '3');
INSERT INTO `zw_m_administrative_divisions` VALUES ('79656fc7-d865-405b-b399-23b87af3d092', '天津市', '天津市市辖区', '红桥区', '120106', '3');
INSERT INTO `zw_m_administrative_divisions` VALUES ('7966cd98-f580-40c4-9a13-7de9ca2f19a5', '江苏省', '扬州市', null, '321000', '2');
INSERT INTO `zw_m_administrative_divisions` VALUES ('799b8f59-da3d-4a3d-9179-a4dc4759f28f', '江苏省', '苏州市', '苏州工业园区', '320540', '3');
INSERT INTO `zw_m_administrative_divisions` VALUES ('79b7a723-8e7d-40a9-a4d2-e177f98229ae', '湖北省', '宜昌市', '秭归县', '420527', '3');
INSERT INTO `zw_m_administrative_divisions` VALUES ('79bfd39a-f306-4f8b-9ed6-6ff76ad23bce', '河北省', '石家庄市', '裕华区', '130108', '3');
INSERT INTO `zw_m_administrative_divisions` VALUES ('79e4a821-5922-4262-bb49-7cf7ed2b0f35', '云南省', '大理白族自治州', '弥渡县', '532925', '3');
INSERT INTO `zw_m_administrative_divisions` VALUES ('7a124b68-b30e-46c9-99e8-4ceb33ec1b88', '山东省', '烟台市', '莱州市', '370683', '3');
INSERT INTO `zw_m_administrative_divisions` VALUES ('7a1bca95-5592-41e5-93e4-2bbfa491a95a', '辽宁省', '辽阳市', '宏伟区', '211004', '3');
INSERT INTO `zw_m_administrative_divisions` VALUES ('7a1c1faa-b055-4940-bf87-3fc6488c4424', '广东省', '汕尾市', '城区', '441502', '3');
INSERT INTO `zw_m_administrative_divisions` VALUES ('7a3450a8-1780-444b-bd64-ef8c04db0acf', '甘肃省', '平凉市', '崆峒区', '620802', '3');
INSERT INTO `zw_m_administrative_divisions` VALUES ('7a3ca21b-ff3f-417d-ab8b-24e782058aca', '甘肃省', '平凉市', '泾川县', '620821', '3');
INSERT INTO `zw_m_administrative_divisions` VALUES ('7a500cde-df4f-46b9-b611-1b09ca62613a', '江西省', '鹰潭市', '龙虎山景区', '360641', '3');
INSERT INTO `zw_m_administrative_divisions` VALUES ('7a50fac3-971b-46f2-a58d-694471c818fb', '贵州省', '遵义市', '务川仡佬族苗族自治县', '520326', '3');
INSERT INTO `zw_m_administrative_divisions` VALUES ('7a6b862e-4753-4c1e-8a24-0987b709b23f', '重庆市', '重庆市市辖区', '垫江县', '500231', '3');
INSERT INTO `zw_m_administrative_divisions` VALUES ('7a731ad8-17d4-4ee0-9f3c-824162221c3c', '重庆市', '重庆市市辖区', '黔江区', '500114', '3');
INSERT INTO `zw_m_administrative_divisions` VALUES ('7a73785d-a80c-48ad-861f-174440364e2f', '山西省', '阳泉市', null, '140300', '2');
INSERT INTO `zw_m_administrative_divisions` VALUES ('7a8cfb4c-c4bf-42b2-b7fa-30ae5a3749c6', '重庆市', '重庆市市辖区', '南岸区', '500108', '3');
INSERT INTO `zw_m_administrative_divisions` VALUES ('7a9904fa-bdcf-493c-a5ad-493b93bc299c', '安徽省', '合肥市', '庐江县', '340124', '3');
INSERT INTO `zw_m_administrative_divisions` VALUES ('7af7f9f6-7cda-46a1-8983-71cdde56e114', '浙江省', '绍兴市', '越城区', '330602', '3');
INSERT INTO `zw_m_administrative_divisions` VALUES ('7b048a85-4a25-4aef-ac98-c7c396c40797', '江西省', '新余市', '孔目江生态经济区', '360542', '3');
INSERT INTO `zw_m_administrative_divisions` VALUES ('7b1788df-6de8-4863-a017-5e7e07fdd9c9', '河北省', '邯郸市', '涉县', '130426', '3');
INSERT INTO `zw_m_administrative_divisions` VALUES ('7b1d5040-cfa5-4abb-9aa7-121f72c27805', '山西省', '临汾市', '乡宁县', '141029', '3');
INSERT INTO `zw_m_administrative_divisions` VALUES ('7b1dbbf9-f782-4a1f-b728-e04ac5f905b4', '广西壮族自治区', '柳州市', '柳城县', '450222', '3');
INSERT INTO `zw_m_administrative_divisions` VALUES ('7b334bcf-bcfb-4038-9292-f511880ef951', '云南省', '怒江傈僳族自治州', '兰坪白族普米族自治县', '533325', '3');
INSERT INTO `zw_m_administrative_divisions` VALUES ('7b45ff72-3685-409f-8429-f22f43ae6f48', '内蒙古自治区', '锡林郭勒盟', '阿巴嘎旗', '152522', '3');
INSERT INTO `zw_m_administrative_divisions` VALUES ('7b583eaf-0693-4827-966a-d933759d284c', '黑龙江省', '哈尔滨市', '道外区', '230104', '3');
INSERT INTO `zw_m_administrative_divisions` VALUES ('7b8f1cb9-8c0d-4e99-97e0-1e1b95fce471', '广东省', '广州市', '黄埔区', '440112', '3');
INSERT INTO `zw_m_administrative_divisions` VALUES ('7b90ea2d-99fe-47b6-ac65-fb52b8b6a564', '吉林省', '长春市', '德惠市', '220183', '3');
INSERT INTO `zw_m_administrative_divisions` VALUES ('7b98eed2-8eee-4f92-92b0-936966cfdf48', '安徽省', '蚌埠市', '蚌山区', '340303', '3');
INSERT INTO `zw_m_administrative_divisions` VALUES ('7b9fb874-9849-4fe5-a470-a875ab49f8e1', '安徽省', '滁州市', null, '341100', '2');
INSERT INTO `zw_m_administrative_divisions` VALUES ('7ba91faf-dca5-4ecf-ac35-f2b8378812c5', '广东省', '清远市', null, '441800', '2');
INSERT INTO `zw_m_administrative_divisions` VALUES ('7bad6f4a-db86-4129-b31c-d0f483d34f72', '陕西省', '汉中市', '略阳县', '610727', '3');
INSERT INTO `zw_m_administrative_divisions` VALUES ('7bb04cc2-4d5e-403e-80ab-b5e2ca046318', '甘肃省', '金昌市', '金川区', '620302', '3');
INSERT INTO `zw_m_administrative_divisions` VALUES ('7bb7cb38-93ea-4405-9299-6fa16cc4554a', '黑龙江省', '齐齐哈尔市', '梅里斯达斡尔族区', '230208', '3');
INSERT INTO `zw_m_administrative_divisions` VALUES ('7bbd57e1-9e61-4fde-b079-2b43bb373de7', '黑龙江省', '大兴安岭地区', '新林区', '232703', '3');
INSERT INTO `zw_m_administrative_divisions` VALUES ('7bc2022c-9acf-4f3a-aa45-489bf09c07d0', '陕西省', '安康市', '宁陕县', '610923', '3');
INSERT INTO `zw_m_administrative_divisions` VALUES ('7be6fd54-c35e-4140-a7a2-64205844c4e7', '山东省', '烟台市', '莱阳市', '370682', '3');
INSERT INTO `zw_m_administrative_divisions` VALUES ('7bf9644d-09c9-440c-8724-f6b9dc1e43d6', '四川省', '宜宾市', '临港开发区', '511540', '3');
INSERT INTO `zw_m_administrative_divisions` VALUES ('7bfc84bf-4e62-40f0-b007-11fc1f4928d4', '西藏自治区', '日喀则地区', '日喀则地区本级', '542399', '3');
INSERT INTO `zw_m_administrative_divisions` VALUES ('7c0903f5-71c2-464f-8db8-cc64ecba4ee3', '四川省', '乐山市', '犍为县', '511123', '3');
INSERT INTO `zw_m_administrative_divisions` VALUES ('7c266eb0-297a-48e9-9d95-1764b29f9b41', '浙江省', '丽水市', '景宁畲族自治县', '331127', '3');
INSERT INTO `zw_m_administrative_divisions` VALUES ('7c299f82-0da3-4841-bef5-6988039d1973', '四川省', '自贡市', '富顺县', '510322', '3');
INSERT INTO `zw_m_administrative_divisions` VALUES ('7c922d41-8ddd-40f8-8918-494e3e1b60de', '江苏省', '盐城市', '阜宁县', '320923', '3');
INSERT INTO `zw_m_administrative_divisions` VALUES ('7c9490a0-9e01-4cfc-876d-d4ba4e0017a5', '河北省', '邯郸市', '马头生态工业城', '130441', '3');
INSERT INTO `zw_m_administrative_divisions` VALUES ('7c99a0d2-6102-4f12-9cbd-8d134416b49c', '广西壮族自治区', '梧州市', '蒙山县', '450423', '3');
INSERT INTO `zw_m_administrative_divisions` VALUES ('7cad4339-6f63-4f82-9548-b13386c48fec', '辽宁省', '抚顺市', '顺城区', '210411', '3');
INSERT INTO `zw_m_administrative_divisions` VALUES ('7cb4c7c9-06ce-4dfb-8ad1-cced82f60391', '内蒙古自治区', '乌兰察布市', '卓资县', '150921', '3');
INSERT INTO `zw_m_administrative_divisions` VALUES ('7cccb3a3-1ba8-462c-b99c-60717cf62474', '新疆维吾尔自治区', '阿勒泰地区', '福海县', '654323', '3');
INSERT INTO `zw_m_administrative_divisions` VALUES ('7d15f417-d8be-45ce-b304-8a8a898bee45', '贵州省', '黔南布依族苗族自治州', '都匀经济开发区', '522740', '3');
INSERT INTO `zw_m_administrative_divisions` VALUES ('7d212009-33be-4685-bbc2-078818ebbce7', '内蒙古自治区', '巴彦淖尔市', null, '150800', '2');
INSERT INTO `zw_m_administrative_divisions` VALUES ('7d31a489-0e5f-4445-9d7c-65258227ee52', '广东省', '湛江市', '徐闻县', '440825', '3');
INSERT INTO `zw_m_administrative_divisions` VALUES ('7d3f7820-a6c9-44b6-a60b-6e226f6b5b4e', '河南省', '濮阳市', '范县', '410926', '3');
INSERT INTO `zw_m_administrative_divisions` VALUES ('7d5838d7-7bfc-4b1f-be4f-23cd8b6b42cf', '山西省', '大同市', '开发区', '140240', '3');
INSERT INTO `zw_m_administrative_divisions` VALUES ('7d5ab360-4a1c-461a-aadf-6c1c2a975382', '山西省', '运城市', '空港经济开发区', '140841', '3');
INSERT INTO `zw_m_administrative_divisions` VALUES ('7d656c87-e9b7-4e63-b7a1-55c2f923f08a', '湖北省', '黄石市', null, '420200', '2');
INSERT INTO `zw_m_administrative_divisions` VALUES ('7d6b038a-538d-4224-88e2-48be92d7e594', '广东省', '茂名市', '化州市', '440982', '3');
INSERT INTO `zw_m_administrative_divisions` VALUES ('7d755b42-5e41-421d-b00d-0cf5704139d5', '西藏自治区', '日喀则地区', '南木林县', '542322', '3');
INSERT INTO `zw_m_administrative_divisions` VALUES ('7d859ac4-261a-434d-bb1d-f9f34a80a508', '山西省', '晋中市', '榆社县', '140721', '3');
INSERT INTO `zw_m_administrative_divisions` VALUES ('7da0a945-1529-4aa6-b5b1-71c9aca6f613', '四川省', '广安市', '广安区', '511602', '3');
INSERT INTO `zw_m_administrative_divisions` VALUES ('7da48cc2-a066-443b-a5ff-34223a6225bc', '山西省', '运城市', '夏县', '140828', '3');
INSERT INTO `zw_m_administrative_divisions` VALUES ('7de52c07-4cc6-4902-bcc1-d738574e581d', '山东省', '临沂市', '河东区', '371312', '3');
INSERT INTO `zw_m_administrative_divisions` VALUES ('7deab9ad-ea07-43e3-9aa8-f017823690ea', '青海省', '海南藏族自治州', '共和县', '632521', '3');
INSERT INTO `zw_m_administrative_divisions` VALUES ('7e074d0a-e23b-44d5-8e64-363e4a089ed1', '黑龙江省', '伊春市', '乌伊岭区', '230714', '3');
INSERT INTO `zw_m_administrative_divisions` VALUES ('7e1c622e-0e34-4c6c-b983-9bab64b63fa6', '甘肃省', '酒泉市', '肃州区', '620902', '3');
INSERT INTO `zw_m_administrative_divisions` VALUES ('7e29043f-0a51-4623-b0e4-edc6e8eca4dc', '安徽省', '淮南市', '田家庵区', '340403', '3');
INSERT INTO `zw_m_administrative_divisions` VALUES ('7e2edce7-aaec-44c1-8497-c77c9f500389', '江西省', '吉安市', '峡江县', '360823', '3');
INSERT INTO `zw_m_administrative_divisions` VALUES ('7e3a8dd5-21c8-418f-acc7-330196781875', '内蒙古自治区', '乌兰察布市', '兴和县', '150924', '3');
INSERT INTO `zw_m_administrative_divisions` VALUES ('7e4bd9fc-1328-4bb6-9e40-10728d7de3a1', '湖北省', '鄂州市', '长港农场', '420741', '3');
INSERT INTO `zw_m_administrative_divisions` VALUES ('7e7c5f0a-09bc-4b64-a739-f40075b39d71', '山西省', null, null, '140000', '1');
INSERT INTO `zw_m_administrative_divisions` VALUES ('7e93791c-f71f-4cc4-a576-96f11560b441', '甘肃省', '定西市', '陇西县', '621122', '3');
INSERT INTO `zw_m_administrative_divisions` VALUES ('7e9709d3-319c-4069-8939-308634a75d0b', '湖南省', '衡阳市', '常宁市', '430482', '3');
INSERT INTO `zw_m_administrative_divisions` VALUES ('7ea42064-fda1-410d-82b7-b906ad2dbb84', '江西省', '吉安市', '吉州区', '360802', '3');
INSERT INTO `zw_m_administrative_divisions` VALUES ('7ec3f39a-7e78-44a4-a480-f44a19d829c2', '湖北省', '宜昌市', '宜都市', '420581', '3');
INSERT INTO `zw_m_administrative_divisions` VALUES ('7ecaabaf-b0f0-4666-88aa-68199bdc66de', '云南省', '保山市', '施甸县', '530521', '3');
INSERT INTO `zw_m_administrative_divisions` VALUES ('7ee6b380-dad6-4825-8381-1dd68604fc78', '黑龙江省', '省森工地区', '松花江森工地区', '232802', '3');
INSERT INTO `zw_m_administrative_divisions` VALUES ('7eecce22-e354-4b36-9c5b-702822583416', '山西省', '忻州市', '原平市', '140981', '3');
INSERT INTO `zw_m_administrative_divisions` VALUES ('7f07e391-cfa2-443e-a6e8-abb3d7441fdd', '广东省', '清远市', '连南瑶族自治县', '441826', '3');
INSERT INTO `zw_m_administrative_divisions` VALUES ('7f2168c2-a8bb-4125-8bea-2800e79381ad', '河南省', '信阳市', '潢川县', '411526', '3');
INSERT INTO `zw_m_administrative_divisions` VALUES ('7f23e858-9877-4dad-b4f0-329018ae059b', '河南省', '平顶山市', '新城区', '410440', '3');
INSERT INTO `zw_m_administrative_divisions` VALUES ('7f377508-f72f-46a3-a7cf-b8a2579f0696', '江西省', '九江市', '武宁县', '360423', '3');
INSERT INTO `zw_m_administrative_divisions` VALUES ('7f4eeef2-9d70-4cb6-9247-83b2598eb49a', '湖北省', '宜昌市', '当阳市', '420582', '3');
INSERT INTO `zw_m_administrative_divisions` VALUES ('7f77134a-8322-4b0b-838c-5528b5aea818', '江苏省', '连云港市', '连云港高新技术产业开发区', '320740', '3');
INSERT INTO `zw_m_administrative_divisions` VALUES ('7f7c9e25-2bc5-42c7-9126-a09cd851643b', '广东省', '深圳市', '大鹏新区', '440343', '3');
INSERT INTO `zw_m_administrative_divisions` VALUES ('7f929097-a23b-4923-92d1-6f6898eac795', '黑龙江省', '大兴安岭地区', '图强林业局', '232742', '3');
INSERT INTO `zw_m_administrative_divisions` VALUES ('7fb3fcbd-eeea-4b03-8654-9d319b69d6c2', '广东省', '河源市', '和平县', '441624', '3');
INSERT INTO `zw_m_administrative_divisions` VALUES ('7fb812ba-77e3-4a87-8e62-fc36674414b9', '内蒙古自治区', '赤峰市', '喀喇沁旗', '150428', '3');
INSERT INTO `zw_m_administrative_divisions` VALUES ('7fc9d44b-3198-4cce-8a85-0112302c1928', '黑龙江省', '伊春市', '西林区', '230705', '3');
INSERT INTO `zw_m_administrative_divisions` VALUES ('7fd6a1de-0a87-4ad0-9144-a79d776cca8b', '山西省', '临汾市', '霍州市', '141082', '3');
INSERT INTO `zw_m_administrative_divisions` VALUES ('800083a6-72df-4e31-a420-d7773ba246f0', '新疆维吾尔自治区', '昌吉回族自治州', '昌吉市', '652301', '3');
INSERT INTO `zw_m_administrative_divisions` VALUES ('80055d19-6c62-4278-91d7-64ba7f5248ef', '浙江省', '温州市', '龙湾区', '330303', '3');
INSERT INTO `zw_m_administrative_divisions` VALUES ('800d3d72-d6bd-470a-b748-f5154a4b930e', '广东省', '清远市', '清城区', '441802', '3');
INSERT INTO `zw_m_administrative_divisions` VALUES ('800ebb44-ed69-42d2-ac46-53f64dacb4d2', '江苏省', '南京市', '建邺区', '320105', '3');
INSERT INTO `zw_m_administrative_divisions` VALUES ('80106960-cddd-4f95-a5a6-400cfbf085c5', '山东省', '济宁市', '泗水县', '370831', '3');
INSERT INTO `zw_m_administrative_divisions` VALUES ('801e5c8e-3e41-4c2c-8780-e5cde50c27b5', '河北省', '沧州市', '沧州渤海新区中捷产业园区', '130941', '3');
INSERT INTO `zw_m_administrative_divisions` VALUES ('804ce8f9-15ad-41a2-91d8-7f6b7cac458d', '云南省', '昭通市', '大关县', '530624', '3');
INSERT INTO `zw_m_administrative_divisions` VALUES ('808d8759-4182-49a0-a793-05037effc84e', '云南省', '德宏傣族景颇族自治州', '陇川县', '533124', '3');
INSERT INTO `zw_m_administrative_divisions` VALUES ('809f61ea-4f80-40d6-a1f9-cbf6fb1a7a1b', '贵州省', '黔东南苗族侗族自治州', '天柱县', '522627', '3');
INSERT INTO `zw_m_administrative_divisions` VALUES ('80c0fcc1-98ab-4fa2-acf0-cc3bd942c1cc', '广东省', '河源市', null, '441600', '2');
INSERT INTO `zw_m_administrative_divisions` VALUES ('80d9350d-0f60-49d2-be20-ac85af42a382', '青海省', '海南藏族自治州', '贵南县', '632525', '3');
INSERT INTO `zw_m_administrative_divisions` VALUES ('80f4e991-bc7e-4f93-86d7-f616cc93979e', '贵州省', '安顺市', '紫云苗族布依族自治县', '520425', '3');
INSERT INTO `zw_m_administrative_divisions` VALUES ('8100c7f4-1d22-42b6-8cec-b72bef1bd431', '江苏省', '南京市', '下关区', '320107', '3');
INSERT INTO `zw_m_administrative_divisions` VALUES ('811d26fe-6846-4a77-aa6d-ab961be23984', '广东省', '汕头市', '龙湖区', '440507', '3');
INSERT INTO `zw_m_administrative_divisions` VALUES ('81245bf4-4b33-49aa-a64c-b0c1354b689e', '内蒙古自治区', '锡林郭勒盟', '锡林浩特市', '152502', '3');
INSERT INTO `zw_m_administrative_divisions` VALUES ('81268778-1e85-40c0-b7dc-decde79273cf', '内蒙古自治区', '鄂尔多斯市', '达拉特旗', '150621', '3');
INSERT INTO `zw_m_administrative_divisions` VALUES ('81465f2d-a177-449a-8d82-a48bb647c5c0', '河北省', '邢台市', '宁晋县', '130528', '3');
INSERT INTO `zw_m_administrative_divisions` VALUES ('81508a0d-b854-4520-ad08-a1b29ae9c66b', '安徽省', '滁州市', '南谯区', '341103', '3');
INSERT INTO `zw_m_administrative_divisions` VALUES ('81520f5a-238f-4c94-9477-3a73ddad81d0', '山西省', '长治市', '武乡县', '140429', '3');
INSERT INTO `zw_m_administrative_divisions` VALUES ('81578ab8-e7dd-4702-9261-2b3c0cb850eb', '辽宁省', '朝阳市', '建平县', '211322', '3');
INSERT INTO `zw_m_administrative_divisions` VALUES ('8162d3c1-733c-4a0f-b3d5-49c809053551', '江西省', '赣州市', '信丰县', '360722', '3');
INSERT INTO `zw_m_administrative_divisions` VALUES ('8180611f-5141-4ded-b739-feb2f5c00e5c', '湖南省', '常德市', '临澧县', '430724', '3');
INSERT INTO `zw_m_administrative_divisions` VALUES ('8186f859-5de7-4521-aa66-21be01727f32', '黑龙江省', '哈尔滨市', '阿城区', '230112', '3');
INSERT INTO `zw_m_administrative_divisions` VALUES ('81996b70-3b6e-4193-a5e6-29c3c726e052', '辽宁省', '阜新市', '清河门区', '210905', '3');
INSERT INTO `zw_m_administrative_divisions` VALUES ('819ba352-e40c-4bb6-8ea2-c88a0e40fd1d', '河北省', '张家口市', '沽源县', '130724', '3');
INSERT INTO `zw_m_administrative_divisions` VALUES ('81c72c3d-ea20-4771-b8b2-00668f807c75', '江苏省', '泰州市', '海陵区', '321202', '3');
INSERT INTO `zw_m_administrative_divisions` VALUES ('81cba6be-2693-42a8-b1c4-a3ab9e172f8a', '新疆维吾尔自治区', '阿勒泰地区', '布尔津县', '654321', '3');
INSERT INTO `zw_m_administrative_divisions` VALUES ('81dba6f9-a68c-4cf0-a26b-8f795fdd0dbd', '河北省', '沧州市', null, '130900', '2');
INSERT INTO `zw_m_administrative_divisions` VALUES ('81df3a3d-3737-4225-8ec2-2141ed5c1ccb', '湖北省', '鄂州市', '华容区', '420703', '3');
INSERT INTO `zw_m_administrative_divisions` VALUES ('81e01766-70a1-4890-bfc2-b8729686dd0e', '浙江省', '嘉兴市', '桐乡市', '330483', '3');
INSERT INTO `zw_m_administrative_divisions` VALUES ('81f837f7-abc1-4975-a27c-57c3cefeb61f', '西藏自治区', '林芝地区', '朗县', '542627', '3');
INSERT INTO `zw_m_administrative_divisions` VALUES ('821e69e6-c338-492c-bd6d-8e70b4023881', '河北省', '秦皇岛市', '海港区', '130302', '3');
INSERT INTO `zw_m_administrative_divisions` VALUES ('82352b96-2a3d-4d8c-af4c-a8939e74e366', '山西省', '忻州市', '五寨县', '140928', '3');
